-- Table structure for table `mdfe`
--

CREATE TABLE `mdfe` (
  `cUF` varchar(2) DEFAULT NULL,
  `tpEmit` varchar(1) DEFAULT NULL,
  `modelo` varchar(2) DEFAULT NULL,
  `serie` varchar(3) DEFAULT NULL,
  `nMDF` int(11) NOT NULL,
  `cMDF` varchar(8) DEFAULT NULL,
  `modal` varchar(1) DEFAULT NULL COMMENT '1 - RodoviÃƒÂ¡rio;\r\n2 - AÃƒÂ©reo; 3 - AquaviÃƒÂ¡rio; 4 - FerroviÃƒÂ¡rio.',
  `dhEmi` varchar(10) DEFAULT NULL,
  `hEmi` varchar(8) DEFAULT NULL,
  `tpEmis` varchar(1) DEFAULT NULL,
  `procEmi` varchar(1) DEFAULT NULL,
  `UFIni` varchar(2) DEFAULT NULL,
  `UFFim` varchar(2) DEFAULT NULL,
  `dhIniViagem` varchar(10) DEFAULT NULL,
  `hIniViagem` varchar(8) DEFAULT NULL,
  `qCTe` varchar(4) DEFAULT '0',
  `qNFe` varchar(4) DEFAULT '0',
  `vCarga` decimal(15,2) DEFAULT 0.00,
  `cUnid` varchar(2) DEFAULT NULL COMMENT '01 ? KG; 02 - TON',
  `infCpl` text DEFAULT NULL,
  `RNTRC` varchar(8) DEFAULT NULL,
  `CIOT` varchar(12) DEFAULT NULL,
  `CNPJForn` varchar(14) DEFAULT NULL,
  `CNPJPg` varchar(14) DEFAULT NULL,
  `nCompra` varchar(20) DEFAULT NULL,
  `codAgPorto` varchar(16) DEFAULT NULL,
  `veiculo` varchar(8) DEFAULT NULL,
  `vValePed` decimal(15,2) DEFAULT 0.00,
  `qCarga` decimal(15,2) DEFAULT 0.00,
  `status` varchar(3) DEFAULT NULL,
  `chavemdfe` varchar(44) DEFAULT NULL,
  `recibo` varchar(20) DEFAULT NULL,
  `nprot` varchar(20) DEFAULT NULL,
  `tpamb` varchar(1) DEFAULT NULL,
  `nprotencerramento` varchar(20) DEFAULT NULL,
  `irin` varchar(10) DEFAULT NULL,
  `tpEmb` varchar(2) DEFAULT NULL,
  `cEmbar` varchar(10) DEFAULT NULL,
  `xEmbar` varchar(60) DEFAULT NULL,
  `nViag` varchar(10) DEFAULT NULL,
  `cPrtEmb` varchar(5) DEFAULT NULL,
  `cPrtDest` varchar(5) DEFAULT NULL,
  `prtTrans` varchar(60) DEFAULT NULL,
  `tpNav` varchar(1) DEFAULT NULL,
  `CnpjContratante` varchar(14) NOT NULL,
  `respSeg` int(1) NOT NULL,
  `CnpjrespSeg` varchar(14) NOT NULL,
  `nApol` varchar(20) NOT NULL,
  `nAver` varchar(40) NOT NULL,
  `xSeg` varchar(30) NOT NULL,
  `CNPJxSeg` varchar(14) NOT NULL,
  PRIMARY KEY (`nMDF`)
) ENGINE=InnoDB DEFAULT CHARSET=latin1;

--
-- Dumping data for table `mdfe`
--


--
-- Table structure for table `motorista`
--

CREATE TABLE `motorista` (
  `motoristaid` int(11) NOT NULL AUTO_INCREMENT,
  `xnome` varchar(60) DEFAULT NULL,
  `cpf` varchar(11) DEFAULT NULL,
  `cte` int(11) DEFAULT NULL,
  PRIMARY KEY (`motoristaid`)
) ENGINE=InnoDB DEFAULT CHARSET=latin1;

--
-- Dumping data for table `motorista`
--


--
-- Table structure for table `motoristamdfe`
--

CREATE TABLE `motoristamdfe` (
  `motoristamdfeid` int(11) NOT NULL AUTO_INCREMENT,
  `motnome` varchar(60) DEFAULT NULL,
  `motcpf` varchar(14) DEFAULT NULL,
  `nMDFE` int(9) NOT NULL,
  PRIMARY KEY (`motoristamdfeid`)
) ENGINE=InnoDB DEFAULT CHARSET=latin1;

--
-- Dumping data for table `motoristamdfe`
--


--
-- Table structure for table `muncarregamdfe`
--

CREATE TABLE `muncarregamdfe` (
  `muncarregamdf` int(11) NOT NULL AUTO_INCREMENT,
  `cMunCarrega` varchar(7) DEFAULT NULL,
  `UFCarrega` varchar(2) DEFAULT NULL,
  `xMunCarrega` varchar(60) DEFAULT NULL,
  `nMDFE` varchar(9) DEFAULT NULL,
  PRIMARY KEY (`muncarregamdf`)
) ENGINE=InnoDB DEFAULT CHARSET=latin1;

--
-- Dumping data for table `muncarregamdfe`
--


--
-- Table structure for table `mundescargamdfe`
--

CREATE TABLE `mundescargamdfe` (
  `mundescargamdfeid` int(11) NOT NULL AUTO_INCREMENT,
  `cMunDescarga` varchar(7) DEFAULT NULL,
  `xMunDescarga` varchar(60) DEFAULT NULL,
  `nMDFE` varchar(9) DEFAULT NULL,
  `UFDescarga` varchar(2) DEFAULT NULL,
  PRIMARY KEY (`mundescargamdfeid`)
) ENGINE=InnoDB DEFAULT CHARSET=latin1;

--
-- Dumping data for table `mundescargamdfe`
--


--
-- Table structure for table `natureza_receita`
--

CREATE TABLE `natureza_receita` (
  `codigo` int(11) NOT NULL AUTO_INCREMENT,
  `natureza_codigo` int(11) NOT NULL DEFAULT 0,
  `descricao` varchar(200) CHARACTER SET utf8mb4 COLLATE utf8mb4_unicode_ci DEFAULT NULL,
  PRIMARY KEY (`codigo`)
) ENGINE=InnoDB AUTO_INCREMENT=27 DEFAULT CHARSET=latin1;

--
-- Dumping data for table `natureza_receita`
--

INSERT INTO `natureza_receita` VALUES (1,101,'Gasolinas, Exceto Gasolina de Aviação'),(2,102,'Óleo Diesel'),(3,103,'Gás Liqüefeito de Petróleo - GLP'),(4,104,'Querosene de Aviação'),(5,105,'Correntes Destinadas à Formulação de Gasolinas'),(6,106,'Correntes Destinadas à Formulação de Óleo Diesel'),(7,107,'Nafta Petroquímica Destinada à Formulação de Gasolina ou de Óleo Diesel'),(8,108,'Nafta Petroquímica Destinada à Formulação Exclusivamente de Óleo Diesel'),(9,109,'Biodiesel'),(10,110,'Nafta Petroquímica Destinada às Centrais Petroquímicas'),(11,111,'Etano, Propano, Butano e Correntes Gasosas de Refinaria - HLR - Hidrocarbonetos Leves de Refino Destinados à Produção de Eteno e Propano'),(12,112,'Álcool, Inclusive para Fins Carburantes - Venda por Produtor ou Importador'),(13,113,'Álcool, Inclusive para Fins Carburantes - Venda por Distribuidor ou Comerciante Não Varejista'),(14,201,'Produtos Farmacêuticos'),(15,202,'Produtos de Perfumaria, de Toucador ou de Higiene Pessoal'),(16,301,'Veículos Automotores e Máquinas Agrícolas Autopropulsadas'),(17,302,'Autopeças - Vendas para Atacadistas, Varejistas e Consumidores'),(18,303,'Autopeças - Vendas para Fabricantes de Veículos e Máquinas e de Autopeças'),(19,304,'Pneumáticos (Pneus Novos e Câmaras-de-Ar)'),(20,401,'Águas Minerais Artificiais e Águas Gaseificadas Artificiais'),(21,402,'Águas Minerais Naturais, Incluídas as Naturalmente Gaseificadas'),(22,403,'Refrigerantes'),(23,404,'Preparações Compostas, não Alcoólicas, para Elaboração de Bebida Refrigerante'),(24,405,'Refrescos, Isotônicos e Energéticos'),(25,406,'Cervejas de Malte e Cervejas Sem Álcool'),(26,407,'Chope e Cervejas de Malte Quando Vendidas a Granel');

--
-- Table structure for table `nfce`
--

CREATE TABLE `nfce` (
  `cUF` varchar(2) DEFAULT '31',
  `cNF` varchar(8) DEFAULT NULL,
  `natOp` varchar(60) DEFAULT NULL,
  `indPag` int(1) DEFAULT NULL,
  `modelo` varchar(2) DEFAULT NULL,
  `serie` varchar(3) DEFAULT NULL,
  `nNF` int(9) NOT NULL,
  `rascunho` varchar(20) DEFAULT 'S',
  `dhEmi` varchar(10) DEFAULT NULL,
  `hEmi` time DEFAULT NULL,
  `dhSaiEnt` varchar(10) DEFAULT NULL,
  `hSaiEnt` time DEFAULT NULL,
  `tpEmis` int(1) DEFAULT NULL,
  `finNFe` int(11) DEFAULT NULL,
  `indPres` int(11) DEFAULT NULL,
  `destCNPJ` varchar(14) DEFAULT NULL,
  `destIE` varchar(14) DEFAULT NULL,
  `destxNome` varchar(60) DEFAULT NULL,
  `destemail` varchar(60) DEFAULT NULL,
  `destCEP` varchar(8) DEFAULT NULL,
  `destxLgr` varchar(60) DEFAULT NULL,
  `destnro` varchar(60) DEFAULT NULL,
  `destxCpl` varchar(60) DEFAULT NULL,
  `destxBairro` varchar(60) DEFAULT NULL,
  `destxMun` varchar(60) DEFAULT NULL,
  `destcMun` varchar(8) DEFAULT NULL,
  `destUF` varchar(2) DEFAULT NULL,
  `destfone` varchar(14) DEFAULT NULL,
  `vBCnf` decimal(15,2) DEFAULT 0.00,
  `vICMSnf` decimal(15,2) DEFAULT 0.00,
  `vBCSTnf` decimal(15,2) DEFAULT 0.00,
  `vSTnf` decimal(15,2) DEFAULT 0.00,
  `vProdnf` decimal(15,2) DEFAULT 0.00,
  `vFretenf` decimal(15,2) DEFAULT 0.00,
  `vTotTribnf` decimal(15,2) DEFAULT 0.00,
  `vOutronf` decimal(15,2) DEFAULT 0.00,
  `vIInf` decimal(15,2) DEFAULT 0.00,
  `vIPInf` decimal(15,2) DEFAULT 0.00,
  `vPISnf` decimal(15,2) DEFAULT 0.00,
  `vCOFINSnf` decimal(15,2) DEFAULT 0.00,
  `vSegnf` decimal(15,2) DEFAULT 0.00,
  `vDescnf` decimal(15,2) DEFAULT 0.00,
  `vICMSdesonnf` decimal(15,2) DEFAULT 0.00,
  `vNF` decimal(15,2) DEFAULT 0.00,
  `modFrete` int(1) DEFAULT NULL,
  `transpCNPJ` varchar(14) DEFAULT NULL,
  `transpIE` varchar(14) DEFAULT NULL,
  `transpxNome` varchar(60) DEFAULT NULL,
  `transpCEP` varchar(60) DEFAULT NULL,
  `transpxLgr` varchar(60) DEFAULT NULL,
  `transpnro` varchar(60) DEFAULT NULL,
  `transpxCpl` varchar(60) DEFAULT NULL,
  `transpxBairro` varchar(60) DEFAULT NULL,
  `transpxMun` varchar(60) DEFAULT NULL,
  `transpcMun` varchar(8) DEFAULT NULL,
  `transpUF` varchar(2) DEFAULT NULL,
  `nFatcob` varchar(60) DEFAULT NULL,
  `vOrigcob` decimal(15,2) DEFAULT 0.00,
  `vDesccob` decimal(15,2) DEFAULT 0.00,
  `vLiqcob` decimal(15,2) DEFAULT 0.00,
  `infCpl` text DEFAULT NULL,
  `destISUF` varchar(14) DEFAULT NULL,
  `status` varchar(3) DEFAULT NULL,
  `chavenfe` varchar(60) DEFAULT NULL,
  `recibo` varchar(20) DEFAULT NULL,
  `nProt` varchar(20) DEFAULT NULL,
  `qVol` varchar(15) DEFAULT NULL,
  `esp` varchar(60) DEFAULT NULL,
  `marca` varchar(60) DEFAULT NULL,
  `nVol` varchar(60) DEFAULT NULL,
  `pesoL` decimal(15,2) DEFAULT 0.00,
  `pesoB` decimal(15,2) DEFAULT 0.00,
  `tPag` varchar(2) DEFAULT NULL,
  `vPag` decimal(15,2) DEFAULT NULL,
  `CNPJcard` varchar(14) DEFAULT NULL,
  `tBand` varchar(2) DEFAULT NULL,
  `cAut` varchar(20) DEFAULT NULL,
  PRIMARY KEY (`nNF`),
  KEY `nNF` (`nNF`),
  KEY `cNF` (`cNF`)
) ENGINE=InnoDB DEFAULT CHARSET=latin1;

--
-- Dumping data for table `nfce`
--

INSERT INTO `nfce` VALUES ('31',NULL,NULL,NULL,NULL,NULL,1,'S',NULL,NULL,NULL,NULL,NULL,NULL,NULL,NULL,NULL,NULL,NULL,NULL,NULL,NULL,NULL,NULL,NULL,NULL,NULL,NULL,0.00,0.00,0.00,0.00,0.00,0.00,0.00,0.00,0.00,0.00,0.00,0.00,0.00,0.00,0.00,0.00,NULL,NULL,NULL,NULL,NULL,NULL,NULL,NULL,NULL,NULL,NULL,NULL,NULL,0.00,0.00,0.00,NULL,NULL,NULL,NULL,NULL,NULL,NULL,NULL,NULL,NULL,0.00,0.00,NULL,NULL,NULL,NULL,NULL),('31',NULL,NULL,NULL,NULL,NULL,2,'S',NULL,NULL,NULL,NULL,NULL,NULL,NULL,NULL,NULL,NULL,NULL,NULL,NULL,NULL,NULL,NULL,NULL,NULL,NULL,NULL,0.00,0.00,0.00,0.00,0.00,0.00,0.00,0.00,0.00,0.00,0.00,0.00,0.00,0.00,0.00,0.00,NULL,NULL,NULL,NULL,NULL,NULL,NULL,NULL,NULL,NULL,NULL,NULL,NULL,0.00,0.00,0.00,NULL,NULL,NULL,NULL,NULL,NULL,NULL,NULL,NULL,NULL,0.00,0.00,NULL,NULL,NULL,NULL,NULL),('31',NULL,NULL,NULL,NULL,NULL,3,'S',NULL,NULL,NULL,NULL,NULL,NULL,NULL,NULL,NULL,NULL,NULL,NULL,NULL,NULL,NULL,NULL,NULL,NULL,NULL,NULL,0.00,0.00,0.00,0.00,0.00,0.00,0.00,0.00,0.00,0.00,0.00,0.00,0.00,0.00,0.00,0.00,NULL,NULL,NULL,NULL,NULL,NULL,NULL,NULL,NULL,NULL,NULL,NULL,NULL,0.00,0.00,0.00,NULL,NULL,NULL,NULL,NULL,NULL,NULL,NULL,NULL,NULL,0.00,0.00,NULL,NULL,NULL,NULL,NULL),('31',NULL,NULL,NULL,NULL,NULL,4,'S',NULL,NULL,NULL,NULL,NULL,NULL,NULL,NULL,NULL,NULL,NULL,NULL,NULL,NULL,NULL,NULL,NULL,NULL,NULL,NULL,0.00,0.00,0.00,0.00,0.00,0.00,0.00,0.00,0.00,0.00,0.00,0.00,0.00,0.00,0.00,0.00,NULL,NULL,NULL,NULL,NULL,NULL,NULL,NULL,NULL,NULL,NULL,NULL,NULL,0.00,0.00,0.00,NULL,NULL,NULL,NULL,NULL,NULL,NULL,NULL,NULL,NULL,0.00,0.00,NULL,NULL,NULL,NULL,NULL),('31',NULL,NULL,NULL,NULL,NULL,5,'S',NULL,NULL,NULL,NULL,NULL,NULL,NULL,NULL,NULL,NULL,NULL,NULL,NULL,NULL,NULL,NULL,NULL,NULL,NULL,NULL,0.00,0.00,0.00,0.00,0.00,0.00,0.00,0.00,0.00,0.00,0.00,0.00,0.00,0.00,0.00,0.00,NULL,NULL,NULL,NULL,NULL,NULL,NULL,NULL,NULL,NULL,NULL,NULL,NULL,0.00,0.00,0.00,NULL,NULL,NULL,NULL,NULL,NULL,NULL,NULL,NULL,NULL,0.00,0.00,NULL,NULL,NULL,NULL,NULL),('31',NULL,NULL,NULL,NULL,NULL,6,'S',NULL,NULL,NULL,NULL,NULL,NULL,NULL,NULL,NULL,NULL,NULL,NULL,NULL,NULL,NULL,NULL,NULL,NULL,NULL,NULL,0.00,0.00,0.00,0.00,0.00,0.00,0.00,0.00,0.00,0.00,0.00,0.00,0.00,0.00,0.00,0.00,NULL,NULL,NULL,NULL,NULL,NULL,NULL,NULL,NULL,NULL,NULL,NULL,NULL,0.00,0.00,0.00,NULL,NULL,NULL,NULL,NULL,NULL,NULL,NULL,NULL,NULL,0.00,0.00,NULL,NULL,NULL,NULL,NULL);

--
-- Table structure for table `nfe`
--

CREATE TABLE `nfe` (
  `codigo` int(11) NOT NULL AUTO_INCREMENT,
  `data_venda` datetime DEFAULT NULL,
  `cUF` varchar(2) DEFAULT NULL,
  `cNF` varchar(8) DEFAULT NULL,
  `natOp` varchar(60) DEFAULT NULL,
  `indPag` int(1) DEFAULT NULL,
  `modelo` varchar(2) DEFAULT NULL,
  `serie` varchar(3) DEFAULT NULL,
  `nNF` int(9) DEFAULT NULL,
  `rascunho` varchar(20) DEFAULT 'S',
  `dhConcluido` datetime DEFAULT NULL,
  `dhEnvio` datetime DEFAULT NULL,
  `tpEmis` int(1) DEFAULT NULL,
  `dhAtualizacao` datetime DEFAULT NULL,
  `finNFe` int(11) DEFAULT NULL,
  `indPres` int(11) DEFAULT NULL,
  `cliente_codigo` int(100) DEFAULT NULL,
  `destCNPJ` varchar(14) DEFAULT NULL,
  `destIE` varchar(14) DEFAULT NULL,
  `destNome` varchar(150) DEFAULT NULL,
  `destxNome` varchar(60) DEFAULT NULL,
  `destemail` varchar(60) DEFAULT NULL,
  `destCEP` varchar(8) DEFAULT NULL,
  `destxLgr` varchar(60) DEFAULT NULL,
  `destnro` varchar(60) DEFAULT NULL,
  `destxCpl` varchar(60) DEFAULT NULL,
  `destxBairro` varchar(60) DEFAULT NULL,
  `destxMun` varchar(60) DEFAULT NULL,
  `destcMun` varchar(8) DEFAULT NULL,
  `destUF` varchar(2) DEFAULT NULL,
  `destfone` varchar(14) DEFAULT NULL,
  `vBCnf` decimal(15,2) DEFAULT 0.00,
  `vICMSnf` decimal(15,2) DEFAULT 0.00,
  `vBCSTnf` decimal(15,2) DEFAULT 0.00,
  `vSTnf` decimal(15,2) DEFAULT 0.00,
  `vProdnf` decimal(15,2) DEFAULT 0.00,
  `vFretenf` decimal(15,2) DEFAULT 0.00,
  `vTotTribnf` decimal(15,2) DEFAULT 0.00,
  `vOutronf` decimal(15,2) DEFAULT 0.00,
  `vIInf` decimal(15,2) DEFAULT 0.00,
  `vIPInf` decimal(15,2) DEFAULT 0.00,
  `vPISnf` decimal(15,2) DEFAULT 0.00,
  `vCOFINSnf` decimal(15,2) DEFAULT 0.00,
  `vSegnf` decimal(15,2) DEFAULT 0.00,
  `vDescnf` decimal(15,2) DEFAULT 0.00,
  `vICMSdesonnf` decimal(15,2) DEFAULT 0.00,
  `vNF` decimal(15,2) DEFAULT 0.00,
  `modFrete` int(1) DEFAULT NULL,
  `transpCNPJ` varchar(14) DEFAULT NULL,
  `transpIE` varchar(14) DEFAULT NULL,
  `transpxNome` varchar(60) DEFAULT NULL,
  `transpCEP` varchar(60) DEFAULT NULL,
  `transpxLgr` varchar(60) DEFAULT NULL,
  `transpnro` varchar(60) DEFAULT NULL,
  `transpxCpl` varchar(60) DEFAULT NULL,
  `transpxBairro` varchar(60) DEFAULT NULL,
  `transpxMun` varchar(60) DEFAULT NULL,
  `transpcMun` varchar(8) DEFAULT NULL,
  `transpUF` varchar(2) DEFAULT NULL,
  `nFatcob` varchar(60) DEFAULT NULL,
  `vOrigcob` decimal(15,2) DEFAULT 0.00,
  `vDesccob` decimal(15,2) DEFAULT 0.00,
  `vLiqcob` decimal(15,2) DEFAULT 0.00,
  `infCpl` text DEFAULT NULL,
  `destISUF` varchar(14) DEFAULT NULL,
  `status` varchar(20) DEFAULT NULL,
  `status_sefaz` varchar(80) DEFAULT NULL,
  `msg_sefaz` varchar(150) DEFAULT NULL,
  `chavenfe` varchar(60) DEFAULT NULL,
  `tPag` varchar(5) DEFAULT NULL,
  `recibo` varchar(20) DEFAULT NULL,
  `nProt` varchar(20) DEFAULT NULL,
  `qVol` varchar(15) DEFAULT NULL,
  `esp` varchar(60) DEFAULT NULL,
  `marca` varchar(60) DEFAULT NULL,
  `nVol` varchar(60) DEFAULT NULL,
  `pesoL` decimal(15,2) DEFAULT 0.00,
  `pesoB` decimal(15,2) DEFAULT 0.00,
  `cce` varchar(1) DEFAULT 'N',
  `datacce` varchar(10) DEFAULT NULL,
  `A3` varchar(1) DEFAULT 'S',
  `placa` varchar(7) DEFAULT NULL,
  `VeicUF` varchar(2) DEFAULT NULL,
  `RNTC` varchar(20) DEFAULT NULL,
  `tpNF` varchar(20) DEFAULT NULL,
  `autXML` varchar(20) DEFAULT NULL,
  `operador_nome` varchar(100) DEFAULT NULL,
  `operador` int(11) DEFAULT NULL,
  `dhEmi` datetime DEFAULT NULL,
  `observacao` varchar(150) DEFAULT NULL,
  `lote` int(11) DEFAULT NULL,
  `vendedor_codigo` int(11) DEFAULT NULL,
  `vendedor_nome` varchar(50) DEFAULT NULL,
  `versao_sys` varchar(50) DEFAULT NULL,
  PRIMARY KEY (`codigo`)
) ENGINE=InnoDB AUTO_INCREMENT=53 DEFAULT CHARSET=latin1;

--
-- Dumping data for table `nfe`
--

INSERT INTO `nfe` VALUES (31,'2022-03-02 14:52:23',NULL,NULL,'Venda de mercadoria adquirida ou recebida de terceiros',NULL,'55',NULL,0,'S',NULL,'2022-04-23 00:00:00',NULL,NULL,NULL,NULL,3,'08335347425',NULL,'SAMUEL ANTONIO DE LIMA','','dsdadsdadsdadsdxczcasa','15651651','sdadsdasds','','dasdadsd','516515615616515161','dsdadsdasd','5486516','PE','(51)65151-5161',0.00,0.00,0.00,0.00,0.00,0.00,0.00,0.00,0.00,0.00,0.00,0.00,0.00,0.00,0.00,0.00,NULL,NULL,NULL,NULL,NULL,NULL,NULL,NULL,NULL,NULL,NULL,NULL,NULL,0.00,0.00,0.00,NULL,NULL,'CANCELADO','CANCELADO','Não enviada para o Sefaz! justificativa: erro nos produto','25220333903812000104550010000000011161052406',NULL,NULL,NULL,NULL,NULL,NULL,NULL,0.00,0.00,'N',NULL,'S',NULL,NULL,NULL,NULL,NULL,'Samuel',3,'2022-03-02 14:52:23','',0,1,'Paulo',NULL),(32,'2022-03-07 10:48:47',NULL,NULL,'Venda de mercadoria adquirida ou recebida de terceiros',NULL,'55',NULL,0,'S',NULL,'2022-04-22 15:24:10',NULL,NULL,NULL,NULL,10,'14272237000136','162255403','G2 SOFT COMERCIO LTDA','G2 SOFT','','58280000','R PRESIDENTE KENNEDY','122','','CENTRO','MAMANGUAPE','2508901','PB','(83)95655-4533',0.00,0.00,0.00,0.00,0.00,0.00,0.00,0.00,0.00,0.00,0.00,0.00,0.00,0.00,0.00,0.00,NULL,NULL,NULL,NULL,NULL,NULL,NULL,NULL,NULL,NULL,NULL,NULL,NULL,0.00,0.00,0.00,NULL,NULL,'CANCELADO','CANCELADO','245 - Rejeicao: CNPJ Emitente nao cadastrado','25220433903812000104550020000000011403496963',NULL,'','',NULL,NULL,NULL,NULL,0.00,0.00,'N',NULL,'S',NULL,NULL,NULL,NULL,NULL,'Samuel',3,'2022-03-07 10:48:47',NULL,NULL,3,'Samuel',NULL),(33,'2022-03-07 11:27:25',NULL,NULL,'Venda de mercadoria adquirida ou recebida de terceiros',NULL,'55',NULL,NULL,'S',NULL,'2022-03-07 11:27:25',NULL,NULL,NULL,NULL,3,'16355833055',NULL,'SAMUEL ANTONIO DE LIMA','','kai.uchira@gmail.com','59182000','RUA TRÊS CORVOS','33','SEM NADA','CENTRO','MONTE ALEGRE','2407807','RN','1635583305',0.00,0.00,0.00,0.00,0.00,0.00,0.00,0.00,0.00,0.00,0.00,0.00,0.00,0.00,0.00,0.00,NULL,NULL,NULL,NULL,NULL,NULL,NULL,NULL,NULL,NULL,NULL,NULL,NULL,0.00,0.00,0.00,NULL,NULL,'CANCELADO','CANCELADO','Não enviada para o Sefaz! justificativa: erro nos produto',NULL,NULL,NULL,NULL,NULL,NULL,NULL,NULL,0.00,0.00,'N',NULL,'S',NULL,NULL,NULL,NULL,NULL,'Samuel',3,'2022-03-07 11:27:25',NULL,NULL,3,'Samuel',NULL),(34,'2022-03-10 11:21:29',NULL,NULL,'Venda de mercadoria adquirida ou recebida de terceiros',NULL,'55',NULL,0,'S',NULL,'2022-04-22 16:33:43',NULL,NULL,NULL,NULL,3,'08335347425',NULL,'SAMUEL ANTONIO DE LIMA','','kai.uchira@gmail.com','59182000','RUA TRÊS CORVOS','33','SEM NADA','CENTRO','MONTE ALEGRE','2407807','RN','1635583305',0.00,0.00,0.00,0.00,0.00,0.00,0.00,0.00,0.00,0.00,0.00,0.00,0.00,0.00,0.00,0.00,NULL,NULL,NULL,NULL,NULL,NULL,NULL,NULL,NULL,NULL,NULL,NULL,NULL,0.00,0.00,0.00,NULL,NULL,'CANCELADO','CANCELADO','245 - Rejeicao: CNPJ Emitente nao cadastrado','25220433903812000104550020000000071888508377',NULL,'','',NULL,NULL,NULL,NULL,0.00,0.00,'N',NULL,'S',NULL,NULL,NULL,NULL,NULL,'Samuel',3,'2022-03-10 11:21:29',NULL,NULL,3,'Samuel',NULL),(35,'2022-03-10 11:22:10',NULL,NULL,'Venda de mercadoria adquirida ou recebida de terceiros',NULL,'55',NULL,NULL,'S',NULL,'2022-03-10 11:22:10',NULL,NULL,NULL,NULL,3,'08335347425',NULL,'SAMUEL ANTONIO DE LIMA','','kai.uchira@gmail.com','59182000','RUA TRÊS CORVOS','33','SEM NADA','CENTRO','MONTE ALEGRE','2407807','RN','1635583305',0.00,0.00,0.00,0.00,0.00,0.00,0.00,0.00,0.00,0.00,0.00,0.00,0.00,0.00,0.00,0.00,NULL,NULL,NULL,NULL,NULL,NULL,NULL,NULL,NULL,NULL,NULL,NULL,NULL,0.00,0.00,0.00,NULL,NULL,'CANCELADO','CANCELADO','Não enviada para o Sefaz! justificativa: erro nos produto',NULL,NULL,NULL,NULL,NULL,NULL,NULL,NULL,0.00,0.00,'N',NULL,'S',NULL,NULL,NULL,NULL,NULL,'Samuel',3,'2022-03-10 11:22:10',NULL,NULL,3,'Samuel',NULL),(36,'2022-03-10 15:34:34',NULL,NULL,'Venda de mercadoria adquirida ou recebida de terceiros',NULL,'55',NULL,NULL,'S',NULL,'2022-03-10 15:34:34',NULL,NULL,NULL,NULL,10,'14272237000136',NULL,'G2 SOFT COMERCIO LTDA','G2 SOFT','','58280000','R PRESIDENTE KENNEDY','122','','CENTRO','MAMANGUAPE','2508901','PB','(83)95655-4533',0.00,0.00,0.00,0.00,0.00,0.00,0.00,0.00,0.00,0.00,0.00,0.00,0.00,0.00,0.00,0.00,NULL,NULL,NULL,NULL,NULL,NULL,NULL,NULL,NULL,NULL,NULL,NULL,NULL,0.00,0.00,0.00,NULL,NULL,'CANCELADO','CANCELADO','Não enviada para o Sefaz! justificativa: erro nos produto',NULL,NULL,NULL,NULL,NULL,NULL,NULL,NULL,0.00,0.00,'N',NULL,'S',NULL,NULL,NULL,NULL,NULL,'Samuel',3,'2022-03-10 15:34:34',NULL,NULL,3,'Samuel',NULL),(37,'2022-04-19 09:34:32',NULL,NULL,'Venda de mercadoria adquirida ou recebida de terceiros',NULL,'55',NULL,0,'S',NULL,'2022-04-22 16:33:14',NULL,NULL,NULL,NULL,10,'14272237000136','162255403','G2 SOFT COMERCIO LTDA','G2 SOFT','','58280000','R PRESIDENTE KENNEDY','122','','CENTRO','MAMANGUAPE','2508901','PB','(83)95655-4533',0.00,0.00,0.00,0.00,0.00,0.00,0.00,0.00,0.00,0.00,0.00,0.00,0.00,0.00,0.00,0.00,NULL,NULL,NULL,NULL,NULL,NULL,NULL,NULL,NULL,NULL,NULL,NULL,NULL,0.00,0.00,0.00,NULL,NULL,'CANCELADO','CANCELADO','Não enviada para o Sefaz! justificativa: erro nos produto','25220433903812000104550020000000061145242553',NULL,'','',NULL,NULL,NULL,NULL,0.00,0.00,'N',NULL,'S',NULL,NULL,NULL,NULL,NULL,'Samuel',3,'2022-04-19 09:34:32',NULL,NULL,3,'Samuel','1'),(38,'2022-04-23 10:52:10',NULL,NULL,'Venda de mercadoria adquirida ou recebida de terceiros',NULL,'55',NULL,1,'S',NULL,'2022-04-25 09:27:00',NULL,NULL,NULL,NULL,3,'08335347425',NULL,'SAMUEL ANTONIO DE LIMA','','kai.uchira@gmail.com','58280000','RUA TRÊS CORVOS','33','SEM NADA','CENTRO','MAMANGUAPE','2508901','PB','1635583305',0.00,0.00,0.00,0.00,0.00,0.00,0.00,0.00,0.00,0.00,0.00,0.00,0.00,0.00,0.00,0.00,NULL,NULL,NULL,NULL,NULL,NULL,NULL,NULL,NULL,NULL,NULL,NULL,NULL,0.00,0.00,0.00,NULL,NULL,'CANCELADO','CANCELADO','101 - Cancelamento de NF-e homologado','25220433903812000104550020000000011214124589',NULL,'','325220011667407',NULL,NULL,NULL,NULL,0.00,0.00,'N',NULL,'S',NULL,NULL,NULL,NULL,NULL,'Samuel',3,'2022-04-23 10:52:10',NULL,NULL,3,'Samuel','1'),(39,'2022-04-25 10:34:58',NULL,NULL,'Venda de mercadoria adquirida ou recebida de terceiros',NULL,'55',NULL,2,'S',NULL,'2022-04-26 10:41:13',NULL,NULL,NULL,NULL,3,'08335347425',NULL,'SAMUEL ANTONIO DE LIMA','','kai.uchira@gmail.com','58280000','RUA TRÊS CORVOS','33','SEM NADA','CENTRO','MAMANGUAPE','2508901','PB','1635583305',0.00,0.00,0.00,0.00,0.00,0.00,0.00,0.00,0.00,0.00,0.00,0.00,0.00,0.00,0.00,0.00,NULL,NULL,NULL,NULL,NULL,NULL,NULL,NULL,NULL,NULL,NULL,NULL,NULL,0.00,0.00,0.00,NULL,NULL,'CANCELADO','INUTILIZADO','563 - Rejeicao: Ja existe pedido de Inutilizacao com a mesma faixa de inutilizacao','25220433903812000104550020000000021755558849',NULL,'','',NULL,NULL,NULL,NULL,0.00,0.00,'N',NULL,'S',NULL,NULL,NULL,NULL,NULL,'Samuel',3,'2022-04-25 10:34:58',NULL,NULL,3,'Samuel','1'),(40,'2022-04-25 15:08:59',NULL,NULL,'Venda de mercadoria adquirida ou recebida de terceiros',NULL,'55',NULL,3,'S',NULL,'2022-04-25 15:52:06',NULL,NULL,NULL,NULL,3,'08335347425','','SAMUEL ANTONIO DE LIMA','','kai.uchira@gmail.com','58280000','RUA TRÊS CORVOS','33','SEM NADA','CENTRO','MAMANGUAPE','2508901','PB','1635583305',0.00,0.00,0.00,0.00,0.00,0.00,0.00,0.00,0.00,0.00,0.00,0.00,0.00,0.00,0.00,0.00,NULL,NULL,NULL,NULL,NULL,NULL,NULL,NULL,NULL,NULL,NULL,NULL,NULL,0.00,0.00,0.00,NULL,NULL,'CANCELADO','CANCELADO','101 - Cancelamento de NF-e homologado','25220433903812000104550020000000031139276911',NULL,'','325220011718444',NULL,NULL,NULL,NULL,0.00,0.00,'N',NULL,'S',NULL,NULL,NULL,NULL,NULL,'Samuel',3,'2022-04-25 15:08:59',NULL,NULL,3,'Samuel','1'),(41,'2022-04-25 16:32:54',NULL,NULL,'Venda de mercadoria adquirida ou recebida de terceiros',NULL,'55',NULL,0,'S',NULL,'2022-04-25 16:33:22',NULL,NULL,NULL,NULL,3,'08335347425',NULL,'SAMUEL ANTONIO DE LIMA','','kai.uchira@gmail.com','58280000','RUA TRÊS CORVOS','33','SEM NADA','CENTRO','MAMANGUAPE','2508901','PB','1635583305',0.00,0.00,0.00,0.00,0.00,0.00,0.00,0.00,0.00,0.00,0.00,0.00,0.00,0.00,0.00,0.00,NULL,NULL,NULL,NULL,NULL,NULL,NULL,NULL,NULL,NULL,NULL,NULL,NULL,0.00,0.00,0.00,NULL,NULL,'CANCELADO','CANCELADO','Não enviada para o Sefaz! justificativa: erro nos produtos','25220433903812000104550020000000041481497150',NULL,'','',NULL,NULL,NULL,NULL,0.00,0.00,'N',NULL,'S',NULL,NULL,NULL,NULL,NULL,'Samuel',3,'2022-04-25 16:32:54',NULL,NULL,3,'Samuel','1'),(42,'2022-05-18 09:39:16',NULL,NULL,'Venda de mercadoria adquirida ou recebida de terceiros',NULL,'55',NULL,0,'S',NULL,'2022-05-20 09:01:06',NULL,NULL,NULL,NULL,10,'14272237000136','162255403','G2 SOFT COMERCIO LTDA','G2 SOFT','','58280000','R PRESIDENTE KENNEDY','122','','CENTRO','MAMANGUAPE','2508901','PB','(83)95655-4533',0.00,0.00,0.00,0.00,0.00,0.00,0.00,0.00,0.00,0.00,0.00,0.00,0.00,0.00,0.00,0.00,NULL,NULL,NULL,NULL,NULL,NULL,NULL,NULL,NULL,NULL,NULL,NULL,NULL,0.00,0.00,0.00,NULL,NULL,'CANCELADO','CANCELADO','Não enviada para o Sefaz! justificativa: error nos produtos','25220533903812000104550020000000041276373855',NULL,'','',NULL,NULL,NULL,NULL,0.00,0.00,'N',NULL,'S',NULL,NULL,NULL,NULL,NULL,'Samuel',3,'2022-05-18 09:39:16',NULL,NULL,3,'Samuel','1'),(43,'2022-05-20 09:19:20',NULL,NULL,'Venda de mercadoria adquirida ou recebida de terceiros',NULL,'55',NULL,4,'S',NULL,'2022-06-08 10:37:16',NULL,NULL,NULL,NULL,3,'08335347425',NULL,'SAMUEL ANTONIO DE LIMA','','kai.uchira@gmail.com','58280000','RUA TRÊS CORVOS','33','SEM NADA','CENTRO','MAMANGUAPE','2508901','PB','1635583305',0.00,0.00,0.00,0.00,0.00,0.00,0.00,0.00,0.00,0.00,0.00,0.00,0.00,0.00,0.00,0.00,NULL,NULL,NULL,NULL,NULL,NULL,NULL,NULL,NULL,NULL,NULL,NULL,NULL,0.00,0.00,0.00,NULL,NULL,'CANCELADO','CANCELADO','101 - Cancelamento de NF-e homologado','25220633903812000104550020000000041430933510',NULL,'','325220016651636',NULL,NULL,NULL,NULL,0.00,0.00,'N',NULL,'S',NULL,NULL,NULL,NULL,NULL,'Samuel',3,'2022-05-20 09:19:20',NULL,NULL,3,'Samuel','1'),(44,'2022-05-20 09:33:42',NULL,NULL,'Venda de mercadoria adquirida ou recebida de terceiros',NULL,'55',NULL,0,'S',NULL,'2022-05-20 09:33:42',NULL,NULL,NULL,NULL,10,'14272237000136',NULL,'G2 SOFT COMERCIO LTDA','G2 SOFT','','58280000','R PRESIDENTE KENNEDY','122','','CENTRO','MAMANGUAPE','2508901','PB','(83)95655-4533',0.00,0.00,0.00,0.00,0.00,0.00,0.00,0.00,0.00,0.00,0.00,0.00,0.00,0.00,0.00,0.00,NULL,NULL,NULL,NULL,NULL,NULL,NULL,NULL,NULL,NULL,NULL,NULL,NULL,0.00,0.00,0.00,NULL,NULL,'CANCELADO','','Não enviada para o Sefaz! justificativa: Venda cancelada antes de enviar.',NULL,NULL,NULL,NULL,NULL,NULL,NULL,NULL,0.00,0.00,'N',NULL,'S',NULL,NULL,NULL,NULL,NULL,'Samuel',3,'2022-05-20 09:33:42',NULL,NULL,3,'Samuel','1'),(45,'2022-05-20 09:37:42',NULL,NULL,'Venda de mercadoria adquirida ou recebida de terceiros',NULL,'55',NULL,0,'S',NULL,'2022-05-20 09:38:11',NULL,NULL,NULL,NULL,3,'08335347425',NULL,'SAMUEL ANTONIO DE LIMA','','kai.uchira@gmail.com','58280000','RUA TRÊS CORVOS','33','SEM NADA','CENTRO','MAMANGUAPE','2508901','PB','1635583305',0.00,0.00,0.00,0.00,0.00,0.00,0.00,0.00,0.00,0.00,0.00,0.00,0.00,0.00,0.00,0.00,NULL,NULL,NULL,NULL,NULL,NULL,NULL,NULL,NULL,NULL,NULL,NULL,NULL,0.00,0.00,0.00,NULL,NULL,'CANCELADO','CANCELADO','Não enviada para o Sefaz! justificativa: error nos produtos','25220533903812000104550020000000051088223512',NULL,'','',NULL,NULL,NULL,NULL,0.00,0.00,'N',NULL,'S',NULL,NULL,NULL,NULL,NULL,'Samuel',3,'2022-05-20 09:37:42',NULL,NULL,3,'Samuel','1'),(46,'2022-05-24 13:49:08',NULL,NULL,'Venda de mercadoria adquirida ou recebida de terceiros',NULL,'55',NULL,5,'S',NULL,'2022-06-08 10:53:36',NULL,NULL,NULL,NULL,3,'08335347425','','SAMUEL ANTONIO DE LIMA','','kai.uchira@gmail.com','58280000','RUA TRÊS CORVOS','33','SEM NADA','CENTRO','MAMANGUAPE','2508901','PB','1635583305',0.00,0.00,0.00,0.00,0.00,0.00,0.00,0.00,0.00,0.00,0.00,0.00,0.00,0.00,0.00,0.00,NULL,NULL,NULL,NULL,NULL,NULL,NULL,NULL,NULL,NULL,NULL,NULL,NULL,0.00,0.00,0.00,NULL,NULL,'CANCELADO','CANCELADO','101 - Cancelamento de NF-e homologado','25220633903812000104550020000000051178361047',NULL,'','325220016655237',NULL,NULL,NULL,NULL,0.00,0.00,'N',NULL,'S',NULL,NULL,NULL,NULL,NULL,'Samuel',3,'2022-05-24 13:49:08',NULL,NULL,3,'Samuel','1'),(47,'2022-05-24 14:56:29',NULL,NULL,'Venda de mercadoria adquirida ou recebida de terceiros',NULL,'55',NULL,0,'S',NULL,'2022-06-08 10:02:51',NULL,NULL,NULL,NULL,10,'14272237000136',NULL,'G2 SOFT COMERCIO LTDA','G2 SOFT','','58280000','R PRESIDENTE KENNEDY','122','','CENTRO','MAMANGUAPE','2508901','PB','(83)95655-4533',0.00,0.00,0.00,0.00,0.00,0.00,0.00,0.00,0.00,0.00,0.00,0.00,0.00,0.00,0.00,0.00,NULL,NULL,NULL,NULL,NULL,NULL,NULL,NULL,NULL,NULL,NULL,NULL,NULL,0.00,0.00,0.00,NULL,NULL,'CANCELADO','CANCELADO','Não enviada para o Sefaz! justificativa: erro nos produtos','25220633903812000104550020000000061346058056',NULL,'','',NULL,NULL,NULL,NULL,0.00,0.00,'N',NULL,'S',NULL,NULL,NULL,NULL,NULL,'Samuel',3,'2022-05-24 14:56:29',NULL,NULL,3,'Samuel','1'),(48,'2022-05-24 15:22:24',NULL,NULL,'Venda de mercadoria adquirida ou recebida de terceiros',NULL,'55',NULL,0,'S',NULL,'2022-05-24 15:22:24',NULL,NULL,NULL,NULL,3,'08335347425',NULL,'SAMUEL ANTONIO DE LIMA','','kai.uchira@gmail.com','58280000','RUA TRÊS CORVOS','33','SEM NADA','CENTRO','MAMANGUAPE','2508901','PB','1635583305',0.00,0.00,0.00,0.00,0.00,0.00,0.00,0.00,0.00,0.00,0.00,0.00,0.00,0.00,0.00,0.00,NULL,NULL,NULL,NULL,NULL,NULL,NULL,NULL,NULL,NULL,NULL,NULL,NULL,0.00,0.00,0.00,NULL,NULL,'CANCELADO','CANCELADO','Não enviada para o Sefaz! justificativa: erros nos produtos',NULL,NULL,NULL,NULL,NULL,NULL,NULL,NULL,0.00,0.00,'N',NULL,'S',NULL,NULL,NULL,NULL,NULL,'Samuel',3,'2022-05-24 15:22:24',NULL,NULL,3,'Samuel','1'),(49,'2022-05-24 17:10:36',NULL,NULL,'Venda de mercadoria adquirida ou recebida de terceiros',NULL,'55',NULL,0,'S',NULL,'2022-06-08 09:50:36',NULL,NULL,NULL,NULL,9,'14023369854',NULL,'JOSE ELETROS E ELETRONICOS','JE ELETRONICOS','fancisco@live.com','59182000','RUA 17 ','s/n','','CENTRO','MONTE ALEGRE','2407807','RN','(51)65151-5161',0.00,0.00,0.00,0.00,0.00,0.00,0.00,0.00,0.00,0.00,0.00,0.00,0.00,0.00,0.00,0.00,NULL,NULL,NULL,NULL,NULL,NULL,NULL,NULL,NULL,NULL,NULL,NULL,NULL,0.00,0.00,0.00,NULL,NULL,'CANCELADO','CANCELADO','Não enviada para o Sefaz! justificativa: erros nos valores do produto','25220633903812000104550020000000071989981679',NULL,'','',NULL,NULL,NULL,NULL,0.00,0.00,'N',NULL,'S',NULL,NULL,NULL,NULL,NULL,'Samuel',3,'2022-05-24 17:10:36',NULL,NULL,3,'Samuel','1'),(50,'2022-06-01 14:05:04',NULL,NULL,'Venda de mercadoria adquirida ou recebida de terceiros',NULL,'55',NULL,NULL,'S',NULL,'2022-06-01 14:05:04',NULL,NULL,NULL,NULL,10,'14272237000136',NULL,'G2 SOFT COMERCIO LTDA','G2 SOFT','','58280000','R PRESIDENTE KENNEDY','122','','CENTRO','MAMANGUAPE','2508901','PB','(83)95655-4533',0.00,0.00,0.00,0.00,0.00,0.00,0.00,0.00,0.00,0.00,0.00,0.00,0.00,0.00,0.00,0.00,NULL,NULL,NULL,NULL,NULL,NULL,NULL,NULL,NULL,NULL,NULL,NULL,NULL,0.00,0.00,0.00,NULL,NULL,'PENDENTE',NULL,NULL,NULL,NULL,NULL,NULL,NULL,NULL,NULL,NULL,0.00,0.00,'N',NULL,'S',NULL,NULL,NULL,NULL,NULL,'Samuel',3,'2022-06-01 14:05:04',NULL,NULL,3,'Samuel','1'),(51,'2022-06-02 15:12:14',NULL,NULL,'Venda de mercadoria',NULL,'55',NULL,0,'S',NULL,'2022-06-02 15:12:14',NULL,NULL,NULL,NULL,3,'08335347425',NULL,'SAMUEL ANTONIO DE LIMA','','kai.uchira@gmail.com','58280000','RUA TRÊS CORVOS','33','SEM NADA','CENTRO','MAMANGUAPE','2508901','PB','1635583305',0.00,0.00,0.00,0.00,0.00,0.00,0.00,0.00,0.00,0.00,0.00,0.00,0.00,0.00,0.00,0.00,NULL,NULL,NULL,NULL,NULL,NULL,NULL,NULL,NULL,NULL,NULL,NULL,NULL,0.00,0.00,0.00,NULL,NULL,'CANCELADO','','Não enviada para o Sefaz! justificativa: Venda cancelada antes de enviar.',NULL,NULL,NULL,NULL,NULL,NULL,NULL,NULL,0.00,0.00,'N',NULL,'S',NULL,NULL,NULL,NULL,NULL,'Samuel',3,'2022-06-02 15:12:14',NULL,NULL,3,'Samuel','1'),(52,'2022-06-06 09:03:23',NULL,NULL,'Venda de mercadoria',NULL,'55',NULL,0,'S',NULL,'2022-06-06 09:03:23',NULL,NULL,NULL,NULL,9,'14023369854',NULL,'JOSE ELETROS E ELETRONICOS','JE ELETRONICOS','fancisco@live.com','59182000','RUA 17 ','s/n','','CENTRO','MONTE ALEGRE','2407807','RN','(51)65151-5161',0.00,0.00,0.00,0.00,0.00,0.00,0.00,0.00,0.00,0.00,0.00,0.00,0.00,0.00,0.00,0.00,NULL,NULL,NULL,NULL,NULL,NULL,NULL,NULL,NULL,NULL,NULL,NULL,NULL,0.00,0.00,0.00,NULL,NULL,'CANCELADO','','Não enviada para o Sefaz! justificativa: Venda cancelada antes de enviar.',NULL,NULL,NULL,NULL,NULL,NULL,NULL,NULL,0.00,0.00,'N',NULL,'S',NULL,NULL,NULL,NULL,NULL,'Samuel',3,'2022-06-06 09:03:23',NULL,NULL,3,'Samuel','1');

--
-- Table structure for table `nfe_pagamento`
--

CREATE TABLE `nfe_pagamento` (
  `codigo` int(11) NOT NULL AUTO_INCREMENT,
  `parcela` int(11) DEFAULT NULL,
  `formapag` varchar(11) DEFAULT NULL,
  `datavencimento` varchar(10) DEFAULT NULL,
  `valor` decimal(15,2) DEFAULT NULL,
  `troco` decimal(15,2) DEFAULT NULL,
  `nfe_codigo` int(11) DEFAULT NULL,
  `codigo_externo` int(11) DEFAULT NULL,
  `status` varchar(50) DEFAULT NULL,
  PRIMARY KEY (`codigo`) USING BTREE
) ENGINE=InnoDB AUTO_INCREMENT=47 DEFAULT CHARSET=latin1;

--
-- Dumping data for table `nfe_pagamento`
--

INSERT INTO `nfe_pagamento` VALUES (16,1,'D','',50.00,0.00,32,0,'CANCELADO'),(17,1,'ACRES',NULL,2.50,0.00,32,0,'CANCELADO'),(18,1,'DESC',NULL,4.80,0.00,32,0,'CANCELADO'),(19,1,'D','',1.20,0.00,37,0,'PAGO'),(20,1,'D','',0.00,0.00,32,0,'CANCELADO'),(21,1,'D','',50.00,0.00,32,0,'PAGO'),(22,1,'D','',1.20,0.00,34,0,'PAGO'),(23,1,'DESC','',0.40,0.00,38,0,'DESC'),(24,1,'D','',0.80,0.00,38,0,'PAGO'),(25,1,'D','',1.20,0.00,39,0,'PAGO'),(26,1,'D','',1.20,0.00,40,0,'PAGO'),(27,1,'D','',9.60,0.00,41,0,'PAGO'),(28,1,'DESC','',0.40,0.00,42,0,'DESC'),(29,1,'ACRES','',0.20,0.00,42,0,'ACRES'),(30,1,'DESC','',0.60,0.00,42,0,'DESC'),(31,1,'D','',0.40,0.00,42,0,'PAGO'),(32,1,'D','',1.20,0.00,43,0,'PAGO'),(33,1,'D','',1.20,0.00,45,0,'PAGO'),(34,1,'D','',1.20,0.00,46,0,'PAGO'),(35,1,'D','',13.20,0.00,47,0,'PAGO'),(36,1,'D','',0.20,0.00,48,0,'PAGO'),(37,1,'ACRES','',19.60,0.00,48,0,'ACRES'),(38,1,'DESC','',5.00,0.00,48,0,'DESC'),(39,1,'D','',11.50,0.00,48,0,'PAGO'),(40,1,'D','',22.70,0.00,48,0,'PAGO'),(41,1,'ACRES','',3.00,0.00,49,0,'ACRES'),(42,1,'DESC','',5.00,0.00,49,0,'DESC'),(43,1,'DESC','',1.50,0.00,49,0,'DESC'),(44,1,'ACRES','',0.50,0.00,49,0,'ACRES'),(45,1,'D','',5.00,0.00,49,0,'PAGO'),(46,1,'D','',5.20,0.00,49,0,'PAGO');

--
-- Table structure for table `nfe_produto`
--

CREATE TABLE `nfe_produto` (
  `codigo` int(11) NOT NULL AUTO_INCREMENT,
  `nfe_codigo` int(11) DEFAULT NULL,
  `NFe` int(11) DEFAULT NULL,
  `produto` int(11) DEFAULT NULL,
  `familia_tributada` varchar(50) DEFAULT NULL,
  `valorproduto` decimal(15,2) DEFAULT NULL,
  `desconto` decimal(15,2) DEFAULT NULL,
  `acrescimo` decimal(15,2) DEFAULT NULL,
  `qtd` int(11) DEFAULT NULL,
  `xProd` varchar(120) DEFAULT NULL,
  `uCom` varchar(10) DEFAULT NULL,
  `orig` int(11) DEFAULT NULL,
  `descricao` varchar(60) DEFAULT NULL,
  `estoque_codigo` int(11) DEFAULT NULL,
  `estoque_nome` varchar(50) DEFAULT NULL,
  `ncm` int(8) DEFAULT NULL,
  `cfop` int(11) DEFAULT NULL,
  `entrada_cfop` int(11) DEFAULT NULL,
  `cfop_fora` int(11) DEFAULT NULL,
  `entrada_cfop_fora` int(11) DEFAULT NULL,
  `cst` int(11) DEFAULT NULL,
  `cest` int(11) DEFAULT NULL,
  `chassi` varchar(17) DEFAULT NULL,
  `cCor` varchar(4) DEFAULT NULL,
  `xCor` varchar(40) DEFAULT NULL,
  `pot` varchar(4) DEFAULT NULL,
  `cilin` varchar(4) DEFAULT NULL,
  `pesoL` decimal(15,2) DEFAULT 0.00,
  `pesoB` decimal(15,2) DEFAULT 0.00,
  `nSerie` varchar(9) DEFAULT NULL,
  `tpComb` varchar(2) DEFAULT NULL,
  `nMotor` varchar(21) DEFAULT NULL,
  `CMT` decimal(15,2) DEFAULT 0.00,
  `dist` varchar(4) DEFAULT NULL,
  `anoMod` varchar(4) DEFAULT NULL,
  `anoFab` varchar(4) DEFAULT NULL,
  `tpPint` varchar(1) DEFAULT NULL,
  `tpVeic` varchar(2) DEFAULT NULL,
  `espVeic` varchar(1) DEFAULT NULL,
  `VIN` varchar(1) DEFAULT NULL,
  `cMod` varchar(6) DEFAULT NULL,
  `cCorDENATRAN` varchar(2) DEFAULT NULL,
  `lota` varchar(3) DEFAULT NULL,
  `tpRest` varchar(1) DEFAULT NULL,
  `prodEspe` varchar(2) DEFAULT NULL,
  `condVeic` varchar(20) DEFAULT NULL,
  `infAdProd` varchar(500) DEFAULT NULL,
  `tpOp` varchar(1) DEFAULT NULL,
  `pIBPT` int(11) DEFAULT NULL,
  `vBCST` decimal(20,6) DEFAULT NULL,
  `vBCSTRet` decimal(20,6) DEFAULT NULL,
  `vICMSSTRet` decimal(20,6) DEFAULT NULL,
  `barra` varchar(50) DEFAULT NULL,
  `codbarras` varchar(120) DEFAULT NULL,
  `vComp` decimal(15,4) DEFAULT NULL,
  `cProdForn` varchar(60) DEFAULT NULL,
  `cEan` varchar(60) DEFAULT NULL,
  `Cod_Lista_Servico` varchar(5) DEFAULT NULL,
  `modBC` int(1) DEFAULT NULL,
  `modBCST` decimal(15,2) DEFAULT NULL,
  `pBCOP` decimal(15,2) DEFAULT NULL,
  `motDesICMS` int(2) DEFAULT NULL,
  `pICMS` decimal(15,2) DEFAULT NULL,
  `pICMSST` decimal(15,2) DEFAULT NULL,
  `vICMS` decimal(15,2) DEFAULT NULL,
  `vICMSST` decimal(15,2) DEFAULT NULL,
  `pCredSN` decimal(15,2) DEFAULT NULL,
  `vCredICMSSN` decimal(15,2) DEFAULT NULL,
  `pMVAST` decimal(15,2) DEFAULT NULL,
  `pRedBC` decimal(15,2) DEFAULT NULL,
  `pRedBCST` decimal(15,2) DEFAULT NULL,
  `CSTIPI` char(2) DEFAULT NULL,
  `CSTIPI_ENTRADA` char(2) DEFAULT NULL,
  `pIPI` decimal(15,2) DEFAULT NULL,
  `pIPI_ENTRADA` decimal(15,2) DEFAULT NULL,
  `qUnidIPI` varchar(4) DEFAULT NULL,
  `vUnidIPI` decimal(15,2) DEFAULT NULL,
  `vIPI` decimal(15,2) DEFAULT NULL,
  `vBCIPI` decimal(15,2) DEFAULT NULL,
  `clEnq` varchar(60) DEFAULT NULL,
  `CNPJProd` varchar(16) DEFAULT NULL,
  `cSelo` varchar(60) DEFAULT NULL,
  `qSelo` int(4) DEFAULT NULL,
  `cEnq` varchar(60) DEFAULT NULL,
  `CSTPIS` varchar(3) DEFAULT NULL,
  `pPIS` decimal(15,2) DEFAULT NULL,
  `pPISST` decimal(15,2) DEFAULT NULL,
  `vBCPIS` decimal(15,2) DEFAULT NULL,
  `vBCPISST` decimal(15,2) DEFAULT NULL,
  `CSTCOFINS` varchar(3) DEFAULT NULL,
  `pCOFINS` decimal(15,2) DEFAULT NULL,
  `pCOFINSST` decimal(15,2) DEFAULT NULL,
  `vBCCOFINS` decimal(15,2) DEFAULT NULL,
  `vBCCOFINSST` decimal(15,2) DEFAULT NULL,
  `vCOFINS` decimal(15,2) DEFAULT NULL,
  `vCOFINSST` decimal(15,2) DEFAULT NULL,
  `qBCProdCOFINS` decimal(15,2) DEFAULT NULL,
  `qBCProdCOFINSST` decimal(15,2) DEFAULT NULL,
  `vAliqProdCOFINS` decimal(15,2) DEFAULT NULL,
  `vAliqProdCOFINSST` decimal(15,2) DEFAULT NULL,
  `vBC` decimal(15,2) DEFAULT NULL,
  `vPIS` decimal(15,2) DEFAULT NULL,
  `qBCProdPIS` decimal(15,2) DEFAULT NULL,
  `qBCProdPISST` decimal(15,2) DEFAULT NULL,
  `vAliqProdPIS` decimal(15,2) DEFAULT NULL,
  `vAliqProdPISST` decimal(15,2) DEFAULT NULL,
  `CSTPIS_ENTRADA` varchar(3) DEFAULT NULL,
  `pPIS_ENTRADA` decimal(15,2) DEFAULT NULL,
  `pPISST_ENTRADA` decimal(15,2) DEFAULT NULL,
  `vBCPIS_ENTRADA` decimal(15,2) DEFAULT NULL,
  `vBCPISST_ENTRADA` decimal(15,2) DEFAULT NULL,
  `CSTCOFINS_ENTRADA` varchar(3) DEFAULT NULL,
  `pCOFINS_ENTRADA` decimal(15,2) DEFAULT NULL,
  `pCOFINSST_ENTRADA` decimal(15,2) DEFAULT NULL,
  `vBCCOFINS_ENTRADA` decimal(15,2) DEFAULT NULL,
  `vBCCOFINSST_ENTRADA` decimal(15,2) DEFAULT NULL,
  `Natureza_receita` varchar(110) DEFAULT NULL,
  `prod_monofasico` tinyint(1) DEFAULT NULL,
  `Combustivel_Cod_ANP` varchar(255) DEFAULT NULL,
  `Combustivel_Prod_LMC` varchar(255) DEFAULT NULL,
  PRIMARY KEY (`codigo`)
) ENGINE=InnoDB AUTO_INCREMENT=83 DEFAULT CHARSET=latin1;

--
-- Dumping data for table `nfe_produto`
--

INSERT INTO `nfe_produto` VALUES (17,32,NULL,5,'5',25.00,0.00,0.00,1,'TECLADO MULTIMIDIA VALIANTY','KG',0,'',16,'USB KB628',84716052,5102,0,6102,0,102,2103100,'','','','','',NULL,NULL,'','','',0.00,'','','','','','','','','','','','','','','',0,0.000000,0.000000,0.000000,NULL,NULL,NULL,NULL,NULL,'',NULL,NULL,NULL,NULL,0.00,NULL,0.00,NULL,NULL,NULL,0.00,0.00,0.00,'','',0.00,0.00,NULL,NULL,NULL,NULL,'','','',0,'','01',0.00,0.00,1.50,1.50,'01',0.00,0.00,1.50,1.50,NULL,NULL,NULL,NULL,NULL,NULL,NULL,NULL,NULL,NULL,NULL,NULL,'',0.00,0.00,0.00,0.00,'',0.00,0.00,0.00,0.00,'',0,'',''),(18,32,NULL,5,'5',25.00,0.00,0.00,1,'TECLADO MULTIMIDIA VALIANTY','KG',0,'',16,'USB KB628',84716052,5102,0,6102,0,102,2103100,'','','','','',NULL,NULL,'','','',0.00,'','','','','','','','','','','','','','','',0,0.000000,0.000000,0.000000,NULL,NULL,NULL,NULL,NULL,'',NULL,NULL,NULL,NULL,0.00,NULL,0.00,NULL,NULL,NULL,0.00,0.00,0.00,'','',0.00,0.00,NULL,NULL,NULL,NULL,'','','',0,'','01',0.00,0.00,1.50,1.50,'01',0.00,0.00,1.50,1.50,NULL,NULL,NULL,NULL,NULL,NULL,NULL,NULL,NULL,NULL,NULL,NULL,'',0.00,0.00,0.00,0.00,'',0.00,0.00,0.00,0.00,'',0,'',''),(20,41,NULL,6,'5',1.20,0.00,0.00,1,'AGUA MINERAL','LT',0,'',17,'COPO 200ml',22011000,5102,0,6102,0,102,300100,'','','','','',NULL,NULL,'','','',0.00,'','','','','','','','','','','','','','','',0,0.000000,0.000000,0.000000,NULL,NULL,NULL,NULL,NULL,'',NULL,NULL,NULL,NULL,0.00,NULL,0.00,NULL,NULL,NULL,0.00,0.00,0.00,'','',0.00,0.00,NULL,NULL,NULL,NULL,'','','',0,'','01',0.00,0.00,1.50,1.50,'01',0.00,0.00,1.50,1.50,NULL,NULL,NULL,NULL,NULL,NULL,NULL,NULL,NULL,NULL,NULL,NULL,'',0.00,0.00,0.00,0.00,'',0.00,0.00,0.00,0.00,'',0,'',''),(21,41,NULL,6,'5',1.20,0.00,0.00,1,'AGUA MINERAL','LT',0,'',17,'COPO 200ml',22011000,5102,0,6102,0,102,300100,'','','','','',NULL,NULL,'','','',0.00,'','','','','','','','','','','','','','','',0,0.000000,0.000000,0.000000,NULL,NULL,NULL,NULL,NULL,'',NULL,NULL,NULL,NULL,0.00,NULL,0.00,NULL,NULL,NULL,0.00,0.00,0.00,'','',0.00,0.00,NULL,NULL,NULL,NULL,'','','',0,'','01',0.00,0.00,1.50,1.50,'01',0.00,0.00,1.50,1.50,NULL,NULL,NULL,NULL,NULL,NULL,NULL,NULL,NULL,NULL,NULL,NULL,'',0.00,0.00,0.00,0.00,'',0.00,0.00,0.00,0.00,'',0,'',''),(23,41,NULL,6,'5',1.20,0.00,0.00,1,'AGUA MINERAL','LT',0,'',17,'COPO 200ml',22011000,5102,0,6102,0,102,300100,'','','','','',NULL,NULL,'','','',0.00,'','','','','','','','','','','','','','','',0,0.000000,0.000000,0.000000,NULL,NULL,NULL,NULL,NULL,'',NULL,NULL,NULL,NULL,0.00,NULL,0.00,NULL,NULL,NULL,0.00,0.00,0.00,'','',0.00,0.00,NULL,NULL,NULL,NULL,'','','',0,'','01',0.00,0.00,1.50,1.50,'01',0.00,0.00,1.50,1.50,NULL,NULL,NULL,NULL,NULL,NULL,NULL,NULL,NULL,NULL,NULL,NULL,'',0.00,0.00,0.00,0.00,'',0.00,0.00,0.00,0.00,'',0,'',''),(24,41,NULL,6,'5',1.20,0.00,0.00,1,'AGUA MINERAL','LT',0,'',17,'COPO 200ml',22011000,5102,0,6102,0,102,300100,'','','','','',NULL,NULL,'','','',0.00,'','','','','','','','','','','','','','','',0,0.000000,0.000000,0.000000,NULL,NULL,NULL,NULL,NULL,'',NULL,NULL,NULL,NULL,0.00,NULL,0.00,NULL,NULL,NULL,0.00,0.00,0.00,'','',0.00,0.00,NULL,NULL,NULL,NULL,'','','',0,'','01',0.00,0.00,1.50,1.50,'01',0.00,0.00,1.50,1.50,NULL,NULL,NULL,NULL,NULL,NULL,NULL,NULL,NULL,NULL,NULL,NULL,'',0.00,0.00,0.00,0.00,'',0.00,0.00,0.00,0.00,'',0,'',''),(25,41,NULL,6,'5',1.20,0.00,0.00,1,'AGUA MINERAL','LT',0,'',17,'COPO 200ml',22011000,5102,0,6102,0,102,300100,'','','','','',NULL,NULL,'','','',0.00,'','','','','','','','','','','','','','','',0,0.000000,0.000000,0.000000,NULL,NULL,NULL,NULL,NULL,'',NULL,NULL,NULL,NULL,0.00,NULL,0.00,NULL,NULL,NULL,0.00,0.00,0.00,'','',0.00,0.00,NULL,NULL,NULL,NULL,'','','',0,'','01',0.00,0.00,1.50,1.50,'01',0.00,0.00,1.50,1.50,NULL,NULL,NULL,NULL,NULL,NULL,NULL,NULL,NULL,NULL,NULL,NULL,'',0.00,0.00,0.00,0.00,'',0.00,0.00,0.00,0.00,'',0,'',''),(26,41,NULL,6,'5',1.20,0.00,0.00,1,'AGUA MINERAL','LT',0,'',17,'COPO 200ml',22011000,5102,0,6102,0,102,300100,'','','','','',NULL,NULL,'','','',0.00,'','','','','','','','','','','','','','','',0,0.000000,0.000000,0.000000,NULL,NULL,NULL,NULL,NULL,'',NULL,NULL,NULL,NULL,0.00,NULL,0.00,NULL,NULL,NULL,0.00,0.00,0.00,'','',0.00,0.00,NULL,NULL,NULL,NULL,'','','',0,'','01',0.00,0.00,1.50,1.50,'01',0.00,0.00,1.50,1.50,NULL,NULL,NULL,NULL,NULL,NULL,NULL,NULL,NULL,NULL,NULL,NULL,'',0.00,0.00,0.00,0.00,'',0.00,0.00,0.00,0.00,'',0,'',''),(27,41,NULL,6,'5',1.20,0.00,0.00,1,'AGUA MINERAL','LT',0,'',17,'COPO 200ml',22011000,5102,0,6102,0,102,300100,'','','','','',NULL,NULL,'','','',0.00,'','','','','','','','','','','','','','','',0,0.000000,0.000000,0.000000,NULL,NULL,NULL,NULL,NULL,'',NULL,NULL,NULL,NULL,0.00,NULL,0.00,NULL,NULL,NULL,0.00,0.00,0.00,'','',0.00,0.00,NULL,NULL,NULL,NULL,'','','',0,'','01',0.00,0.00,1.50,1.50,'01',0.00,0.00,1.50,1.50,NULL,NULL,NULL,NULL,NULL,NULL,NULL,NULL,NULL,NULL,NULL,NULL,'',0.00,0.00,0.00,0.00,'',0.00,0.00,0.00,0.00,'',0,'',''),(45,41,NULL,6,'5',1.20,0.00,0.00,1,'AGUA MINERAL','LT',0,'',17,'COPO 200ml',22011000,5102,0,6102,0,102,300100,'','','','','',NULL,NULL,'','','',0.00,'','','','','','','','','','','','','','','',0,0.000000,0.000000,0.000000,NULL,NULL,NULL,NULL,NULL,'',NULL,NULL,NULL,NULL,0.00,NULL,0.00,NULL,NULL,NULL,0.00,0.00,0.00,'','',0.00,0.00,NULL,NULL,NULL,NULL,'','','',0,'','01',0.00,0.00,1.50,1.50,'01',0.00,0.00,1.50,1.50,NULL,NULL,NULL,NULL,NULL,NULL,NULL,NULL,NULL,NULL,NULL,NULL,'',0.00,0.00,0.00,0.00,'',0.00,0.00,0.00,0.00,'',0,'',''),(46,37,NULL,6,'5',1.20,0.00,0.00,1,'AGUA MINERAL','LT',0,'',17,'COPO 200ml',22011000,5102,0,6102,0,102,300100,'','','','','',NULL,NULL,'','','',0.00,'','','','','','','','','','','','','','','',0,0.000000,0.000000,0.000000,NULL,NULL,NULL,NULL,NULL,'',NULL,NULL,NULL,NULL,0.00,NULL,0.00,NULL,NULL,NULL,0.00,0.00,0.00,'','',0.00,0.00,NULL,NULL,NULL,NULL,'','','',0,'','01',0.00,0.00,1.50,1.50,'01',0.00,0.00,1.50,1.50,NULL,NULL,NULL,NULL,NULL,NULL,NULL,NULL,NULL,NULL,NULL,NULL,'',0.00,0.00,0.00,0.00,'',0.00,0.00,0.00,0.00,'',0,'',''),(47,34,NULL,6,'5',1.20,0.00,0.00,1,'AGUA MINERAL','LT',0,'',17,'COPO 200ml',22011000,5102,0,6102,0,102,300100,'','','','','',NULL,NULL,'','','',0.00,'','','','','','','','','','','','','','','',0,0.000000,0.000000,0.000000,NULL,NULL,NULL,NULL,NULL,'',NULL,NULL,NULL,NULL,0.00,NULL,0.00,NULL,NULL,NULL,0.00,0.00,0.00,'','',0.00,0.00,NULL,NULL,NULL,NULL,'','','',0,'','01',0.00,0.00,1.50,1.50,'01',0.00,0.00,1.50,1.50,NULL,NULL,NULL,NULL,NULL,NULL,NULL,NULL,NULL,NULL,NULL,NULL,'',0.00,0.00,0.00,0.00,'',0.00,0.00,0.00,0.00,'',0,'',''),(48,38,NULL,6,'5',1.20,0.00,0.00,1,'AGUA MINERAL','LT',0,'',17,'COPO 200ml',22011000,5102,0,6102,0,102,300100,'','','','','',NULL,NULL,'','','',0.00,'','','','','','','','','','','','','','','',0,0.000000,0.000000,0.000000,NULL,NULL,NULL,NULL,NULL,'',NULL,NULL,NULL,NULL,0.00,NULL,0.00,NULL,NULL,NULL,0.00,0.00,0.00,'','',0.00,0.00,NULL,NULL,NULL,NULL,'','','',0,'','01',0.00,0.00,1.50,1.50,'01',0.00,0.00,1.50,1.50,NULL,NULL,NULL,NULL,NULL,NULL,NULL,NULL,NULL,NULL,NULL,NULL,'',0.00,0.00,0.00,0.00,'',0.00,0.00,0.00,0.00,'',0,'',''),(49,39,NULL,6,'5',1.20,0.00,0.00,1,'AGUA MINERAL','LT',0,'',17,'COPO 200ml',22011000,5102,0,6102,0,102,300100,'','','','','',NULL,NULL,'','','',0.00,'','','','','','','','','','','','','','','',0,0.000000,0.000000,0.000000,NULL,NULL,NULL,NULL,NULL,'',NULL,NULL,NULL,NULL,0.00,NULL,0.00,NULL,NULL,NULL,0.00,0.00,0.00,'','',0.00,0.00,NULL,NULL,NULL,NULL,'','','',0,'','01',0.00,0.00,1.50,1.50,'01',0.00,0.00,1.50,1.50,NULL,NULL,NULL,NULL,NULL,NULL,NULL,NULL,NULL,NULL,NULL,NULL,'',0.00,0.00,0.00,0.00,'',0.00,0.00,0.00,0.00,'',0,'',''),(50,40,NULL,6,'5',1.20,0.00,0.00,1,'AGUA MINERAL','LT',0,'',17,'COPO 200ml',22011000,0,0,0,0,102,300100,'','','','','',NULL,NULL,'','','',0.00,'','','','','','','','','','','','','','','',0,0.000000,0.000000,0.000000,NULL,NULL,NULL,NULL,NULL,'',NULL,NULL,NULL,NULL,0.00,0.00,0.00,NULL,NULL,NULL,0.00,0.00,0.00,'','',0.00,0.00,NULL,NULL,NULL,NULL,'','','',0,'','01',0.00,0.00,1.50,1.50,'01',0.00,0.00,1.50,1.50,NULL,NULL,NULL,NULL,NULL,NULL,NULL,NULL,NULL,NULL,NULL,NULL,'',0.00,0.00,0.00,0.00,'',0.00,0.00,0.00,0.00,'',0,'',''),(51,42,NULL,6,'5',1.20,0.00,0.00,1,'AGUA MINERAL','LT',0,'',17,'COPO 200ml',22011000,5102,0,6102,0,102,300100,'','','','','',NULL,NULL,'','','',0.00,'','','','','','','','','','','','','','','',0,0.000000,0.000000,0.000000,NULL,NULL,NULL,NULL,NULL,'',NULL,NULL,NULL,NULL,0.00,NULL,0.00,NULL,NULL,NULL,0.00,0.00,0.00,'','',0.00,0.00,NULL,NULL,NULL,NULL,'','','',0,'','01',0.00,0.00,1.50,1.50,'01',0.00,0.00,1.50,1.50,NULL,NULL,NULL,NULL,NULL,NULL,NULL,NULL,NULL,NULL,NULL,NULL,'',0.00,0.00,0.00,0.00,'',0.00,0.00,0.00,0.00,'',0,'',''),(52,43,NULL,6,'5',1.20,0.00,0.00,1,'AGUA MINERAL','LT',0,'',17,'COPO 200ml',22011000,5102,0,6102,0,102,300100,'','','','','',NULL,NULL,'','','',0.00,'','','','','','','','','','','','','','','',0,0.000000,0.000000,0.000000,NULL,NULL,NULL,NULL,NULL,'',NULL,NULL,NULL,NULL,0.00,NULL,0.00,NULL,NULL,NULL,0.00,0.00,0.00,'','',0.00,0.00,NULL,NULL,NULL,NULL,'','','',0,'','01',0.00,0.00,1.50,1.50,'01',0.00,0.00,1.50,1.50,NULL,NULL,NULL,NULL,NULL,NULL,NULL,NULL,NULL,NULL,NULL,NULL,'',0.00,0.00,0.00,0.00,'',0.00,0.00,0.00,0.00,'',0,'',''),(53,45,NULL,6,'5',1.20,0.00,0.00,1,'AGUA MINERAL','LT',0,'',17,'COPO 200ml',22011000,5102,0,6102,0,102,300100,'','','','','',NULL,NULL,'','','',0.00,'','','','','','','','','','','','','','','',0,0.000000,0.000000,0.000000,NULL,NULL,NULL,NULL,NULL,'',NULL,NULL,NULL,NULL,0.00,NULL,0.00,NULL,NULL,NULL,0.00,0.00,0.00,'','',0.00,0.00,NULL,NULL,NULL,NULL,'','','',0,'','01',0.00,0.00,1.50,1.50,'01',0.00,0.00,1.50,1.50,NULL,NULL,NULL,NULL,NULL,NULL,NULL,NULL,NULL,NULL,NULL,NULL,'',0.00,0.00,0.00,0.00,'',0.00,0.00,0.00,0.00,'',0,'',''),(54,46,NULL,6,'5',1.20,0.00,0.00,1,'AGUA MINERAL','LT',0,'',17,'COPO 200ml',22011000,5102,0,6102,0,102,300100,'','','','','',NULL,NULL,'','','',0.00,'','','','','','','','','','','','','','','',0,0.000000,0.000000,0.000000,NULL,NULL,NULL,NULL,NULL,'',NULL,NULL,NULL,NULL,0.00,NULL,0.00,NULL,NULL,NULL,0.00,0.00,0.00,'','',0.00,0.00,NULL,NULL,NULL,NULL,'','','',0,'','01',0.00,0.00,1.50,1.50,'01',0.00,0.00,1.50,1.50,NULL,NULL,NULL,NULL,NULL,NULL,NULL,NULL,NULL,NULL,NULL,NULL,'',0.00,0.00,0.00,0.00,'',0.00,0.00,0.00,0.00,'',0,'',''),(55,47,NULL,6,'5',1.20,0.00,0.00,1,'AGUA MINERAL','LT',0,'',17,'COPO 200ml',22011000,5102,0,6102,0,102,300100,'','','','','',NULL,NULL,'','','',0.00,'','','','','','','','','','','','','','','',0,0.000000,0.000000,0.000000,NULL,NULL,NULL,NULL,NULL,'',NULL,NULL,NULL,NULL,0.00,NULL,0.00,NULL,NULL,NULL,0.00,0.00,0.00,'','',0.00,0.00,NULL,NULL,NULL,NULL,'','','',0,'','01',0.00,0.00,1.50,1.50,'01',0.00,0.00,1.50,1.50,NULL,NULL,NULL,NULL,NULL,NULL,NULL,NULL,NULL,NULL,NULL,NULL,'',0.00,0.00,0.00,0.00,'',0.00,0.00,0.00,0.00,'',0,'',''),(56,47,NULL,6,'5',1.20,0.00,0.00,1,'AGUA MINERAL','LT',0,'',17,'COPO 200ml',22011000,5102,0,6102,0,102,300100,'','','','','',NULL,NULL,'','','',0.00,'','','','','','','','','','','','','','','',0,0.000000,0.000000,0.000000,NULL,NULL,NULL,NULL,NULL,'',NULL,NULL,NULL,NULL,0.00,NULL,0.00,NULL,NULL,NULL,0.00,0.00,0.00,'','',0.00,0.00,NULL,NULL,NULL,NULL,'','','',0,'','01',0.00,0.00,1.50,1.50,'01',0.00,0.00,1.50,1.50,NULL,NULL,NULL,NULL,NULL,NULL,NULL,NULL,NULL,NULL,NULL,NULL,'',0.00,0.00,0.00,0.00,'',0.00,0.00,0.00,0.00,'',0,'',''),(57,47,NULL,6,'5',1.20,0.00,0.00,1,'AGUA MINERAL','LT',0,'',17,'COPO 200ml',22011000,5102,0,6102,0,102,300100,'','','','','',NULL,NULL,'','','',0.00,'','','','','','','','','','','','','','','',0,0.000000,0.000000,0.000000,NULL,NULL,NULL,NULL,NULL,'',NULL,NULL,NULL,NULL,0.00,NULL,0.00,NULL,NULL,NULL,0.00,0.00,0.00,'','',0.00,0.00,NULL,NULL,NULL,NULL,'','','',0,'','01',0.00,0.00,1.50,1.50,'01',0.00,0.00,1.50,1.50,NULL,NULL,NULL,NULL,NULL,NULL,NULL,NULL,NULL,NULL,NULL,NULL,'',0.00,0.00,0.00,0.00,'',0.00,0.00,0.00,0.00,'',0,'',''),(58,47,NULL,6,'5',1.20,0.00,0.00,5,'AGUA MINERAL','LT',0,'',17,'COPO 200ml',22011000,5102,0,6102,0,102,300100,'','','','','',NULL,NULL,'','','',0.00,'','','','','','','','','','','','','','','',0,0.000000,0.000000,0.000000,NULL,NULL,NULL,NULL,NULL,'',NULL,NULL,NULL,NULL,0.00,NULL,0.00,NULL,NULL,NULL,0.00,0.00,0.00,'','',0.00,0.00,NULL,NULL,NULL,NULL,'','','',0,'','01',0.00,0.00,1.50,1.50,'01',0.00,0.00,1.50,1.50,NULL,NULL,NULL,NULL,NULL,NULL,NULL,NULL,NULL,NULL,NULL,NULL,'',0.00,0.00,0.00,0.00,'',0.00,0.00,0.00,0.00,'',0,'',''),(59,47,NULL,6,'5',1.20,0.00,0.00,3,'AGUA MINERAL','LT',0,'',17,'COPO 200ml',22011000,5102,0,6102,0,102,300100,'','','','','',NULL,NULL,'','','',0.00,'','','','','','','','','','','','','','','',0,0.000000,0.000000,0.000000,NULL,NULL,NULL,NULL,NULL,'',NULL,NULL,NULL,NULL,0.00,NULL,0.00,NULL,NULL,NULL,0.00,0.00,0.00,'','',0.00,0.00,NULL,NULL,NULL,NULL,'','','',0,'','01',0.00,0.00,1.50,1.50,'01',0.00,0.00,1.50,1.50,NULL,NULL,NULL,NULL,NULL,NULL,NULL,NULL,NULL,NULL,NULL,NULL,'',0.00,0.00,0.00,0.00,'',0.00,0.00,0.00,0.00,'',0,'',''),(60,48,NULL,6,'5',1.20,0.00,0.00,1,'AGUA MINERAL','LT',0,'',17,'COPO 200ml',22011000,5102,0,6102,0,102,300100,'','','','','',NULL,NULL,'','','',0.00,'','','','','','','','','','','','','','','',0,0.000000,0.000000,0.000000,NULL,NULL,NULL,NULL,NULL,'',NULL,NULL,NULL,NULL,0.00,NULL,0.00,NULL,NULL,NULL,0.00,0.00,0.00,'','',0.00,0.00,NULL,NULL,NULL,NULL,'','','',0,'','01',0.00,0.00,1.50,1.50,'01',0.00,0.00,1.50,1.50,NULL,NULL,NULL,NULL,NULL,NULL,NULL,NULL,NULL,NULL,NULL,NULL,'',0.00,0.00,0.00,0.00,'',0.00,0.00,0.00,0.00,'',0,'',''),(61,48,NULL,6,'5',1.20,0.00,0.00,5,'AGUA MINERAL','LT',0,'',17,'COPO 200ml',22011000,5102,0,6102,0,102,300100,'','','','','',NULL,NULL,'','','',0.00,'','','','','','','','','','','','','','','',0,0.000000,0.000000,0.000000,NULL,NULL,NULL,NULL,NULL,'',NULL,NULL,NULL,NULL,0.00,NULL,0.00,NULL,NULL,NULL,0.00,0.00,0.00,'','',0.00,0.00,NULL,NULL,NULL,NULL,'','','',0,'','01',0.00,0.00,1.50,1.50,'01',0.00,0.00,1.50,1.50,NULL,NULL,NULL,NULL,NULL,NULL,NULL,NULL,NULL,NULL,NULL,NULL,'',0.00,0.00,0.00,0.00,'',0.00,0.00,0.00,0.00,'',0,'',''),(62,48,NULL,6,'5',1.20,0.00,0.00,3,'AGUA MINERAL','LT',0,'',17,'COPO 200ml',22011000,5102,0,6102,0,102,300100,'','','','','',NULL,NULL,'','','',0.00,'','','','','','','','','','','','','','','',0,0.000000,0.000000,0.000000,NULL,NULL,NULL,NULL,NULL,'',NULL,NULL,NULL,NULL,0.00,NULL,0.00,NULL,NULL,NULL,0.00,0.00,0.00,'','',0.00,0.00,NULL,NULL,NULL,NULL,'','','',0,'','01',0.00,0.00,1.50,1.50,'01',0.00,0.00,1.50,1.50,NULL,NULL,NULL,NULL,NULL,NULL,NULL,NULL,NULL,NULL,NULL,NULL,'',0.00,0.00,0.00,0.00,'',0.00,0.00,0.00,0.00,'',0,'',''),(64,49,NULL,6,'5',1.20,0.00,0.00,6,'AGUA MINERAL','LT',0,'',17,'COPO 200ml',22011000,5102,0,6102,0,102,300100,'','','','','',NULL,NULL,'','','',0.00,'','','','','','','','','','','','','','','',0,0.000000,0.000000,0.000000,NULL,NULL,NULL,NULL,NULL,'',NULL,NULL,NULL,NULL,0.00,NULL,0.00,NULL,NULL,NULL,0.00,0.00,0.00,'','',0.00,0.00,NULL,NULL,NULL,NULL,'','','',0,'','01',0.00,0.00,1.50,1.50,'01',0.00,0.00,1.50,1.50,NULL,NULL,NULL,NULL,NULL,NULL,NULL,NULL,NULL,NULL,NULL,NULL,'',0.00,0.00,0.00,0.00,'',0.00,0.00,0.00,0.00,'',0,'',''),(65,49,NULL,6,'5',1.20,0.00,0.00,3,'AGUA MINERAL','LT',0,'',17,'COPO 200ml',22011000,5102,0,6102,0,102,300100,'','','','','',NULL,NULL,'','','',0.00,'','','','','','','','','','','','','','','',0,0.000000,0.000000,0.000000,NULL,NULL,NULL,NULL,NULL,'',NULL,NULL,NULL,NULL,0.00,NULL,0.00,NULL,NULL,NULL,0.00,0.00,0.00,'','',0.00,0.00,NULL,NULL,NULL,NULL,'','','',0,'','01',0.00,0.00,1.50,1.50,'01',0.00,0.00,1.50,1.50,NULL,NULL,NULL,NULL,NULL,NULL,NULL,NULL,NULL,NULL,NULL,NULL,'',0.00,0.00,0.00,0.00,'',0.00,0.00,0.00,0.00,'',0,'',''),(66,49,NULL,6,'5',1.20,0.00,0.00,1,'AGUA MINERAL','LT',0,'',17,'COPO 200ml',22011000,5102,0,6102,0,102,300100,'','','','','',NULL,NULL,'','','',0.00,'','','','','','','','','','','','','','','',0,0.000000,0.000000,0.000000,NULL,NULL,NULL,NULL,NULL,'',NULL,NULL,NULL,NULL,0.00,NULL,0.00,NULL,NULL,NULL,0.00,0.00,0.00,'','',0.00,0.00,NULL,NULL,NULL,NULL,'','','',0,'','01',0.00,0.00,1.50,1.50,'01',0.00,0.00,1.50,1.50,NULL,NULL,NULL,NULL,NULL,NULL,NULL,NULL,NULL,NULL,NULL,NULL,'',0.00,0.00,0.00,0.00,'',0.00,0.00,0.00,0.00,'',0,'',''),(67,49,NULL,6,'5',1.20,0.00,0.00,1,'AGUA MINERAL','LT',0,'',17,'COPO 200ml',22011000,5102,0,6102,0,102,300100,'','','','','',NULL,NULL,'','','',0.00,'','','','','','','','','','','','','','','',0,0.000000,0.000000,0.000000,NULL,NULL,NULL,NULL,NULL,'',NULL,NULL,NULL,NULL,0.00,NULL,0.00,NULL,NULL,NULL,0.00,0.00,0.00,'','',0.00,0.00,NULL,NULL,NULL,NULL,'','','',0,'','01',0.00,0.00,1.50,1.50,'01',0.00,0.00,1.50,1.50,NULL,NULL,NULL,NULL,NULL,NULL,NULL,NULL,NULL,NULL,NULL,NULL,'',0.00,0.00,0.00,0.00,'',0.00,0.00,0.00,0.00,'',0,'',''),(79,50,NULL,6,'5',1.20,0.00,0.00,5,'AGUA MINERAL','LT',0,'',17,'COPO 200ml',22011000,5102,0,5102,0,102,300100,'','','','','',NULL,NULL,'','','',0.00,'','','','','','','','','','','','','','','',0,0.000000,0.000000,0.000000,NULL,NULL,NULL,NULL,NULL,'',NULL,NULL,NULL,NULL,0.00,0.00,0.00,NULL,NULL,NULL,0.00,0.00,0.00,'','',0.00,0.00,NULL,NULL,NULL,NULL,'','','',0,'','01',0.00,0.00,1.50,1.50,'01',0.00,0.00,1.50,1.50,NULL,NULL,NULL,NULL,NULL,NULL,NULL,NULL,NULL,NULL,NULL,NULL,'',0.00,0.00,0.00,0.00,'',0.00,0.00,0.00,0.00,'',0,'',''),(80,52,NULL,1,'4',1.00,0.00,0.00,10,'Chocolate Rei Nosso','KG',0,'',15,'gfgdbvbvbc',99999999,5102,1102,6102,2102,102,88888888,'','','','','',NULL,NULL,'','','',0.00,'','','','','','','','','','','','','','','',0,0.000000,0.000000,0.000000,NULL,NULL,NULL,NULL,NULL,'',NULL,NULL,NULL,NULL,18.00,NULL,0.00,NULL,NULL,NULL,0.00,0.00,0.00,'','',0.00,0.00,NULL,NULL,NULL,NULL,'','','',0,'','07',0.00,0.00,0.00,0.00,'',0.00,0.00,0.00,0.00,NULL,NULL,NULL,NULL,NULL,NULL,NULL,NULL,NULL,NULL,NULL,NULL,'',0.00,0.00,0.00,0.00,'',0.00,0.00,0.00,0.00,'',0,'',''),(81,50,NULL,6,'5',1.20,0.00,0.00,1,'AGUA MINERAL','LT',0,'',17,'COPO 200ml',22011000,5102,0,6102,0,102,300100,'','','','','',NULL,NULL,'','','',0.00,'','','','','','','','','','','','','','','',0,0.000000,0.000000,0.000000,NULL,NULL,NULL,NULL,NULL,'',NULL,NULL,NULL,NULL,0.00,NULL,0.00,NULL,NULL,NULL,0.00,0.00,0.00,'','',0.00,0.00,NULL,NULL,NULL,NULL,'','','',0,'','01',0.00,0.00,1.50,1.50,'01',0.00,0.00,1.50,1.50,NULL,NULL,NULL,NULL,NULL,NULL,NULL,NULL,NULL,NULL,NULL,NULL,'',0.00,0.00,0.00,0.00,'',0.00,0.00,0.00,0.00,'',0,'',''),(82,50,NULL,6,'5',1.20,0.00,0.00,1,'AGUA MINERAL','LT',0,'',17,'COPO 200ml',22011000,5102,0,6102,0,102,300100,'','','','','',NULL,NULL,'','','',0.00,'','','','','','','','','','','','','','','',0,0.000000,0.000000,0.000000,NULL,NULL,NULL,NULL,NULL,'',NULL,NULL,NULL,NULL,0.00,NULL,0.00,NULL,NULL,NULL,0.00,0.00,0.00,'','',0.00,0.00,NULL,NULL,NULL,NULL,'','','',0,'','01',0.00,0.00,1.50,1.50,'01',0.00,0.00,1.50,1.50,NULL,NULL,NULL,NULL,NULL,NULL,NULL,NULL,NULL,NULL,NULL,NULL,'',0.00,0.00,0.00,0.00,'',0.00,0.00,0.00,0.00,'',0,'','');

--
-- Table structure for table `notafiscala3`
--

CREATE TABLE `notafiscala3` (
  `notafiscala3id` int(11) NOT NULL AUTO_INCREMENT,
  `chavenfe` varchar(44) DEFAULT NULL,
  `situacao` varchar(20) DEFAULT 'N',
  `tipo` varchar(20) DEFAULT NULL,
  `canc` varchar(1) DEFAULT 'N',
  `protocolo` varchar(20) DEFAULT NULL,
  `xJust` varchar(250) DEFAULT NULL,
  `cce` varchar(1) DEFAULT 'N',
  `cUF` varchar(2) DEFAULT NULL,
  `cMun` varchar(20) DEFAULT NULL,
  `encerramento` varchar(1) DEFAULT 'N',
  PRIMARY KEY (`notafiscala3id`)
) ENGINE=InnoDB AUTO_INCREMENT=60 DEFAULT CHARSET=latin1 PACK_KEYS=0;

--
-- Dumping data for table `notafiscala3`
--

INSERT INTO `notafiscala3` VALUES (1,'25210614272237000136650010000000781234074091','S','nfce','N',NULL,NULL,'N',NULL,NULL,'N'),(2,'25210614272237000136650010000000781234074091','S','nfce','N',NULL,NULL,'N',NULL,NULL,'N'),(3,'25210614272237000136650010000000781234074091','S','nfce','N',NULL,NULL,'N',NULL,NULL,'N'),(4,'25210614272237000136650010000000991234830163','S','nfce','N',NULL,NULL,'N',NULL,NULL,'N'),(5,'25210633903812000104650010000000121367101076','S','nfce','N',NULL,NULL,'N',NULL,NULL,'N'),(6,'25210633903812000104650010000000151985082889','S','nfce','N',NULL,NULL,'N',NULL,NULL,'N'),(7,'25210633903812000104650010000000161273997369','S','nfce','N',NULL,NULL,'N',NULL,NULL,'N'),(8,'25210633903812000104650010000000171419197571','S','nfce','N',NULL,NULL,'N',NULL,NULL,'N'),(9,'25210633903812000104650010000000181964000303','S','nfce','N',NULL,NULL,'N',NULL,NULL,'N'),(10,'25210633903812000104650010000000191015920420','S','nfce','N',NULL,NULL,'N',NULL,NULL,'N'),(11,'25210633903812000104650010000000201148977091','S','nfce','N',NULL,NULL,'N',NULL,NULL,'N'),(12,'25210633903812000104650010000000201148977091','S','nfce','N',NULL,NULL,'N',NULL,NULL,'N'),(13,'25210633903812000104650010000000201148977091','S','nfce','N',NULL,NULL,'N',NULL,NULL,'N'),(14,'25210633903812000104650010000000211120934905','S','nfce','N',NULL,NULL,'N',NULL,NULL,'N'),(15,'25210633903812000104650010000000211120934905','S','nfce','N',NULL,NULL,'N',NULL,NULL,'N'),(16,'25210633903812000104650010000000221052941473','S','nfce','N',NULL,NULL,'N',NULL,NULL,'N'),(17,'25210633903812000104650010000000241826399992','S','nfce','N',NULL,NULL,'N',NULL,NULL,'N'),(18,'25210633903812000104650010000000251050185193','S','nfce','N',NULL,NULL,'N',NULL,NULL,'N'),(19,'25210633903812000104650010000000281325538719','S','nfce','N',NULL,NULL,'N',NULL,NULL,'N'),(20,'25210633903812000104650010000000281325538719','S','nfce','N',NULL,NULL,'N',NULL,NULL,'N'),(21,'25210633903812000104650010000000281325538719','S','nfce','N',NULL,NULL,'N',NULL,NULL,'N'),(22,'25210633903812000104650010000000281325538719','S','nfce','N',NULL,NULL,'N',NULL,NULL,'N'),(23,'25210633903812000104650010000000281325538719','S','nfce','N',NULL,NULL,'N',NULL,NULL,'N'),(24,'25210633903812000104650010000000291033915919','S','nfce','N',NULL,NULL,'N',NULL,NULL,'N'),(25,'25210633903812000104650010000000291033915919','S','nfce','N',NULL,NULL,'N',NULL,NULL,'N'),(26,'25210633903812000104650010000000321976700835','S','nfce','N',NULL,NULL,'N',NULL,NULL,'N'),(27,'25210633903812000104650010000000321976700835','S','nfce','N',NULL,NULL,'N',NULL,NULL,'N'),(28,'25210633903812000104650010000000321976700835','S','nfce','N',NULL,NULL,'N',NULL,NULL,'N'),(29,'25210633903812000104650010000000321976700835','S','nfce','N',NULL,NULL,'N',NULL,NULL,'N'),(30,'25210633903812000104650010000000321976700835','S','nfce','N',NULL,NULL,'N',NULL,NULL,'N'),(31,'25210633903812000104650010000000321976700835','S','nfce','N',NULL,NULL,'N',NULL,NULL,'N'),(32,'25210633903812000104650010000000331167120255','S','nfce','N',NULL,NULL,'N',NULL,NULL,'N'),(33,'25210633903812000104650010000000331167120255','S','nfce','N',NULL,NULL,'N',NULL,NULL,'N'),(34,'25210633903812000104650010000000351606136562','S','nfce','N',NULL,NULL,'N',NULL,NULL,'N'),(35,'25210633903812000104650010000000351606136562','S','nfce','N',NULL,NULL,'N',NULL,NULL,'N'),(36,'25210633903812000104650010000000351606136562','S','nfce','N',NULL,NULL,'N',NULL,NULL,'N'),(37,'25210633903812000104650010000000351606136562','S','nfce','N',NULL,NULL,'N',NULL,NULL,'N'),(38,'25210633903812000104650010000000351606136562','S','nfce','N',NULL,NULL,'N',NULL,NULL,'N'),(39,'25210633903812000104650010000000361604459965','S','nfce','N',NULL,NULL,'N',NULL,NULL,'N'),(40,'25210633903812000104650010000000361604459965','S','nfce','N',NULL,NULL,'N',NULL,NULL,'N'),(41,'25210633903812000104650010000000361604459965','S','nfce','N',NULL,NULL,'N',NULL,NULL,'N'),(42,'25210633903812000104650010000000361604459965','S','nfce','N',NULL,NULL,'N',NULL,NULL,'N'),(43,'25210633903812000104650010000000381254395720','S','nfce','N',NULL,NULL,'N',NULL,NULL,'N'),(44,'25210633903812000104650010000000391082936610','S','nfce','N',NULL,NULL,'N',NULL,NULL,'N'),(45,'25210633903812000104650010000000391486050134','S','nfce','N',NULL,NULL,'N',NULL,NULL,'N'),(46,'25210633903812000104650010000000391486050134','S','nfce','N',NULL,NULL,'N',NULL,NULL,'N'),(47,'25210633903812000104650010000000391486050134','S','nfce','N',NULL,NULL,'N',NULL,NULL,'N'),(48,'25210633903812000104650010000000401569716556','S','nfce','N',NULL,NULL,'N',NULL,NULL,'N'),(49,'25210633903812000104650010000000401569716556','S','nfce','N',NULL,NULL,'N',NULL,NULL,'N'),(50,'25210633903812000104650010000000421470409940','S','nfce','N',NULL,NULL,'N',NULL,NULL,'N'),(51,'25210633903812000104650010000000421470409940','S','nfce','N',NULL,NULL,'N',NULL,NULL,'N'),(52,'25210633903812000104650010000000421470409940','S','nfce','N',NULL,NULL,'N',NULL,NULL,'N'),(53,'25210633903812000104650010000000421470409940','S','nfce','N',NULL,NULL,'N',NULL,NULL,'N'),(54,'25210633903812000104650010000000671432582647','S','nfce','N',NULL,NULL,'N',NULL,NULL,'N'),(55,'25210633903812000104650010000000671432582647','S','nfce','N',NULL,NULL,'N',NULL,NULL,'N'),(56,'25210633903812000104650010000000681982363341','S','nfce','N',NULL,NULL,'N',NULL,NULL,'N'),(57,'25210633903812000104650990000000021752422000','S','nfce','N',NULL,NULL,'N',NULL,NULL,'N'),(58,'25210633903812000104650990000000031634843800','S','nfce','N',NULL,NULL,'N',NULL,NULL,'N'),(59,'25210633903812000104650990000000031634843800','S','nfce','N',NULL,NULL,'N',NULL,NULL,'N');

--
-- Table structure for table `origem_mercadoria`
--

CREATE TABLE `origem_mercadoria` (
  `codigo` int(11) NOT NULL AUTO_INCREMENT,
  `origem_codigo` int(11) NOT NULL,
  `descricao` varchar(150) CHARACTER SET utf8mb4 COLLATE utf8mb4_unicode_ci NOT NULL,
  PRIMARY KEY (`codigo`) USING BTREE
) ENGINE=InnoDB AUTO_INCREMENT=9 DEFAULT CHARSET=latin1 ROW_FORMAT=COMPACT;

--
-- Dumping data for table `origem_mercadoria`
--

INSERT INTO `origem_mercadoria` VALUES (1,0,'Nacional'),(2,1,'Estrangeira - Importação direta'),(3,2,'Estrangeira - Adquirida no mercado interno'),(4,3,'Nacional, Mercadoria ou bem com conteudo de importação superior a 40%'),(5,4,'Nacional, Cuja produção tenha sido feita em conformidade com os processos produtivos'),(6,5,'Nacional, Mercadoria ou bem com conteudo de importação inferior ou igual a 40%'),(7,6,'Estrangeira - Importação direta, sem similar nacinal, constante em lista de resolução'),(8,7,'Estrangeira - Adiquirida no mercado interno, sem similar nacional, constante em lista de resolução');

--
-- Table structure for table `pdv`
--

CREATE TABLE `pdv` (
  `codigo` int(11) NOT NULL AUTO_INCREMENT,
  `status` varchar(12) COLLATE utf8mb4_unicode_ci DEFAULT NULL,
  `nome` varchar(50) COLLATE utf8mb4_unicode_ci NOT NULL,
  `data` datetime DEFAULT NULL,
  `coo` int(10) unsigned DEFAULT NULL,
  `usuario` int(10) unsigned DEFAULT NULL,
  PRIMARY KEY (`codigo`)
) ENGINE=InnoDB AUTO_INCREMENT=16 DEFAULT CHARSET=utf8mb4 COLLATE=utf8mb4_unicode_ci;

--
-- Dumping data for table `pdv`
--

INSERT INTO `pdv` VALUES (6,'DESPONIVEL','99','2022-07-27 10:56:50',255,2),(7,'DESPONIVEL','2','2022-09-19 10:39:09',389,11),(8,'DESPONIVEL','3','2022-07-20 08:26:28',NULL,2),(9,'DESPONIVEL','4','2022-07-20 08:27:26',NULL,2),(10,'DESPONIVEL','5','2022-09-19 09:42:08',NULL,11),(11,'DESPONIVEL','6','2022-07-20 08:55:04',25,2),(12,'VINCULADO','7','2022-09-22 16:27:26',NULL,14),(13,'DESPONIVEL','8','2022-09-19 10:19:25',NULL,12),(14,'DESPONIVEL','9','2022-07-27 10:56:15',NULL,2),(15,'DESVINCULADO','40','2022-09-20 12:58:52',NULL,10);

--
-- Table structure for table `pdv_venda`
--

CREATE TABLE `pdv_venda` (
  `codigo` int(11) NOT NULL DEFAULT 0,
  `coo` varchar(8) DEFAULT NULL,
  `natOp` varchar(60) DEFAULT NULL,
  `pvd` varchar(3) DEFAULT NULL,
  `dhEmi` datetime DEFAULT NULL,
  `datahora_venda` datetime DEFAULT NULL,
  `tpEmis` int(1) DEFAULT NULL,
  `finNFe` int(11) DEFAULT NULL,
  `indPres` int(11) DEFAULT NULL,
  `destCNPJ` varchar(14) DEFAULT NULL,
  `destIE` varchar(14) DEFAULT NULL,
  `destxNome` varchar(60) DEFAULT NULL,
  `destemail` varchar(60) DEFAULT NULL,
  `destCEP` varchar(8) DEFAULT NULL,
  `destxLgr` varchar(60) DEFAULT NULL,
  `destnro` varchar(60) DEFAULT NULL,
  `destxCpl` varchar(60) DEFAULT NULL,
  `destxBairro` varchar(60) DEFAULT NULL,
  `destxMun` varchar(60) DEFAULT NULL,
  `destcMun` varchar(8) DEFAULT NULL,
  `destUF` varchar(2) DEFAULT NULL,
  `destfone` varchar(14) DEFAULT NULL,
  `vFretenf` decimal(15,2) DEFAULT 0.00,
  `vOutronf` decimal(15,2) DEFAULT 0.00,
  `modFrete` int(1) DEFAULT NULL,
  `transpCNPJ` varchar(14) DEFAULT NULL,
  `transpIE` varchar(14) DEFAULT NULL,
  `transpxNome` varchar(60) DEFAULT NULL,
  `transpCEP` varchar(60) DEFAULT NULL,
  `transpxLgr` varchar(60) DEFAULT NULL,
  `transpnro` varchar(60) DEFAULT NULL,
  `transpxCpl` varchar(60) DEFAULT NULL,
  `transpxBairro` varchar(60) DEFAULT NULL,
  `transpxMun` varchar(60) DEFAULT NULL,
  `transpcMun` varchar(8) DEFAULT NULL,
  `transpUF` varchar(2) DEFAULT NULL,
  `destISUF` varchar(14) DEFAULT NULL,
  `status` varchar(3) DEFAULT NULL,
  `chavenfe` varchar(60) DEFAULT NULL,
  PRIMARY KEY (`codigo`),
  KEY `coo` (`coo`),
  KEY `datahora_venda` (`datahora_venda`)
) ENGINE=InnoDB DEFAULT CHARSET=latin1;

--
-- Dumping data for table `pdv_venda`
--


--
-- Table structure for table `pedido`
--

CREATE TABLE `pedido` (
  `codigo` int(10) unsigned NOT NULL AUTO_INCREMENT,
  `cnpj` varchar(45) NOT NULL,
  `cliente` int(10) unsigned NOT NULL,
  `cliente_nome` varchar(45) NOT NULL,
  `operador` int(10) unsigned NOT NULL,
  `operador_nome` varchar(45) NOT NULL,
  `criacao` datetime NOT NULL,
  `situacao` varchar(45) NOT NULL,
  `alteracao` datetime NOT NULL,
  `vendedor` int(10) unsigned NOT NULL,
  `vendedor_nome` varchar(45) NOT NULL,
  PRIMARY KEY (`codigo`)
) ENGINE=InnoDB AUTO_INCREMENT=43 DEFAULT CHARSET=latin1;

--
-- Dumping data for table `pedido`
--

INSERT INTO `pedido` VALUES (1,'33903812000104',1,'... nome de um cliente',1,'... nome do operador','2022-10-05 16:39:54','PENDENTE','2022-10-05 16:39:54',0,''),(2,'33903812000104',0,'',0,'','2022-10-05 16:40:22','CONCLUIDO','2022-10-05 16:40:22',0,''),(3,'33903812000104',0,'',0,'','2022-10-05 16:40:42','CANCELADO','2022-10-05 16:40:42',0,''),(4,'33903812000104',0,'',0,'','2022-10-05 16:40:46','PENDENTE','2022-10-05 16:40:46',0,''),(5,'33903812000104',0,'',0,'','2022-10-05 16:40:49','PENDENTE','2022-10-05 16:40:49',0,''),(6,'33903812000104',0,'',0,'','2022-10-05 16:40:52','PENDENTE','2022-10-05 16:40:52',10,'Paulo'),(7,'33903812000104',0,'',0,'','2022-10-05 16:44:05','PENDENTE','2022-10-05 16:44:05',0,''),(8,'33903812000104',0,'',0,'','2022-10-06 09:49:00','PENDENTE','2022-10-06 09:49:00',0,''),(9,'33903812000104',0,'',0,'','2022-10-06 09:55:53','PENDENTE','2022-10-06 09:55:53',0,''),(10,'33903812000104',0,'',0,'','2022-10-06 10:04:23','PENDENTE','2022-10-06 10:04:23',0,''),(11,'33903812000104',0,'',0,'','2022-10-06 10:41:06','PENDENTE','2022-10-06 10:41:06',0,''),(12,'33903812000104',2,'Daniel Teste',0,'','2022-10-06 10:41:42','PENDENTE','2022-10-06 10:41:42',0,''),(13,'33903812000104',0,'',0,'','2022-10-06 10:41:48','PENDENTE','2022-10-06 10:41:48',0,''),(14,'33903812000104',0,'',0,'','2022-10-06 10:41:54','PENDENTE','2022-10-06 10:41:54',0,''),(15,'33903812000104',0,'',0,'','2022-10-06 11:15:44','PENDENTE','2022-10-06 11:15:44',0,''),(16,'33903812000104',0,'',0,'','2022-10-06 11:20:52','PENDENTE','2022-10-06 11:20:52',0,''),(17,'33903812000104',0,'',0,'','2022-10-07 09:45:33','PENDENTE','2022-10-07 09:45:33',0,''),(18,'33903812000104',0,'',0,'','2022-10-07 09:46:43','PENDENTE','2022-10-07 09:46:43',0,''),(19,'33903812000104',0,'',0,'','2022-10-07 09:49:19','PENDENTE','2022-10-07 09:49:19',0,''),(20,'33903812000104',0,'',0,'','2022-10-07 09:51:43','PENDENTE','2022-10-07 09:51:43',0,''),(21,'33903812000104',0,'',0,'','2022-10-10 16:23:50','PENDENTE','2022-10-10 16:23:50',0,''),(22,'33903812000104',0,'CLIENTE',0,'','2022-10-10 16:28:53','PENDENTE','2022-10-10 16:28:53',0,''),(23,'33903812000104',0,'CLIENTE',0,'','2022-10-10 16:29:32','PENDENTE','2022-10-10 16:29:32',0,''),(24,'33903812000104',0,'DANIEL ANTONIO DE LIMA',0,'','2022-10-10 16:32:42','PENDENTE','2022-10-10 16:32:42',0,''),(25,'33903812000104',0,'DANIEL ANTONIO DE LIMA',0,'','2022-10-10 16:32:42','PENDENTE','2022-10-10 16:32:42',0,''),(26,'33903812000104',0,'CLIENTE',0,'','2022-10-10 16:33:24','PENDENTE','2022-10-10 16:33:24',0,''),(27,'33903812000104',0,'DANIEL ANTONIO DE LIMA',0,'','2022-10-10 16:34:26','PENDENTE','2022-10-10 16:34:26',0,''),(28,'33903812000104',0,'CLIENTE',0,'','2022-10-10 16:38:58','PENDENTE','2022-10-10 16:38:58',0,''),(29,'33903812000104',0,'DANIEL ANTONIO DE LIMA',0,'','2022-10-10 16:39:57','PENDENTE','2022-10-10 16:39:57',0,''),(30,'33903812000104',0,'CLIENTE',0,'','2022-10-10 16:41:12','PENDENTE','2022-10-10 16:41:12',0,''),(31,'33903812000104',0,'DANIEL ANTONIO DE LIMA',0,'','2022-10-10 16:44:12','PENDENTE','2022-10-10 16:44:12',0,''),(32,'33903812000104',0,'DANIEL ANTONIO DE LIMA',0,'','2022-10-11 09:33:49','PENDENTE','2022-10-11 09:33:49',0,''),(33,'33903812000104',0,'DANIEL ANTONIO DE LIMA',0,'','2022-10-13 09:12:20','PENDENTE','2022-10-13 09:12:20',0,''),(34,'33903812000104',0,'DANIEL ANTONIO DE LIMA',0,'','2022-10-13 09:12:30','PENDENTE','2022-10-13 09:12:30',0,''),(35,'33903812000104',0,'CLIENTE',0,'','2022-10-13 09:12:46','PENDENTE','2022-10-13 09:12:46',0,''),(36,'33903812000104',0,'DANIEL ANTONIO DE LIMA',0,'','2022-10-13 09:12:54','PENDENTE','2022-10-13 09:12:54',0,''),(37,'33903812000104',0,'CLIENTE',0,'','2022-10-13 09:13:00','PENDENTE','2022-10-13 09:13:00',0,''),(38,'33903812000104',0,'DANIEL ANTONIO DE LIMA',0,'','2022-10-13 09:15:35','PENDENTE','2022-10-13 09:15:35',0,''),(39,'33903812000104',0,'CLIENTE',0,'','2022-10-13 09:19:33','PENDENTE','2022-10-13 09:19:33',0,''),(40,'33903812000104',0,'DANIEL ANTONIO DE LIMA',0,'','2022-10-13 10:55:45','PENDENTE','2022-10-13 10:55:45',0,''),(41,'33903812000104',0,'DANIEL ANTONIO DE LIMA',0,'','2022-10-13 11:15:01','PENDENTE','2022-10-13 11:15:01',0,''),(42,'33903812000104',0,'DANIEL ANTONIO DE LIMA',0,'','2022-10-13 14:07:02','PENDENTE','2022-10-13 14:07:02',0,'');

--
-- Table structure for table `pedido_itens`
--

CREATE TABLE `pedido_itens` (
  `codigo` int(10) unsigned NOT NULL AUTO_INCREMENT,
  `grupo` varchar(45) NOT NULL,
  `cnpj` varchar(45) NOT NULL,
  `quantidade` float NOT NULL,
  `produto` int(10) unsigned NOT NULL,
  `estoque` int(10) unsigned NOT NULL,
  `estoque_cnpj` varchar(45) NOT NULL,
  `desconto` float NOT NULL,
  `adicional` float NOT NULL,
  `lancamento` datetime NOT NULL,
  PRIMARY KEY (`codigo`)
) ENGINE=InnoDB DEFAULT CHARSET=latin1;

--
-- Dumping data for table `pedido_itens`
--


--
-- Table structure for table `percursomdfe`
--

CREATE TABLE `percursomdfe` (
  `percursomdfeid` int(11) NOT NULL AUTO_INCREMENT,
  `UFPer` varchar(2) DEFAULT NULL,
  `nMDFE` varchar(9) DEFAULT NULL,
  PRIMARY KEY (`percursomdfeid`)
) ENGINE=InnoDB DEFAULT CHARSET=latin1;

--
-- Dumping data for table `percursomdfe`
--


--
-- Table structure for table `pis`
--

CREATE TABLE `pis` (
  `id_pis` int(16) NOT NULL AUTO_INCREMENT,
  `codigo_pis` varchar(16) NOT NULL,
  `desc_pis` text NOT NULL,
  PRIMARY KEY (`id_pis`)
) ENGINE=InnoDB AUTO_INCREMENT=33 DEFAULT CHARSET=latin1;

--
-- Dumping data for table `pis`
--

INSERT INTO `pis` VALUES (1,'01','01: Operação tributável (BC = Operação alíq. normal (cumul./não cumul.)'),(2,'02','02: Operação tributável (BC = valor da operação (alíquota diferenciada)'),(3,'03','03: Operação tributável (BC = quant. x alíq. por unidade de produto)'),(4,'04','04: Operação tributável (tributação monofásica, alíquota zero)'),(5,'06','06: Operação tributável (alíquota zero)'),(6,'07','07: Operação isenta da contribuição'),(7,'08','08: Operação sem incidência da contribuição'),(8,'09','09: Operação com suspensão da contribuição'),(9,'49','49: Outras Operações de Saída'),(10,'50','50: Direito a Crédito. Vinculada Exclusivamente a Receita Tributada no Mercado Interno'),(11,'51','51: Direito a Crédito. Vinculada Exclusivamente a Receita Não Tributada no Mercado Interno'),(12,'52','52: Direito a Crédito. Vinculada Exclusivamente a Receita de Exportação'),(13,'53','53: Direito a Crédito. Vinculada a Receitas Tributadas e Não-Tributadas no Mercado Interno'),(14,'54','54: Direito a Crédito. Vinculada a Receitas Tributadas no Mercado Interno e de Exportação'),(15,'55','55: Direito a Crédito. Vinculada a Receitas Não-Trib. no Mercado Interno e de Exportação'),(16,'56','56: Direito a Crédito. Vinculada a Rec. Trib. e Não-Trib. Mercado Interno e Exportação'),(17,'60','60: Créd. Presumido. Aquisição Vinc. Exclusivamente a Receita Tributada no Mercado Interno'),(18,'61','61: Créd. Presumido. Aquisição Vinc. Exclusivamente a Rec. Não-Trib. no Mercado Interno'),(19,'62','62: Créd. Presumido. Aquisição Vinc. Exclusivamente a Receita de Exportação'),(20,'63','63: Créd. Presumido. Aquisição Vinc. a Rec. Trib. e Não-Trib. no Mercado Interno'),(21,'64','64: Créd. Presumido. Aquisição Vinc. a Rec. Trib. no Mercado Interno e de Exportação'),(22,'65','65: Créd. Presumido. Aquisição Vinc. a Rec. Não-Trib. Mercado Interno e Exportação'),(23,'66','66: Créd. Presumido. Aquisição Vinc. a Rec. Trib. e Não-Trib. Mercado Interno e Exportação'),(24,'67','67: Crédito Presumido - Outras Operações'),(25,'70','70: Operação de Aquisição sem Direito a Crédito'),(26,'71','71: Operação de Aquisição com Isenção'),(27,'72','72: Operação de Aquisição com Suspensão'),(28,'73','73: Operação de Aquisição a Alíquota Zero'),(29,'74','74: Operação de Aquisição sem Incidência da Contribuição'),(30,'75','75: Operação de Aquisição por Substituição Tributária'),(31,'98','98: Outras Operações de Entrada'),(32,'99','99: Outras operações');

--
-- Table structure for table `pix_transacao`
--

CREATE TABLE `pix_transacao` (
  `codigo` int(11) NOT NULL AUTO_INCREMENT,
  `codigo_transacao` varchar(50) DEFAULT NULL,
  `codigo_venda` varchar(50) DEFAULT NULL,
  `codigo_forma_pag` varchar(50) DEFAULT NULL,
  `operado_codigo` varchar(50) DEFAULT NULL,
  `operado_nome` varchar(100) DEFAULT NULL,
  `local_app` varchar(50) DEFAULT NULL,
  `banco` varchar(100) DEFAULT NULL,
  `cliente_codigo` varchar(150) DEFAULT NULL,
  `cliente_nome` varchar(150) DEFAULT NULL,
  `cliente_doc` varchar(150) DEFAULT NULL,
  `cliente_email` varchar(150) DEFAULT NULL,
  `descricao` varchar(150) DEFAULT NULL,
  `valor` varchar(50) DEFAULT NULL,
  `situacao` varchar(50) DEFAULT NULL,
  `situacao_descricao` varchar(255) DEFAULT NULL,
  `qr_code_texto` varchar(255) DEFAULT NULL,
  `qr_code_imagem` text DEFAULT NULL,
  `data_criacao` datetime DEFAULT NULL,
  `data_update` datetime DEFAULT NULL,
  `data_validade` datetime DEFAULT NULL,
  PRIMARY KEY (`codigo`)
) ENGINE=InnoDB AUTO_INCREMENT=79 DEFAULT CHARSET=latin1;

--
-- Dumping data for table `pix_transacao`
--

INSERT INTO `pix_transacao` VALUES (20,'19078843567','156','5896','3','SAMUEL','PDV','mercado-pago','12','FRANCISCO DA SILVA','97965940132','exemplo.sa@live.com','VENDA PDV','0.45','PAGO','esperando pagamento','00020126450014br.gov.bcb.pix0123samuel620lima@gmail.com52040000530398654040.455802BR5922DESAMUEL202112141621156009Sao Paulo62240520mpqrinter1907884356763048E75','data:image/jpeg;base64,[BLOB]','2021-12-24 14:06:42','2021-12-24 14:06:42','2021-12-25 14:06:42'),(21,'19079029122','156','5896','3','SAMUEL','PDV','mercado-pago','12','FRANCISCO DA SILVA','97965940132','exemplo.sa@live.com','VENDA PDV','0.55','PAGO','esperando pagamento','00020126450014br.gov.bcb.pix0123samuel620lima@gmail.com52040000530398654040.555802BR5922DESAMUEL202112141621156009Sao Paulo62240520mpqrinter190790291226304E986','data:image/jpeg;base64,[BLOB]','2021-12-24 14:12:33','2021-12-24 14:12:33','2021-12-25 14:12:33'),(24,'19114422886','156','5896','3','SAMUEL','PDV','mercado-pago','12','FRANCISCO DA SILVA','97965940132','exemplo.sa@live.com','VENDA PDV','0.55','PAGO','esperando pagamento','00020126450014br.gov.bcb.pix0123samuel620lima@gmail.com52040000530398654040.555802BR5922DESAMUEL202112141621156009Sao Paulo62240520mpqrinter191144228866304D309','data:image/jpeg;base64,[BLOB]','2021-12-27 08:01:16','2021-12-27 08:01:16','2021-12-28 08:01:16'),(33,'19145511878','2','25','3','SAMUEL','PDV','mercado-pago','2','TINGO GOMES DA SILVA','14272237000136','dan@gmail.com','VENDA PDV','0.15','ESPERANDO_PAGAMENTO','esperando pagamento','00020126450014br.gov.bcb.pix0123samuel620lima@gmail.com52040000530398654040.155802BR5922DESAMUEL202112141621156009Sao Paulo62240520mpqrinter191455118786304DD89','data:image/jpeg;base64,[BLOB]','2021-12-28 15:18:12','2021-12-28 15:18:12','2021-12-29 15:18:12'),(34,'19145630406','2','25','3','SAMUEL','PDV','mercado-pago','2','TINGO GOMES DA SILVA','14272237000136','dan@gmail.com','VENDA PDV','0.15','ESPERANDO_PAGAMENTO','esperando pagamento','00020126450014br.gov.bcb.pix0123samuel620lima@gmail.com52040000530398654040.155802BR5922DESAMUEL202112141621156009Sao Paulo62240520mpqrinter191456304066304B870','data:image/jpeg;base64,[BLOB]','2021-12-28 15:22:13','2021-12-28 15:22:13','2021-12-29 15:22:13'),(35,'19158583765','156','5896','3','SAMUEL','PDV','mercado-pago','12','','','','VENDA PDV','0.15','ESPERANDO_PAGAMENTO','esperando pagamento','00020126450014br.gov.bcb.pix0123samuel620lima@gmail.com52040000530398654040.155802BR5922DESAMUEL202112141621156009Sao Paulo62240520mpqrinter1915858376563045635','data:image/jpeg;base64,[BLOB]','2021-12-29 08:49:39','2021-12-29 08:49:39','2021-12-30 08:49:39'),(36,'19158630445','156','5896','3','SAMUEL','PDV','mercado-pago','12','SALOMAO','00000000000','','VENDA PDV','0.15','ESPERANDO_PAGAMENTO','esperando pagamento','00020126450014br.gov.bcb.pix0123samuel620lima@gmail.com52040000530398654040.155802BR5922DESAMUEL202112141621156009Sao Paulo62240520mpqrinter19158630445630478F6','data:image/jpeg;base64,[BLOB]','2021-12-29 08:51:31','2021-12-29 08:51:31','2021-12-30 08:51:31'),(37,'19158653573','156','5896','3','SAMUEL','PDV','mercado-pago','12','SALOMAO LIMA','00000000000','','VENDA PDV','0.15','ESPERANDO_PAGAMENTO','esperando pagamento','00020126450014br.gov.bcb.pix0123samuel620lima@gmail.com52040000530398654040.155802BR5922DESAMUEL202112141621156009Sao Paulo62240520mpqrinter191586535736304510F','data:image/jpeg;base64,[BLOB]','2021-12-29 08:53:18','2021-12-29 08:53:18','2021-12-30 08:53:18'),(38,'19158677307','156','5896','3','SAMUEL','PDV','mercado-pago','12','SALOMAO LIMA','00000000000','sal@test.com','VENDA PDV','0.15','ESPERANDO_PAGAMENTO','esperando pagamento','00020126450014br.gov.bcb.pix0123samuel620lima@gmail.com52040000530398654040.155802BR5922DESAMUEL202112141621156009Sao Paulo62240520mpqrinter1915867730763047867','data:image/jpeg;base64,[BLOB]','2021-12-29 08:54:03','2021-12-29 08:54:03','2021-12-30 08:54:02'),(39,'19158703105','156','5896','3','SAMUEL','PDV','mercado-pago','12','SALOMAO LIMA','00000000000','sal@test.com','VENDA PDV','0.15','ESPERANDO_PAGAMENTO','esperando pagamento','00020126450014br.gov.bcb.pix0123samuel620lima@gmail.com52040000530398654040.155802BR5922DESAMUEL202112141621156009Sao Paulo62240520mpqrinter1915870310563048D84','data:image/jpeg;base64,[BLOB]','2021-12-29 08:54:56','2021-12-29 08:54:56','2021-12-30 08:54:55'),(40,'19158677887','156','5896','3','SAMUEL','PDV','mercado-pago','12','SALOMAO LIMA','00000000000','sal@test.com','VENDA PDV','0.15','ESPERANDO_PAGAMENTO','esperando pagamento','00020126450014br.gov.bcb.pix0123samuel620lima@gmail.com52040000530398654040.155802BR5922DESAMUEL202112141621156009Sao Paulo62240520mpqrinter1915867788763043E0A','data:image/jpeg;base64,[BLOB]','2021-12-29 08:55:44','2021-12-29 08:55:44','2021-12-30 08:55:43'),(41,'19158795979','3','27','3','SAMUEL','PDV','mercado-pago','','CONSUMIDOR','','sememail@teste.com','VENDA PDV','0.10','ESPERANDO_PAGAMENTO','esperando pagamento','00020126450014br.gov.bcb.pix0123samuel620lima@gmail.com52040000530398654040.105802BR5922DESAMUEL202112141621156009Sao Paulo62240520mpqrinter191587959796304D1EE','data:image/jpeg;base64,[BLOB]','2021-12-29 09:01:56','2021-12-29 09:01:56','2021-12-30 09:01:55'),(42,'19159388885','3','28','3','SAMUEL','PDV','mercado-pago','','CONSUMIDOR','','sememail@teste.com','VENDA PDV','0.10','ESPERANDO_PAGAMENTO','esperando pagamento','00020126450014br.gov.bcb.pix0123samuel620lima@gmail.com52040000530398654040.105802BR5922DESAMUEL202112141621156009Sao Paulo62240520mpqrinter191593888856304EF9C','data:image/jpeg;base64,[BLOB]','2021-12-29 09:28:10','2021-12-29 09:28:10','2021-12-30 09:28:10'),(43,'19159467178','3','28','3','SAMUEL','PDV','mercado-pago','','CONSUMIDOR','','sememail@teste.com','VENDA PDV','0.10','ESPERANDO_PAGAMENTO','esperando pagamento','00020126450014br.gov.bcb.pix0123samuel620lima@gmail.com52040000530398654040.105802BR5922DESAMUEL202112141621156009Sao Paulo62240520mpqrinter1915946717863049666','data:image/jpeg;base64,[BLOB]','2021-12-29 09:30:26','2021-12-29 09:30:26','2021-12-30 09:30:26'),(44,'19159919046','3','28','3','SAMUEL','PDV','mercado-pago','','CONSUMIDOR','','sememail@teste.com','VENDA PDV','0.10','PAGO','esperando pagamento','00020126450014br.gov.bcb.pix0123samuel620lima@gmail.com52040000530398654040.105802BR5922DESAMUEL202112141621156009Sao Paulo62240520mpqrinter19159919046630488CE','data:image/jpeg;base64,[BLOB]','2021-12-29 09:51:59','2021-12-29 09:51:59','2021-12-30 09:51:59'),(45,'19160474443','3','29','3','SAMUEL','PDV','mercado-pago','','CONSUMIDOR','','sememail@teste.com','VENDA PDV','0.15','PAGO','esperando pagamento','00020126450014br.gov.bcb.pix0123samuel620lima@gmail.com52040000530398654040.155802BR5922DESAMUEL202112141621156009Sao Paulo62240520mpqrinter1916047444363045F6A','data:image/jpeg;base64,[BLOB]','2021-12-29 10:14:01','2021-12-29 10:14:01','2021-12-30 10:14:00'),(46,'19164065951','3','30','3','SAMUEL','PDV','mercado-pago','','CONSUMIDOR','','sememail@teste.com','VENDA PDV','0.20','ESPERANDO_PAGAMENTO','esperando pagamento','00020126450014br.gov.bcb.pix0123samuel620lima@gmail.com52040000530398654040.205802BR5922DESAMUEL202112141621156009Sao Paulo62240520mpqrinter1916406595163045405','data:image/jpeg;base64,[BLOB]','2021-12-29 12:36:05','2021-12-29 12:36:05','2021-12-30 12:36:05'),(47,'19164127524','3','30','3','SAMUEL','PDV','mercado-pago','','CONSUMIDOR','','sememail@teste.com','VENDA PDV','0.20','ESPERANDO_PAGAMENTO','esperando pagamento','00020126450014br.gov.bcb.pix0123samuel620lima@gmail.com52040000530398654040.205802BR5922DESAMUEL202112141621156009Sao Paulo62240520mpqrinter1916412752463049174','data:image/jpeg;base64,[BLOB]','2021-12-29 12:37:59','2021-12-29 12:37:59','2021-12-30 12:37:58'),(48,'19164177285','3','30','3','SAMUEL','PDV','mercado-pago','','CONSUMIDOR','','sememail@teste.com','VENDA PDV','0.20','ESPERANDO_PAGAMENTO','esperando pagamento','00020126450014br.gov.bcb.pix0123samuel620lima@gmail.com52040000530398654040.205802BR5922DESAMUEL202112141621156009Sao Paulo62240520mpqrinter191641772856304D3AF','data:image/jpeg;base64,[BLOB]','2021-12-29 12:39:44','2021-12-29 12:39:44','2021-12-30 12:39:43'),(49,'19164226861','3','30','3','SAMUEL','PDV','mercado-pago','','CONSUMIDOR','','sememail@teste.com','VENDA PDV','0.20','ESPERANDO_PAGAMENTO','esperando pagamento','00020126450014br.gov.bcb.pix0123samuel620lima@gmail.com52040000530398654040.205802BR5922DESAMUEL202112141621156009Sao Paulo62240520mpqrinter191642268616304A894','data:image/jpeg;base64,[BLOB]','2021-12-29 12:43:20','2021-12-29 12:43:20','2021-12-30 12:43:20'),(50,'19164319595','3','30','3','SAMUEL','PDV','mercado-pago','','CONSUMIDOR','','sememail@teste.com','VENDA PDV','0.20','ESPERANDO_PAGAMENTO','esperando pagamento','00020126450014br.gov.bcb.pix0123samuel620lima@gmail.com52040000530398654040.205802BR5922DESAMUEL202112141621156009Sao Paulo62240520mpqrinter1916431959563049558','data:image/jpeg;base64,[BLOB]','2021-12-29 12:47:25','2021-12-29 12:47:25','2021-12-30 12:47:24'),(51,'19164363390','3','30','3','SAMUEL','PDV','mercado-pago','','CONSUMIDOR','','sememail@teste.com','VENDA PDV','0.20','ESPERANDO_PAGAMENTO','esperando pagamento','00020126450014br.gov.bcb.pix0123samuel620lima@gmail.com52040000530398654040.205802BR5922DESAMUEL202112141621156009Sao Paulo62240520mpqrinter19164363390630437FD','data:image/jpeg;base64,[BLOB]','2021-12-29 12:48:51','2021-12-29 12:48:51','2021-12-30 12:48:51'),(52,'19164403092','3','30','3','SAMUEL','PDV','mercado-pago','','CONSUMIDOR','','sememail@teste.com','VENDA PDV','0.20','ESPERANDO_PAGAMENTO','esperando pagamento','00020126450014br.gov.bcb.pix0123samuel620lima@gmail.com52040000530398654040.205802BR5922DESAMUEL202112141621156009Sao Paulo62240520mpqrinter191644030926304ED8E','data:image/jpeg;base64,[BLOB]','2021-12-29 12:50:08','2021-12-29 12:50:08','2021-12-30 12:50:08'),(53,'19165171719','3','30','3','SAMUEL','PDV','mercado-pago','','CONSUMIDOR','','sememail@teste.com','VENDA PDV','0.20','ESPERANDO_PAGAMENTO','esperando pagamento','00020126450014br.gov.bcb.pix0123samuel620lima@gmail.com52040000530398654040.205802BR5922DESAMUEL202112141621156009Sao Paulo62240520mpqrinter1916517171963043143','data:image/jpeg;base64,[BLOB]','2021-12-29 13:24:27','2021-12-29 13:24:27','2021-12-30 13:24:27'),(54,'19165217745','3','30','3','SAMUEL','PDV','mercado-pago','','CONSUMIDOR','','sememail@teste.com','VENDA PDV','0.20','ESPERANDO_PAGAMENTO','esperando pagamento','00020126450014br.gov.bcb.pix0123samuel620lima@gmail.com52040000530398654040.205802BR5922DESAMUEL202112141621156009Sao Paulo62240520mpqrinter19165217745630492E5','data:image/jpeg;base64,[BLOB]','2021-12-29 13:26:47','2021-12-29 13:26:47','2021-12-30 13:26:47'),(55,'19165291851','3','30','3','SAMUEL','PDV','mercado-pago','','CONSUMIDOR','','sememail@teste.com','VENDA PDV','0.20','ESPERANDO_PAGAMENTO','esperando pagamento','00020126450014br.gov.bcb.pix0123samuel620lima@gmail.com52040000530398654040.205802BR5922DESAMUEL202112141621156009Sao Paulo62240520mpqrinter1916529185163047D9E','data:image/jpeg;base64,[BLOB]','2021-12-29 13:30:43','2021-12-29 13:30:43','2021-12-30 13:30:43'),(56,'19165354691','3','32','3','SAMUEL','PDV','mercado-pago','','CONSUMIDOR','','sememail@teste.com','VENDA PDV','0.10','PAGO','esperando pagamento','00020126450014br.gov.bcb.pix0123samuel620lima@gmail.com52040000530398654040.105802BR5922DESAMUEL202112141621156009Sao Paulo62240520mpqrinter191653546916304A860','data:image/jpeg;base64,[BLOB]','2021-12-29 13:33:38','2021-12-29 13:33:38','2021-12-30 13:33:38'),(57,'19165785432','3','34','3','SAMUEL','PDV','mercado-pago','','CONSUMIDOR','','sememail@teste.com','VENDA PDV','0.15','PAGO','esperando pagamento','00020126450014br.gov.bcb.pix0123samuel620lima@gmail.com52040000530398654040.155802BR5922DESAMUEL202112141621156009Sao Paulo62240520mpqrinter191657854326304DA3C','data:image/jpeg;base64,[BLOB]','2021-12-29 13:52:10','2021-12-29 13:52:10','2021-12-30 13:52:09'),(58,'19166097976','3','37','3','SAMUEL','PDV','mercado-pago','','CONSUMIDOR','','sememail@teste.com','VENDA PDV','0.05','ESPERANDO_PAGAMENTO','esperando pagamento','00020126450014br.gov.bcb.pix0123samuel620lima@gmail.com52040000530398654040.055802BR5922DESAMUEL202112141621156009Sao Paulo62240520mpqrinter1916609797663046521','data:image/jpeg;base64,[BLOB]','2021-12-29 14:10:05','2021-12-29 14:10:05','2021-12-30 14:10:05'),(59,'19166577382','3','38','3','SAMUEL','PDV','mercado-pago','','CONSUMIDOR','','sememail@teste.com','VENDA PDV','0.05','PAGO','esperando pagamento','00020126450014br.gov.bcb.pix0123samuel620lima@gmail.com52040000530398654040.055802BR5922DESAMUEL202112141621156009Sao Paulo62240520mpqrinter1916657738263046B6D','data:image/jpeg;base64,[BLOB]','2021-12-29 14:30:05','2021-12-29 14:30:05','2021-12-30 14:30:05'),(60,'19166654713','3','39','3','SAMUEL','PDV','mercado-pago','','CONSUMIDOR','','sememail@teste.com','VENDA PDV','0.10','PAGO','esperando pagamento','00020126450014br.gov.bcb.pix0123samuel620lima@gmail.com52040000530398654040.105802BR5922DESAMUEL202112141621156009Sao Paulo62240520mpqrinter191666547136304E34A','data:image/jpeg;base64,[BLOB]','2021-12-29 14:34:51','2021-12-29 14:34:51','2021-12-30 14:34:51'),(61,'19166827398','3','41','3','SAMUEL','PDV','mercado-pago','','CONSUMIDOR','','sememail@teste.com','VENDA PDV','0.15','PAGO','esperando pagamento','00020126450014br.gov.bcb.pix0123samuel620lima@gmail.com52040000530398654040.155802BR5922DESAMUEL202112141621156009Sao Paulo62240520mpqrinter1916682739863044DA1','data:image/jpeg;base64,[BLOB]','2021-12-29 14:40:15','2021-12-29 14:40:15','2021-12-30 14:40:14'),(62,'19166827711','3','42','3','SAMUEL','PDV','mercado-pago','','CONSUMIDOR','','sememail@teste.com','VENDA PDV','0.20','PAGO','esperando pagamento','00020126450014br.gov.bcb.pix0123samuel620lima@gmail.com52040000530398654040.205802BR5922DESAMUEL202112141621156009Sao Paulo62240520mpqrinter191668277116304999D','data:image/jpeg;base64,[BLOB]','2021-12-29 14:41:16','2021-12-29 14:41:16','2021-12-30 14:41:16'),(63,'19189140666','3','62','3','SAMUEL','PDV','mercado-pago','','CONSUMIDOR','','sememail@teste.com','VENDA PDV','0.15','ESPERANDO_PAGAMENTO','esperando pagamento','00020126450014br.gov.bcb.pix0123samuel620lima@gmail.com52040000530398654040.155802BR5922DESAMUEL202112141621156009Sao Paulo62240520mpqrinter1918914066663041D96','data:image/jpeg;base64,[BLOB]','2021-12-30 14:06:35','2021-12-30 14:06:35','2021-12-31 14:06:35'),(64,'19189283184','3','63','3','SAMUEL','PDV','mercado-pago','','CONSUMIDOR','','sememail@teste.com','VENDA PDV','0.15','ESPERANDO_PAGAMENTO','esperando pagamento','00020126450014br.gov.bcb.pix0123samuel620lima@gmail.com52040000530398654040.155802BR5922DESAMUEL202112141621156009Sao Paulo62240520mpqrinter1918928318463040C58','data:image/jpeg;base64,[BLOB]','2021-12-30 14:09:29','2021-12-30 14:09:29','2021-12-31 14:09:29'),(65,'19189412087','3','64','3','SAMUEL','PDV','mercado-pago','','CONSUMIDOR','','sememail@teste.com','VENDA PDV','0.15','ESPERANDO_PAGAMENTO','esperando pagamento','00020126450014br.gov.bcb.pix0123samuel620lima@gmail.com52040000530398654040.155802BR5922DESAMUEL202112141621156009Sao Paulo62240520mpqrinter191894120876304AC5B','data:image/jpeg;base64,[BLOB]','2021-12-30 14:14:40','2021-12-30 14:14:40','2021-12-31 14:14:40'),(66,'19189462483','3','65','3','SAMUEL','PDV','mercado-pago','','CONSUMIDOR','','sememail@teste.com','VENDA PDV','0.15','ESPERANDO_PAGAMENTO','esperando pagamento','00020126450014br.gov.bcb.pix0123samuel620lima@gmail.com52040000530398654040.155802BR5922DESAMUEL202112141621156009Sao Paulo62240520mpqrinter1918946248363045530','data:image/jpeg;base64,[BLOB]','2021-12-30 14:19:01','2021-12-30 14:19:01','2021-12-31 14:19:01'),(67,'19189475962','3','66','3','SAMUEL','PDV','mercado-pago','','CONSUMIDOR','','sememail@teste.com','VENDA PDV','0.15','ESPERANDO_PAGAMENTO','esperando pagamento','00020126450014br.gov.bcb.pix0123samuel620lima@gmail.com52040000530398654040.155802BR5922DESAMUEL202112141621156009Sao Paulo62240520mpqrinter191894759626304B9F3','data:image/jpeg;base64,[BLOB]','2021-12-30 14:22:02','2021-12-30 14:22:02','2021-12-31 14:22:02'),(68,'19189645759','3','66','3','SAMUEL','PDV','mercado-pago','','CONSUMIDOR','','sememail@teste.com','VENDA PDV','0.15','ESPERANDO_PAGAMENTO','esperando pagamento','00020126450014br.gov.bcb.pix0123samuel620lima@gmail.com52040000530398654040.155802BR5922DESAMUEL202112141621156009Sao Paulo62240520mpqrinter1918964575963045AAA','data:image/jpeg;base64,[BLOB]','2021-12-30 14:29:49','2021-12-30 14:29:49','2021-12-31 14:29:49'),(69,'19189760149','3','67','3','SAMUEL','PDV','mercado-pago','','CONSUMIDOR','','sememail@teste.com','VENDA PDV','0.20','ESPERANDO_PAGAMENTO','esperando pagamento','00020126450014br.gov.bcb.pix0123samuel620lima@gmail.com52040000530398654040.205802BR5922DESAMUEL202112141621156009Sao Paulo62240520mpqrinter191897601496304EF77','data:image/jpeg;base64,[BLOB]','2021-12-30 14:32:12','2021-12-30 14:32:12','2021-12-31 14:32:11'),(70,'19189752345','3','68','3','SAMUEL','PDV','mercado-pago','','CONSUMIDOR','','sememail@teste.com','VENDA PDV','0.15','ESPERANDO_PAGAMENTO','esperando pagamento','00020126450014br.gov.bcb.pix0123samuel620lima@gmail.com52040000530398654040.155802BR5922DESAMUEL202112141621156009Sao Paulo62240520mpqrinter1918975234563041699','data:image/jpeg;base64,[BLOB]','2021-12-30 14:33:13','2021-12-30 14:33:13','2021-12-31 14:33:13'),(71,'19250584020','3','70','3','SAMUEL','PDV','mercado-pago','1','EWERTON GUEDES OLIVEIRA DA SILVA','09762732413','sememail@teste.com','VENDA PDV','0.20','ESPERANDO_PAGAMENTO','esperando pagamento','00020126450014br.gov.bcb.pix0123samuel620lima@gmail.com52040000530398654040.205802BR5922DESAMUEL202112141621156009Sao Paulo62240520mpqrinter1925058402063047070','data:image/jpeg;base64,[BLOB]','2022-01-03 08:44:44','2022-01-03 08:44:44','2022-01-04 08:44:44'),(72,'19272711871','5','87','3','SAMUEL','PDV','mercado-pago','','CONSUMIDOR','','sememail@teste.com','VENDA PDV','0.20','ESPERANDO_PAGAMENTO','esperando pagamento','00020126450014br.gov.bcb.pix0123samuel620lima@gmail.com52040000530398654040.205802BR5922DESAMUEL202112141621156009Sao Paulo62240520mpqrinter192727118716304F83C','data:image/jpeg;base64,[BLOB]','2022-01-04 08:47:55','2022-01-04 08:47:55','2022-01-05 08:47:55'),(73,'19616200757','156','5896','3','SAMUEL','PDV','mercado-pago','12','SALOMAO LIMA','00000000000','sal@test.com','VENDA PDV','0.15','ESPERANDO_PAGAMENTO','esperando pagamento','00020126450014br.gov.bcb.pix0123samuel620lima@gmail.com52040000530398654040.155802BR5922DESAMUEL202112141621156009Sao Paulo62240520mpqrinter196162007576304B580','data:image/jpeg;base64,[BLOB]','2022-01-19 12:25:50','2022-01-19 12:25:50','2022-01-20 12:25:49'),(74,'19666339502','156','5896','3','SAMUEL','PDV','mercado-pago','12','SALOMAO LIMA','00000000000','sal@test.com','VENDA PDV','0.15','ESPERANDO_PAGAMENTO','esperando pagamento','00020126450014br.gov.bcb.pix0123samuel620lima@gmail.com52040000530398654040.155802BR5922DESAMUEL202112141621156009Sao Paulo62240520mpqrinter196663395026304A676','data:image/jpeg;base64,[BLOB]','2022-01-21 16:45:40','2022-01-21 16:45:40','2022-01-22 16:45:40'),(75,'19679176358','156','5896','3','SAMUEL','PDV','mercado-pago','12','SALOMAO LIMA','00000000000','sal@test.com','VENDA PDV','0.15','ESPERANDO_PAGAMENTO','esperando pagamento','00020126450014br.gov.bcb.pix0123samuel620lima@gmail.com52040000530398654040.155802BR5922DESAMUEL202112141621156009Sao Paulo62240520mpqrinter196791763586304111D','data:image/jpeg;base64,[BLOB]','2022-01-22 09:54:54','2022-01-22 09:54:54','2022-01-23 09:54:53'),(76,'19860325965','156','5896','3','SAMUEL','PDV','mercado-pago','12','SALOMAO LIMA','00000000000','sal@test.com','VENDA PDV','0.15','ESPERANDO_PAGAMENTO','esperando pagamento','00020126450014br.gov.bcb.pix0123samuel620lima@gmail.com52040000530398654040.155802BR5922DESAMUEL202112141621156009Sao Paulo62240520mpqrinter1986032596563049179','data:image/jpeg;base64,[BLOB]','2022-01-31 10:13:35','2022-01-31 10:13:35','2022-02-01 10:13:35'),(77,'50036676347','228','59','00000000010','PAULO','PDV','mercado-pago','','CONSUMIDOR','','sememail@teste.com','VENDA PDV','0.50','ESPERANDO_PAGAMENTO','esperando pagamento','00020126450014br.gov.bcb.pix0123samuel620lima@gmail.com52040000530398654040.505802BR5922DESAMUEL202112141621156009Sao Paulo62240520mpqrinter500366763476304B987','data:image/jpeg;base64,[BLOB]','2022-09-30 10:09:28','2022-09-30 10:09:28','2022-10-01 10:09:27'),(78,'50045372844','229','61','00000000010','PAULO','PDV','mercado-pago','','CONSUMIDOR','','sememail@teste.com','VENDA PDV','0.50','ESPERANDO_PAGAMENTO','esperando pagamento','00020126450014br.gov.bcb.pix0123samuel620lima@gmail.com52040000530398654040.505802BR5922DESAMUEL202112141621156009Sao Paulo62240520mpqrinter500453728446304A1D6','data:image/jpeg;base64,[BLOB]','2022-09-30 14:15:58','2022-09-30 14:15:58','2022-10-01 14:15:58');

--
-- Table structure for table `planodecontas`
--

CREATE TABLE `planodecontas` (
  `planodecontasid` int(2) unsigned zerofill NOT NULL AUTO_INCREMENT,
  `planodecontasdescricao` varchar(120) DEFAULT NULL,
  `planodecontassequencia` varchar(20) NOT NULL,
  `planodecontasnivel` int(1) unsigned zerofill DEFAULT 0,
  `planodecontastipo` varchar(1) DEFAULT NULL COMMENT 'R- Receita\r\nD - Despesa\r\n',
  `planodecontasconta` int(2) unsigned zerofill DEFAULT NULL,
  `planodecontassubconta` int(2) unsigned zerofill DEFAULT NULL,
  PRIMARY KEY (`planodecontasid`),
  UNIQUE KEY `planodecontassequencia` (`planodecontassequencia`),
  UNIQUE KEY `planodecontasconta` (`planodecontasconta`),
  UNIQUE KEY `planodecontassubconta` (`planodecontassubconta`),
  KEY `planodecontasnivel1` (`planodecontasnivel`),
  KEY `planodecontasnivel1_2` (`planodecontasnivel`)
) ENGINE=InnoDB AUTO_INCREMENT=3 DEFAULT CHARSET=latin1;

--
-- Dumping data for table `planodecontas`
--

INSERT INTO `planodecontas` VALUES (01,'DESPESAS','01.00.00.00',1,'D',NULL,NULL),(02,'RECEITAS','02.00.00.00',1,'R',NULL,NULL);

--
-- Table structure for table `produto_grade`
--

CREATE TABLE `produto_grade` (
  `codigo` int(10) NOT NULL AUTO_INCREMENT,
  `produto` int(10) NOT NULL,
  `quantidade` decimal(19,4) DEFAULT 0.0000,
  `cor` varchar(20) DEFAULT NULL,
  `tamanho` varchar(20) DEFAULT NULL,
  `lote` varchar(20) DEFAULT NULL,
  `fabricacao` date DEFAULT NULL,
  `validade` date DEFAULT NULL,
  `obs` varchar(200) DEFAULT NULL,
  `ativo` int(1) DEFAULT 1,
  PRIMARY KEY (`codigo`) USING BTREE,
  KEY `produto` (`produto`) USING BTREE
) ENGINE=InnoDB DEFAULT CHARSET=latin1 ROW_FORMAT=COMPACT;

--
-- Dumping data for table `produto_grade`
--


--
-- Table structure for table `produtofornecedor`
--

CREATE TABLE `produtofornecedor` (
  `produtofornecedorid` int(11) NOT NULL AUTO_INCREMENT,
  `produto` varchar(20) DEFAULT NULL,
  `codbarras` varchar(60) DEFAULT NULL,
  `fornecedor` varchar(14) DEFAULT NULL,
  `codfornecedor` varchar(20) DEFAULT NULL,
  PRIMARY KEY (`produtofornecedorid`)
) ENGINE=InnoDB DEFAULT CHARSET=latin1;

--
-- Dumping data for table `produtofornecedor`
--


--
-- Table structure for table `qtdcarga`
--

CREATE TABLE `qtdcarga` (
  `qtdcargaid` int(11) NOT NULL AUTO_INCREMENT,
  `cunid` varchar(2) DEFAULT '00',
  `tpmed` varchar(20) DEFAULT NULL,
  `qcarga` float(11,4) DEFAULT NULL,
  `cte` int(11) DEFAULT NULL,
  PRIMARY KEY (`qtdcargaid`),
  KEY `cte` (`cte`)
) ENGINE=InnoDB DEFAULT CHARSET=latin1;

--
-- Dumping data for table `qtdcarga`
--


--
-- Table structure for table `recebedor`
--

CREATE TABLE `recebedor` (
  `recebedorid` int(11) NOT NULL AUTO_INCREMENT,
  `cnpj` varchar(14) DEFAULT NULL,
  `ie` varchar(14) DEFAULT NULL,
  `xnome` varchar(60) DEFAULT NULL,
  `xfant` varchar(60) DEFAULT NULL,
  `fone` varchar(12) DEFAULT NULL,
  `xlgr` varchar(255) DEFAULT NULL,
  `nro` varchar(60) DEFAULT NULL,
  `xcpl` varchar(60) DEFAULT NULL,
  `xbairro` varchar(60) DEFAULT NULL,
  `xmun` varchar(60) DEFAULT NULL,
  `cmun` varchar(7) DEFAULT NULL,
  `cep` varchar(8) DEFAULT NULL,
  `uf` varchar(2) DEFAULT NULL,
  PRIMARY KEY (`recebedorid`)
) ENGINE=InnoDB DEFAULT CHARSET=latin1;

--
-- Dumping data for table `recebedor`
--


--
-- Table structure for table `recuperasenha`
--

CREATE TABLE `recuperasenha` (
  `recuperasenhaid` int(11) NOT NULL AUTO_INCREMENT,
  `usuario` int(11) DEFAULT NULL,
  `expiracao` date DEFAULT NULL,
  `recuperado` varchar(1) DEFAULT 'N',
  PRIMARY KEY (`recuperasenhaid`)
) ENGINE=InnoDB DEFAULT CHARSET=latin1;

--
-- Dumping data for table `recuperasenha`
--


--
-- Table structure for table `region`
--

CREATE TABLE `region` (
  `id` int(11) NOT NULL AUTO_INCREMENT COMMENT 'ID',
  `id_language` int(11) DEFAULT NULL COMMENT 'Language',
  `title` varchar(80) DEFAULT NULL COMMENT 'Title',
  `created_at` datetime DEFAULT NULL COMMENT 'Created At',
  `updated_at` datetime DEFAULT NULL COMMENT 'Updated At',
  `status` enum('0','1') DEFAULT '1' COMMENT 'Status',
  PRIMARY KEY (`id`)
) ENGINE=InnoDB AUTO_INCREMENT=6 DEFAULT CHARSET=latin1;

--
-- Dumping data for table `region`
--

INSERT INTO `region` VALUES (1,167,'Norte','1981-10-10 21:00:00','1981-10-10 21:00:00','1'),(2,167,'Nordeste','1981-10-10 21:00:00','1981-10-10 21:00:00','1'),(3,167,'Sudeste','1981-10-10 21:00:00','1981-10-10 21:00:00','1'),(4,167,'Sul','1981-10-10 21:00:00','1981-10-10 21:00:00','1'),(5,167,'Centro-Oeste','1981-10-10 21:00:00','1981-10-10 21:00:00','1');

--
-- Table structure for table `remetente`
--

CREATE TABLE `remetente` (
  `remetenteid` int(11) NOT NULL AUTO_INCREMENT,
  `cnpj` varchar(14) DEFAULT NULL,
  `ie` varchar(14) DEFAULT NULL,
  `xnome` varchar(60) DEFAULT NULL,
  `xfant` varchar(60) DEFAULT NULL,
  `fone` varchar(12) DEFAULT NULL,
  `xlgr` varchar(255) DEFAULT NULL,
  `nro` varchar(60) DEFAULT NULL,
  `xcpl` varchar(60) DEFAULT NULL,
  `xbairro` varchar(60) DEFAULT NULL,
  `xmun` varchar(60) DEFAULT NULL,
  `cmun` varchar(7) DEFAULT NULL,
  `cep` varchar(8) DEFAULT NULL,
  `uf` varchar(2) DEFAULT NULL,
  PRIMARY KEY (`remetenteid`)
) ENGINE=InnoDB AUTO_INCREMENT=2 DEFAULT CHARSET=latin1;

--
-- Dumping data for table `remetente`
--

INSERT INTO `remetente` VALUES (1,'fasdf45fasf5','5468452165','joão','incetre e pague','','...','','','...','...','...','58297000','');

--
-- Table structure for table `segurocte`
--

CREATE TABLE `segurocte` (
  `segurocteid` int(11) NOT NULL AUTO_INCREMENT,
  `respseg` varchar(1) DEFAULT NULL,
  `xseg` varchar(30) DEFAULT NULL,
  `napol` varchar(20) DEFAULT NULL,
  `naver` varchar(20) DEFAULT NULL,
  `vmerc` decimal(15,2) DEFAULT NULL,
  `cte` int(11) DEFAULT NULL,
  PRIMARY KEY (`segurocteid`)
) ENGINE=InnoDB DEFAULT CHARSET=latin1;

--
-- Dumping data for table `segurocte`
--


--
-- Table structure for table `servico`
--

CREATE TABLE `servico` (
  `codigo` int(10) NOT NULL AUTO_INCREMENT,
  `servico` varchar(50) DEFAULT NULL,
  `descricao` longtext DEFAULT NULL,
  PRIMARY KEY (`codigo`) USING BTREE
) ENGINE=InnoDB DEFAULT CHARSET=latin1 ROW_FORMAT=COMPACT;

--
-- Dumping data for table `servico`
--


--
-- Table structure for table `state`
--

CREATE TABLE `state` (
  `id` int(11) NOT NULL AUTO_INCREMENT COMMENT 'ID',
  `id_country` int(4) NOT NULL COMMENT 'Country',
  `id_region` int(11) NOT NULL COMMENT 'Region',
  `title` varchar(35) CHARACTER SET utf8 NOT NULL COMMENT 'Title',
  `letter` char(2) CHARACTER SET utf8 NOT NULL COMMENT 'Letter State',
  `iso` int(2) NOT NULL COMMENT 'Code ISO',
  `created_at` datetime DEFAULT NULL COMMENT 'Created At',
  `updated_at` datetime DEFAULT NULL COMMENT 'Updated At',
  `status` enum('0','1') CHARACTER SET utf8 NOT NULL DEFAULT '1' COMMENT 'Status',
  PRIMARY KEY (`id`),
  KEY `FK_id_country_state` (`id_country`)
) ENGINE=InnoDB DEFAULT CHARSET=latin1 COMMENT='Tabela de Cadastro de ESTADOS';

--
-- Dumping data for table `state`
--


--
-- Table structure for table `tabelacest`
--

CREATE TABLE `tabelacest` (
  `codigo_tbc` int(11) NOT NULL AUTO_INCREMENT COMMENT 'Chave Primaria Auto-Incremento',
  `legal_tbc` int(11) NOT NULL COMMENT 'CÃƒÂƒÃ‚Â³digo do CEST',
  `ncm_tbc` int(11) NOT NULL COMMENT 'CÃƒÂƒÃ‚Â³digo do NCM',
  `descricao_tbc` text NOT NULL COMMENT 'DescriÃƒÂƒÃ‚Â§ÃƒÂƒÃ‚Â£o do CEST',
  PRIMARY KEY (`codigo_tbc`),
  KEY `ncm_tbc` (`ncm_tbc`)
) ENGINE=InnoDB DEFAULT CHARSET=utf8;

--
-- Dumping data for table `tabelacest`
--


--
-- Table structure for table `tef_transacao`
--

CREATE TABLE `tef_transacao` (
  `codigo` int(11) NOT NULL AUTO_INCREMENT,
  `operacao` varchar(45) DEFAULT NULL,
  `horigem` varchar(45) DEFAULT NULL,
  `codigo_externo` varchar(45) DEFAULT NULL,
  `valor` decimal(15,2) DEFAULT NULL,
  `status` varchar(45) DEFAULT NULL,
  `datahora` datetime DEFAULT NULL,
  `observacao` varchar(255) DEFAULT NULL,
  PRIMARY KEY (`codigo`)
) ENGINE=InnoDB AUTO_INCREMENT=151 DEFAULT CHARSET=latin1;

--
-- Dumping data for table `tef_transacao`
--

INSERT INTO `tef_transacao` VALUES (4,'CRT',NULL,NULL,0.00,'ERRO','2021-10-07 09:25:08','Apenas um teste'),(5,'CRT',NULL,NULL,NULL,'ADICIONADO','2021-10-07 09:25:20',NULL),(6,'CRT',NULL,NULL,NULL,'ADICIONADO','2021-10-07 09:25:41',NULL),(7,'CRT',NULL,NULL,NULL,'ADICIONADO','2021-10-07 09:26:59',NULL),(8,'CRT',NULL,NULL,NULL,'ADICIONADO','2021-10-07 09:27:11',NULL),(9,'CRT',NULL,NULL,NULL,'ADICIONADO','2021-10-07 09:29:15',NULL),(10,'CRT',NULL,NULL,NULL,'ADICIONADO','2021-10-07 09:30:05',NULL),(11,'CRT',NULL,NULL,NULL,'ADICIONADO','2021-10-07 14:23:24',NULL),(12,'CRT',NULL,NULL,NULL,'ADICIONADO','2021-10-07 14:34:27',NULL),(13,'CRT',NULL,NULL,NULL,'ADICIONADO','2021-10-07 14:34:29',NULL),(14,'CRT',NULL,NULL,NULL,'ADICIONADO','2021-10-07 14:34:41',NULL),(15,'CRT',NULL,NULL,NULL,'ADICIONADO','2021-10-07 14:51:19',NULL),(16,'CRT',NULL,NULL,NULL,'ADICIONADO','2021-10-13 16:05:42',NULL),(17,'CRT',NULL,NULL,NULL,'ADICIONADO','2021-10-18 16:33:07',NULL),(18,'CRT',NULL,NULL,NULL,'ADICIONADO','2021-10-18 16:33:28',NULL),(19,'CRT',NULL,NULL,NULL,'PENDENTE','2021-11-09 09:07:15',NULL),(20,'CRT',NULL,NULL,NULL,'PENDENTE','2021-11-09 15:50:43',NULL),(21,'CRT',NULL,NULL,NULL,'PENDENTE','2021-11-10 09:51:53',NULL),(22,'CRT',NULL,NULL,NULL,'PENDENTE','2021-11-10 13:43:39',NULL),(23,'CRT',NULL,NULL,NULL,'PENDENTE','2021-12-23 14:39:27',NULL),(24,'CRT',NULL,NULL,NULL,'PENDENTE','2022-01-10 14:19:39',NULL),(25,'CRT',NULL,NULL,NULL,'PENDENTE','2022-01-10 14:31:34',NULL),(26,'CRT',NULL,NULL,NULL,'PENDENTE','2022-01-10 14:31:48',NULL),(27,'CRT',NULL,NULL,NULL,'PENDENTE','2022-01-10 14:32:08',NULL),(28,'CRT',NULL,NULL,NULL,'PENDENTE','2022-01-10 15:45:49',NULL),(29,'CRT',NULL,NULL,NULL,'PENDENTE','2022-03-17 10:44:53',NULL),(30,'CRT',NULL,NULL,NULL,'PENDENTE','2022-03-17 10:57:59',NULL),(31,'CRT',NULL,NULL,NULL,'PENDENTE','2022-03-17 11:09:15',NULL),(32,'CRT',NULL,NULL,NULL,'PENDENTE','2022-07-15 16:46:00',NULL),(33,'CRT',NULL,NULL,NULL,'PENDENTE','2022-07-16 10:11:54',NULL),(34,'CRT',NULL,NULL,NULL,'PENDENTE','2022-07-16 10:13:22',NULL),(35,'CRT',NULL,NULL,NULL,'PENDENTE','2022-07-16 10:58:25',NULL),(36,'CRT',NULL,NULL,NULL,'PENDENTE','2022-07-16 11:36:10',NULL),(37,'CRT',NULL,NULL,NULL,'PENDENTE','2022-07-20 09:19:34',NULL),(38,'CRT',NULL,NULL,NULL,'PENDENTE','2022-07-20 09:19:48',NULL),(39,'CRT',NULL,NULL,NULL,'PENDENTE','2022-07-20 09:20:58',NULL),(40,'CRT',NULL,NULL,NULL,'PENDENTE','2022-07-20 09:24:19',NULL),(41,'CRT',NULL,NULL,NULL,'PENDENTE','2022-07-20 09:24:33',NULL),(42,'CRT',NULL,NULL,NULL,'PENDENTE','2022-07-20 09:28:47',NULL),(43,'CRT',NULL,NULL,NULL,'PENDENTE','2022-07-20 09:29:10',NULL),(44,'CRT',NULL,NULL,NULL,'PENDENTE','2022-07-20 09:29:46',NULL),(45,'CRT',NULL,NULL,NULL,'PENDENTE','2022-07-20 09:29:47',NULL),(46,'CRT',NULL,NULL,NULL,'PENDENTE','2022-07-20 09:29:49',NULL),(47,'CRT',NULL,NULL,NULL,'PENDENTE','2022-07-20 09:30:33',NULL),(48,'CRT',NULL,NULL,NULL,'PENDENTE','2022-07-20 09:31:26',NULL),(49,'CRT',NULL,NULL,NULL,'PENDENTE','2022-07-20 09:32:20',NULL),(50,'CRT',NULL,NULL,NULL,'PENDENTE','2022-07-20 09:35:54',NULL),(51,'CRT',NULL,NULL,NULL,'PENDENTE','2022-07-20 09:38:12',NULL),(52,'CRT',NULL,NULL,NULL,'PENDENTE','2022-07-20 09:40:54',NULL),(53,'CRT',NULL,NULL,NULL,'PENDENTE','2022-07-20 09:42:50',NULL),(54,'CRT',NULL,NULL,NULL,'PENDENTE','2022-07-20 09:43:40',NULL),(55,'CRT',NULL,NULL,NULL,'PENDENTE','2022-07-20 09:45:18',NULL),(56,'CRT',NULL,NULL,NULL,'PENDENTE','2022-07-20 09:45:49',NULL),(57,'CRT',NULL,NULL,NULL,'PENDENTE','2022-07-20 09:54:15',NULL),(58,'CRT',NULL,NULL,NULL,'PENDENTE','2022-07-20 09:56:19',NULL),(59,'CRT',NULL,NULL,NULL,'PENDENTE','2022-07-20 09:56:32',NULL),(60,'CRT',NULL,NULL,NULL,'PENDENTE','2022-07-20 09:56:41',NULL),(61,'CRT',NULL,NULL,NULL,'PENDENTE','2022-07-20 09:57:10',NULL),(62,'CRT',NULL,NULL,NULL,'PENDENTE','2022-07-20 09:58:11',NULL),(63,'CRT',NULL,NULL,NULL,'PENDENTE','2022-07-20 10:03:35',NULL),(64,'CRT',NULL,NULL,NULL,'PENDENTE','2022-07-20 10:04:41',NULL),(65,'CRT',NULL,NULL,NULL,'PENDENTE','2022-07-20 10:04:51',NULL),(66,'CRT',NULL,NULL,NULL,'PENDENTE','2022-07-20 10:05:30',NULL),(67,'CRT',NULL,NULL,NULL,'PENDENTE','2022-07-20 10:07:32',NULL),(68,'CRT',NULL,NULL,NULL,'PENDENTE','2022-07-20 10:12:22',NULL),(69,'CRT',NULL,NULL,NULL,'PENDENTE','2022-07-20 10:14:00',NULL),(70,'CRT',NULL,NULL,NULL,'PENDENTE','2022-07-20 10:15:09',NULL),(71,'CRT',NULL,NULL,NULL,'PENDENTE','2022-07-20 10:20:28',NULL),(72,'CRT',NULL,NULL,NULL,'PENDENTE','2022-07-20 10:24:05',NULL),(73,'CRT',NULL,NULL,NULL,'PENDENTE','2022-07-20 10:29:06',NULL),(74,'CRT',NULL,NULL,NULL,'PENDENTE','2022-07-20 10:30:20',NULL),(75,'CRT',NULL,NULL,NULL,'PENDENTE','2022-07-20 10:31:57',NULL),(76,'CRT',NULL,NULL,NULL,'PENDENTE','2022-07-20 10:36:43',NULL),(77,'CRT',NULL,NULL,NULL,'PENDENTE','2022-07-20 10:49:18',NULL),(78,'CRT',NULL,NULL,NULL,'PENDENTE','2022-07-20 10:49:26',NULL),(79,'CRT',NULL,NULL,NULL,'PENDENTE','2022-07-20 10:49:38',NULL),(80,'CRT',NULL,NULL,NULL,'PENDENTE','2022-07-20 10:50:10',NULL),(81,'CRT',NULL,NULL,NULL,'PENDENTE','2022-07-20 10:50:41',NULL),(82,'CRT',NULL,NULL,NULL,'PENDENTE','2022-07-20 10:51:11',NULL),(83,'CRT',NULL,NULL,NULL,'PENDENTE','2022-07-20 11:02:32',NULL),(84,'CRT',NULL,NULL,NULL,'PENDENTE','2022-07-20 11:04:43',NULL),(85,'CRT',NULL,NULL,NULL,'PENDENTE','2022-07-20 11:06:34',NULL),(86,'CRT',NULL,NULL,NULL,'PENDENTE','2022-07-20 11:06:59',NULL),(87,'CRT',NULL,NULL,NULL,'PENDENTE','2022-07-20 11:07:25',NULL),(88,'CRT',NULL,NULL,NULL,'PENDENTE','2022-07-20 11:10:25',NULL),(89,'CRT',NULL,NULL,NULL,'PENDENTE','2022-07-20 11:10:36',NULL),(90,'CRT',NULL,NULL,NULL,'PENDENTE','2022-07-22 09:06:17',NULL),(91,'CRT',NULL,NULL,NULL,'PENDENTE','2022-07-22 09:11:13',NULL),(92,'CRT',NULL,NULL,NULL,'PENDENTE','2022-07-22 09:19:31',NULL),(93,'CRT',NULL,NULL,NULL,'PENDENTE','2022-07-22 09:24:56',NULL),(94,'CRT',NULL,NULL,NULL,'PENDENTE','2022-07-22 09:36:06',NULL),(95,'CRT',NULL,NULL,NULL,'PENDENTE','2022-07-22 09:47:50',NULL),(96,'CRT',NULL,NULL,NULL,'PENDENTE','2022-07-22 09:50:56',NULL),(97,'CRT',NULL,NULL,NULL,'PENDENTE','2022-07-22 10:08:30',NULL),(98,'CRT',NULL,NULL,NULL,'PENDENTE','2022-07-22 10:10:04',NULL),(99,'CRT',NULL,NULL,NULL,'PENDENTE','2022-07-22 10:11:33',NULL),(100,'CRT',NULL,NULL,NULL,'PENDENTE','2022-07-22 10:21:36',NULL),(101,'CRT',NULL,NULL,NULL,'PENDENTE','2022-07-22 10:28:42',NULL),(102,'CRT',NULL,NULL,NULL,'PENDENTE','2022-07-22 10:32:40',NULL),(103,'CRT',NULL,NULL,NULL,'PENDENTE','2022-07-22 11:11:18',NULL),(104,'CRT',NULL,NULL,NULL,'PENDENTE','2022-07-25 09:06:25',NULL),(105,'CRT',NULL,NULL,NULL,'PENDENTE','2022-07-25 09:07:45',NULL),(106,'CRT',NULL,NULL,NULL,'PENDENTE','2022-07-25 09:18:40',NULL),(107,'CRT',NULL,NULL,NULL,'PENDENTE','2022-07-25 09:18:58',NULL),(108,'CRT',NULL,NULL,NULL,'PENDENTE','2022-07-25 09:20:01',NULL),(109,'CRT',NULL,NULL,NULL,'PENDENTE','2022-07-25 09:38:02',NULL),(110,'CRT',NULL,NULL,NULL,'PENDENTE','2022-07-25 09:38:15',NULL),(111,'CRT',NULL,NULL,NULL,'PENDENTE','2022-07-25 09:39:30',NULL),(112,'CRT',NULL,NULL,NULL,'PENDENTE','2022-07-25 09:42:09',NULL),(113,'CRT',NULL,NULL,NULL,'PENDENTE','2022-07-25 09:45:14',NULL),(114,'CRT',NULL,NULL,NULL,'PENDENTE','2022-07-25 09:55:09',NULL),(115,'CRT',NULL,NULL,NULL,'PENDENTE','2022-07-25 10:03:27',NULL),(116,'CRT',NULL,NULL,NULL,'PENDENTE','2022-07-25 10:03:29',NULL),(117,'CRT',NULL,NULL,NULL,'PENDENTE','2022-07-25 10:04:11',NULL),(118,'CRT',NULL,NULL,NULL,'PENDENTE','2022-07-25 15:01:07',NULL),(119,'CRT',NULL,NULL,NULL,'PENDENTE','2022-07-26 09:06:36',NULL),(120,'CRT',NULL,NULL,NULL,'PENDENTE','2022-07-26 10:31:40',NULL),(121,'CRT',NULL,NULL,NULL,'PENDENTE','2022-07-26 10:32:25',NULL),(122,'CRT',NULL,NULL,NULL,'PENDENTE','2022-07-26 10:33:20',NULL),(123,'CRT',NULL,NULL,NULL,'PENDENTE','2022-07-26 10:34:52',NULL),(124,'CRT',NULL,NULL,NULL,'PENDENTE','2022-07-26 10:48:03',NULL),(125,'CRT',NULL,NULL,NULL,'PENDENTE','2022-07-26 10:55:16',NULL),(126,'CRT',NULL,NULL,NULL,'PENDENTE','2022-07-26 11:11:03',NULL),(127,'CRT',NULL,NULL,NULL,'PENDENTE','2022-07-26 11:15:00',NULL),(128,'CRT',NULL,NULL,NULL,'PENDENTE','2022-07-26 15:47:18',NULL),(129,'CRT',NULL,NULL,NULL,'PENDENTE','2022-07-26 15:48:02',NULL),(130,'CRT',NULL,NULL,NULL,'PENDENTE','2022-07-26 15:49:32',NULL),(131,'CRT',NULL,NULL,NULL,'PENDENTE','2022-07-26 17:24:24',NULL),(132,'CRT',NULL,NULL,NULL,'PENDENTE','2022-07-26 17:25:42',NULL),(133,'CRT',NULL,NULL,NULL,'PENDENTE','2022-07-26 17:27:36',NULL),(134,'CRT',NULL,NULL,NULL,'PENDENTE','2022-07-26 17:27:50',NULL),(135,'CRT',NULL,NULL,NULL,'PENDENTE','2022-07-27 08:52:47',NULL),(136,'CRT',NULL,NULL,NULL,'PENDENTE','2022-07-27 09:37:41',NULL),(137,'CRT',NULL,NULL,NULL,'PENDENTE','2022-07-27 09:39:05',NULL),(138,'CRT',NULL,NULL,NULL,'PENDENTE','2022-07-27 09:58:56',NULL),(139,'CRT',NULL,NULL,NULL,'PENDENTE','2022-07-27 10:16:52',NULL),(140,'CRT',NULL,NULL,NULL,'PENDENTE','2022-07-27 10:16:53',NULL),(141,'CRT',NULL,NULL,NULL,'PENDENTE','2022-07-27 10:20:35',NULL),(142,'CRT',NULL,NULL,NULL,'PENDENTE','2022-07-27 10:26:17',NULL),(143,'CRT',NULL,NULL,NULL,'PENDENTE','2022-07-27 10:29:58',NULL),(144,'CRT',NULL,NULL,NULL,'PENDENTE','2022-07-27 10:31:13',NULL),(145,'CRT',NULL,NULL,0.50,'ERRO','2022-07-27 10:36:02','Erro! Gerenciador Padrão inativo.'),(146,'CRT',NULL,NULL,0.50,'ERRO','2022-07-27 10:58:08','Erro! Gerenciador Padrão inativo.'),(147,'CRT',NULL,NULL,0.50,'ERRO','2022-07-27 11:02:01','Erro! Gerenciador Padrão inativo.'),(148,'CRT',NULL,NULL,0.50,'ERRO','2022-07-27 11:04:57','Erro! Gerenciador Padrão inativo.'),(149,'CRT',NULL,NULL,0.50,'ERRO','2022-07-27 11:06:51','Erro! Gerenciador Padrão inativo.'),(150,'CRT',NULL,NULL,0.50,'ERRO','2022-07-29 15:53:20','Erro! Gerenciador Padrão inativo.');

--
-- Table structure for table `temas`
--

CREATE TABLE `temas` (
  `codigo` int(11) NOT NULL AUTO_INCREMENT,
  `titulo` varchar(100) DEFAULT NULL,
  `conteudo` text DEFAULT NULL,
  `selecionado` int(2) DEFAULT NULL,
  PRIMARY KEY (`codigo`)
) ENGINE=InnoDB AUTO_INCREMENT=2 DEFAULT CHARSET=latin1;

--
-- Dumping data for table `temas`
--

INSERT INTO `temas` VALUES (1,'Red Black','{\r\n		\r\n	\"lateral_border_color\": \"3px solid #ff0000\" , \r\n	\"menu_top\": \"#000000\",	  \r\n	\"menu_top_color\": \"#ffffff\",	  \r\n	\"menu_top_btn_color\": \"#ff0000\",\r\n	\r\n	\"menu_lateral_background\": \"#4f4e4e\",\r\n	\"menu_lateral_color\": \"#000000\",\r\n	\"menu_lateral_btn_color\": \"#ff0000\",\r\n	\r\n	\"home_conteudo_background\": \"#efefef\",\r\n      \r\n	  \r\n	 \r\n      \"botoes\": \"color: #ffffff; background-color: #191919;  text-shadow: 1px 1px 3px #000; border: 1px solid #888888; \",\r\n      \r\n      \"botoes_confirma\": \" color: #ffffff; background-color: #015805; box-shadow: 1px 1px 3px #000000; border: 1px solid #333333; \",\r\n      \r\n      \"botoes_cancelar\": \"color: #ffffff; background-color: #650207;  box-shadow: 1px 1px 3px #000000; border: 1px solid #333333;  \",\r\n      \r\n      \"botoes_ok\": \"color: #ffffff; background-color: #003088;  box-shadow: 1px 1px 3px #000000; border: 1px solid #333333;  \",\r\n      \r\n      \r\n      \r\n      \"botoes_paginacao\" : \" background: linear-gradient(0deg , #aa000a 0%, #000000 40%, #000000 100%);       box-shadow: #ffffff 1px 1px 3px; color: #ffffff; \",\r\n      \"botoes_paginacao_ativo\" : \" background: linear-gradient(0deg , #888888 0%, #000000 40%, #000000 100%);  box-shadow: #ffffff 1px 1px 3px; color: #ffffff;\",\r\n\r\n      \"fundo\" : \"background: linear-gradient(0deg, rgb(18 0 0) 0%, rgb(0 0 0) 40%, rgb(170, 0, 10) 100%); \",\r\n      \"content_pdv\" : \" background: rgba(0,0,0,0.4) \",\r\n      \"box_form\" : \" background-color: #aa000a; color: #ffffff;\",\r\n      \"box_form_alerte\" : \" color: #ffffff; font-weight: normal;\",\r\n      \"box_form_alerte_ativo\" : \"background-color: #ffffff;   color: #aa000a;  font-weight: bold;\",\r\n      \"titulo_home_local\" : \" background-color: #000000; color: #ffffff; \"\r\n}\r\n\r\n\r\n\r\n',1);

--
-- Table structure for table `tomador`
--

CREATE TABLE `tomador` (
  `tomadorid` int(11) NOT NULL AUTO_INCREMENT,
  `cnpj` varchar(14) DEFAULT NULL,
  `ie` varchar(14) DEFAULT NULL,
  `xnome` varchar(60) DEFAULT NULL,
  `xfant` varchar(60) DEFAULT NULL,
  `fone` varchar(12) DEFAULT NULL,
  `xlgr` varchar(255) DEFAULT NULL,
  `nro` varchar(60) DEFAULT NULL,
  `xcpl` varchar(60) DEFAULT NULL,
  `xbairro` varchar(60) DEFAULT NULL,
  `xmun` varchar(60) DEFAULT NULL,
  `cmun` varchar(7) DEFAULT NULL,
  `cep` varchar(8) DEFAULT NULL,
  `uf` varchar(2) DEFAULT NULL,
  `suframa` varchar(9) DEFAULT NULL,
  PRIMARY KEY (`tomadorid`)
) ENGINE=InnoDB AUTO_INCREMENT=2 DEFAULT CHARSET=latin1;

--
-- Dumping data for table `tomador`
--

INSERT INTO `tomador` VALUES (1,'654987654','6549845','Francisco','Texmundo','','...','','','...','...','...','58297000','',NULL);

--
-- Table structure for table `transportador`
--

CREATE TABLE `transportador` (
  `transportadorid` int(11) NOT NULL AUTO_INCREMENT,
  `CNPJ` varchar(16) DEFAULT NULL,
  `xNome` varchar(60) DEFAULT NULL,
  `IE` varchar(14) DEFAULT NULL,
  `xMun` varchar(60) DEFAULT NULL,
  `UF` varchar(2) DEFAULT NULL,
  `cMun` varchar(8) DEFAULT NULL,
  `CEP` varchar(8) DEFAULT NULL,
  `xLgr` varchar(60) DEFAULT NULL,
  `nro` varchar(60) DEFAULT NULL,
  `xBairro` varchar(120) DEFAULT NULL,
  `xCpl` varchar(60) DEFAULT NULL,
  `xPlaca` varchar(60) DEFAULT NULL,
  PRIMARY KEY (`transportadorid`)
) ENGINE=InnoDB AUTO_INCREMENT=16 DEFAULT CHARSET=latin1;

--
-- Dumping data for table `transportador`
--

INSERT INTO `transportador` VALUES (14,'546548651684','Transportadora G2Viagens','','Mamanguape','PB','2508901','58280000','Rua Presidente Kennedy','80','Centro','','rdt1516'),(15,'14272237000136','Transportadora treino e viagem','','Rio Tinto','PB','2512903','58297000','Av.Presidente Kennedy','1000','centro','','vde56456');

--
-- Table structure for table `usuario_funcao`
--

CREATE TABLE `usuario_funcao` (
  `codigo` int(11) NOT NULL AUTO_INCREMENT,
  `funcao_nome` varchar(50) DEFAULT NULL,
  PRIMARY KEY (`codigo`)
) ENGINE=InnoDB AUTO_INCREMENT=3 DEFAULT CHARSET=latin1;

--
-- Dumping data for table `usuario_funcao`
--

INSERT INTO `usuario_funcao` VALUES (1,'CARECA1MM'),(2,'LIVO');

--
-- Table structure for table `usuario_setor`
--

CREATE TABLE `usuario_setor` (
  `codigo` int(11) NOT NULL AUTO_INCREMENT,
  `setor_nome` varchar(50) NOT NULL,
  PRIMARY KEY (`codigo`)
) ENGINE=InnoDB AUTO_INCREMENT=4 DEFAULT CHARSET=latin1;

--
-- Dumping data for table `usuario_setor`
--

INSERT INTO `usuario_setor` VALUES (2,'KK1010'),(3,'UMA');

--
-- Table structure for table `veiculo`
--

CREATE TABLE `veiculo` (
  `veiculoid` int(11) NOT NULL AUTO_INCREMENT,
  `cint` int(10) DEFAULT NULL,
  `renavam` varchar(9) DEFAULT NULL,
  `placa` varchar(7) DEFAULT NULL,
  `tara` varchar(6) DEFAULT NULL,
  `capkg` varchar(6) DEFAULT NULL,
  `capm3` varchar(3) DEFAULT NULL,
  `tpprop` varchar(1) DEFAULT NULL,
  `tpveic` int(1) DEFAULT 0 COMMENT '0-Tra??o, 1-Reboque',
  `tprod` varchar(2) DEFAULT '00' COMMENT '00 - n?o aplic?vel , 01 - Truck, 02 - Toco,\r\n03 - Cavalo Mec?nico, 04 - VAN, 05 -\r\nutilit?rio, 06-autom?vel, 99 - outros;',
  `tpcar` varchar(2) DEFAULT '00' COMMENT 'Tabela: 00 - n?o aplic?vel , 01 - Aberta, 02\r\n- Fechada/Ba?, 03 - Granelera, 04 - Porta\r\nContainer, 05 - Sider,',
  `uf` varchar(2) DEFAULT NULL,
  `cpf` varchar(11) DEFAULT NULL,
  `cnpj` varchar(14) DEFAULT NULL,
  `rntrc` varchar(14) DEFAULT NULL,
  `xnome` varchar(60) DEFAULT NULL,
  `ie` varchar(14) DEFAULT NULL,
  `propuf` varchar(2) DEFAULT NULL,
  `proptpprop` int(1) DEFAULT 1 COMMENT '0-TAC - Agregado ou 1-TAC Independente',
  `veiculo` varchar(11) DEFAULT NULL,
  `cpfmotorista` varchar(12) DEFAULT NULL,
  `xnomemotorista` varchar(120) DEFAULT NULL,
  `frota` varchar(1) DEFAULT NULL,
  PRIMARY KEY (`veiculoid`)
) ENGINE=InnoDB DEFAULT CHARSET=latin1;

--
-- Dumping data for table `veiculo`
--


--
-- Table structure for table `venda_pdv`
--

CREATE TABLE `venda_pdv` (
  `codigo` int(11) NOT NULL AUTO_INCREMENT,
  `datavenda` datetime DEFAULT NULL,
  `cancelado` tinyint(1) DEFAULT 0,
  `coo` int(10) unsigned NOT NULL DEFAULT 0,
  `pdv` int(10) unsigned NOT NULL DEFAULT 0,
  `natOp` varchar(60) COLLATE utf8mb4_unicode_ci DEFAULT NULL,
  `indPag` int(11) DEFAULT NULL,
  `destNome` varchar(60) COLLATE utf8mb4_unicode_ci DEFAULT NULL,
  `destEmail` varchar(200) COLLATE utf8mb4_unicode_ci DEFAULT NULL,
  `clienteid` varchar(10) COLLATE utf8mb4_unicode_ci DEFAULT NULL,
  `modelo` varchar(3) COLLATE utf8mb4_unicode_ci DEFAULT NULL,
  `destCNPJ` varchar(50) COLLATE utf8mb4_unicode_ci DEFAULT NULL,
  `destEI` varchar(50) COLLATE utf8mb4_unicode_ci DEFAULT NULL,
  `tpEmis` int(10) DEFAULT NULL,
  `finNFe` int(11) DEFAULT NULL,
  `indPres` int(11) DEFAULT NULL,
  `vDescnf` decimal(15,4) DEFAULT NULL,
  `vPag` decimal(15,4) DEFAULT NULL,
  `tPag` varchar(2) COLLATE utf8mb4_unicode_ci DEFAULT NULL,
  `vOutronf` decimal(15,4) DEFAULT NULL,
  `vFretenf` decimal(15,4) DEFAULT NULL,
  `vSegnf` decimal(15,4) DEFAULT NULL,
  `destxLgr` varchar(50) COLLATE utf8mb4_unicode_ci DEFAULT NULL,
  `destnro` varchar(50) COLLATE utf8mb4_unicode_ci DEFAULT NULL,
  `destxCpl` varchar(50) COLLATE utf8mb4_unicode_ci DEFAULT NULL,
  `destxBairro` varchar(50) COLLATE utf8mb4_unicode_ci DEFAULT NULL,
  `destcMun` varchar(50) COLLATE utf8mb4_unicode_ci DEFAULT NULL,
  `destxMun` varchar(70) COLLATE utf8mb4_unicode_ci DEFAULT NULL,
  `UF` varchar(10) COLLATE utf8mb4_unicode_ci DEFAULT NULL,
  `vTroco` decimal(20,6) DEFAULT NULL,
  `cAut` int(11) DEFAULT NULL,
  `infCpl` int(11) DEFAULT NULL,
  `chavenfe` varchar(60) COLLATE utf8mb4_unicode_ci DEFAULT NULL,
  `recibo` varchar(50) COLLATE utf8mb4_unicode_ci DEFAULT NULL,
  `status` varchar(50) COLLATE utf8mb4_unicode_ci DEFAULT NULL,
  `nProt` varchar(50) COLLATE utf8mb4_unicode_ci DEFAULT NULL,
  `status_sefaz` varchar(100) COLLATE utf8mb4_unicode_ci DEFAULT NULL,
  `msg_sefaz` varchar(200) COLLATE utf8mb4_unicode_ci DEFAULT NULL,
  `datacancelamento` datetime DEFAULT NULL,
  `dataenvio` datetime DEFAULT NULL,
  `operador` int(11) DEFAULT NULL,
  `caixaid` int(11) DEFAULT NULL,
  `fiscal` bit(1) DEFAULT NULL,
  PRIMARY KEY (`codigo`)
) ENGINE=InnoDB AUTO_INCREMENT=254 DEFAULT CHARSET=utf8mb4 COLLATE=utf8mb4_unicode_ci;

--
-- Dumping data for table `venda_pdv`
--

INSERT INTO `venda_pdv` VALUES (14,'2022-03-15 11:02:34',0,0,2,'Venda',0,NULL,NULL,NULL,'65',NULL,NULL,1,1,1,NULL,NULL,NULL,0.0000,0.0000,0.0000,NULL,NULL,NULL,NULL,NULL,NULL,NULL,NULL,NULL,NULL,NULL,NULL,'CANCELADO',NULL,NULL,NULL,NULL,NULL,3,1,NULL),(15,'2022-03-15 11:04:10',0,0,2,'Venda',0,NULL,NULL,NULL,'65',NULL,NULL,1,1,1,NULL,NULL,NULL,0.0000,0.0000,0.0000,NULL,NULL,NULL,NULL,NULL,NULL,NULL,NULL,NULL,NULL,NULL,NULL,'XML_ERRO',NULL,NULL,NULL,NULL,NULL,3,1,NULL),(16,'2022-03-15 11:05:07',0,0,2,'Venda',0,NULL,NULL,NULL,'65',NULL,NULL,1,1,1,NULL,NULL,NULL,0.0000,0.0000,0.0000,NULL,NULL,NULL,NULL,NULL,NULL,NULL,NULL,NULL,NULL,NULL,NULL,'XML_ERRO',NULL,NULL,NULL,NULL,NULL,3,1,NULL),(17,'2022-03-15 11:07:50',0,0,2,'Venda',0,NULL,NULL,NULL,'65',NULL,NULL,1,1,1,NULL,NULL,NULL,0.0000,0.0000,0.0000,NULL,NULL,NULL,NULL,NULL,NULL,NULL,NULL,NULL,NULL,NULL,NULL,'XML_ERRO',NULL,NULL,NULL,NULL,NULL,3,1,NULL),(18,'2022-03-15 11:09:17',0,157,2,'Venda',0,NULL,NULL,NULL,'65',NULL,NULL,1,1,1,NULL,NULL,NULL,0.0000,0.0000,0.0000,NULL,NULL,NULL,NULL,NULL,NULL,NULL,NULL,NULL,NULL,'25220333903812000104650020000001571007815993',NULL,'CANCELADO',NULL,'',NULL,NULL,NULL,3,1,''),(20,'2022-03-16 10:13:21',0,274,2,'Venda',0,NULL,NULL,NULL,'65',NULL,NULL,1,1,1,NULL,NULL,NULL,0.0000,0.0000,0.0000,NULL,NULL,NULL,NULL,NULL,NULL,NULL,NULL,NULL,NULL,'25220333903812000104650020000002741333676018',NULL,'CANCELADO','325220074903403','',NULL,'2022-03-16 16:32:38',NULL,3,1,''),(21,'2022-03-16 16:38:06',0,275,2,'Venda',0,NULL,NULL,NULL,'65',NULL,NULL,1,1,1,NULL,NULL,NULL,0.0000,0.0000,0.0000,NULL,NULL,NULL,NULL,NULL,NULL,NULL,NULL,NULL,NULL,'25220333903812000104650020000002751256912031',NULL,'CANCELADO','325220074968489','',NULL,'2022-03-16 16:51:25',NULL,3,1,''),(22,'2022-03-16 17:16:56',0,0,8,'Venda',0,NULL,NULL,NULL,'65',NULL,NULL,1,1,1,NULL,NULL,NULL,0.0000,0.0000,0.0000,NULL,NULL,NULL,NULL,NULL,NULL,NULL,NULL,NULL,NULL,NULL,NULL,'CANCELADO',NULL,NULL,NULL,NULL,NULL,0,2,NULL),(23,'2022-03-16 17:18:06',0,0,2,'Venda',0,NULL,NULL,NULL,'65',NULL,NULL,1,1,1,NULL,NULL,NULL,0.0000,0.0000,0.0000,NULL,NULL,NULL,NULL,NULL,NULL,NULL,NULL,NULL,NULL,NULL,NULL,'CANCELADO',NULL,NULL,NULL,NULL,NULL,3,1,NULL),(24,'2022-03-17 08:40:40',0,0,2,'Venda',0,NULL,NULL,NULL,'65',NULL,NULL,1,1,1,NULL,NULL,NULL,0.0000,0.0000,0.0000,NULL,NULL,NULL,NULL,NULL,NULL,NULL,NULL,NULL,NULL,NULL,NULL,'CANCELADO',NULL,NULL,NULL,NULL,NULL,3,1,NULL),(25,'2022-03-17 08:41:47',0,0,2,'Venda',0,NULL,NULL,NULL,'65',NULL,NULL,1,1,1,NULL,NULL,NULL,0.0000,0.0000,0.0000,NULL,NULL,NULL,NULL,NULL,NULL,NULL,NULL,NULL,NULL,NULL,NULL,'CANCELADO',NULL,NULL,NULL,NULL,NULL,3,1,NULL),(26,'2022-03-17 09:36:40',0,0,2,'Venda',0,NULL,NULL,NULL,'65',NULL,NULL,1,1,1,NULL,NULL,NULL,0.0000,0.0000,0.0000,NULL,NULL,NULL,NULL,NULL,NULL,NULL,NULL,NULL,NULL,NULL,NULL,'CANCELADO',NULL,NULL,NULL,NULL,NULL,3,1,NULL),(27,'2022-03-18 10:41:33',0,0,2,'Venda',0,NULL,NULL,NULL,'65',NULL,NULL,1,1,1,NULL,NULL,NULL,0.0000,0.0000,0.0000,NULL,NULL,NULL,NULL,NULL,NULL,NULL,NULL,NULL,NULL,NULL,NULL,'CANCELADO',NULL,NULL,NULL,NULL,NULL,3,1,NULL),(28,'2022-03-18 11:04:28',0,283,2,'Venda',0,NULL,NULL,NULL,'65',NULL,NULL,1,1,1,NULL,NULL,NULL,0.0000,0.0000,0.0000,NULL,NULL,NULL,NULL,NULL,NULL,NULL,NULL,NULL,NULL,'25220333903812000104650020000002831404189814',NULL,'CONCLUIDO',NULL,'ENVIO_ERRO',NULL,NULL,NULL,3,1,''),(29,'2022-03-21 11:01:48',0,286,2,'Venda',0,NULL,NULL,NULL,'65',NULL,NULL,1,1,1,NULL,NULL,NULL,0.0000,0.0000,0.0000,NULL,NULL,NULL,NULL,NULL,NULL,NULL,NULL,NULL,NULL,'25220333903812000104650020000002861188385837',NULL,'CONCLUIDO',NULL,'ENVIO_ERRO',NULL,NULL,NULL,3,1,''),(30,'2022-03-21 14:10:43',0,287,2,'Venda',0,NULL,NULL,NULL,'65',NULL,NULL,1,1,1,NULL,NULL,NULL,0.0000,0.0000,0.0000,NULL,NULL,NULL,NULL,NULL,NULL,NULL,NULL,NULL,NULL,'25220333903812000104650020000002871894681078',NULL,'CONCLUIDO',NULL,'ENVIO_ERRO',NULL,NULL,NULL,3,1,''),(31,'2022-03-21 14:12:05',0,288,2,'Venda',0,NULL,NULL,NULL,'65',NULL,NULL,1,1,1,NULL,NULL,NULL,0.0000,0.0000,0.0000,NULL,NULL,NULL,NULL,NULL,NULL,NULL,NULL,NULL,NULL,'25220333903812000104650020000002881094875800',NULL,'CONCLUIDO',NULL,'ENVIO_ERRO',NULL,NULL,NULL,3,1,''),(32,'2022-03-21 14:21:24',0,289,2,'Venda',0,NULL,NULL,NULL,'65',NULL,NULL,1,1,1,NULL,NULL,NULL,0.0000,0.0000,0.0000,NULL,NULL,NULL,NULL,NULL,NULL,NULL,NULL,NULL,NULL,'25220333903812000104650020000002891414709652',NULL,'CONCLUIDO',NULL,'ENVIO_ERRO',NULL,NULL,NULL,3,1,''),(33,'2022-03-21 14:32:45',0,291,2,'Venda',0,NULL,NULL,NULL,'65',NULL,NULL,1,1,1,NULL,NULL,NULL,0.0000,0.0000,0.0000,NULL,NULL,NULL,NULL,NULL,NULL,NULL,NULL,NULL,NULL,'25220333903812000104650020000002911658291655',NULL,'CONCLUIDO',NULL,'ENVIO_ERRO',NULL,NULL,NULL,3,1,''),(34,'2022-03-21 14:43:05',0,292,2,'Venda',0,NULL,NULL,NULL,'65',NULL,NULL,1,1,1,NULL,NULL,NULL,0.0000,0.0000,0.0000,NULL,NULL,NULL,NULL,NULL,NULL,NULL,NULL,NULL,NULL,'25220333903812000104650020000002921084633750',NULL,'CONCLUIDO',NULL,'ENVIO_ERRO',NULL,NULL,NULL,3,1,''),(35,'2022-03-21 14:46:55',0,293,2,'Venda',0,NULL,NULL,NULL,'65',NULL,NULL,1,1,1,NULL,NULL,NULL,0.0000,0.0000,0.0000,NULL,NULL,NULL,NULL,NULL,NULL,NULL,NULL,NULL,NULL,'25220333903812000104650020000002931861833135',NULL,'CONCLUIDO',NULL,'ENVIO_ERRO',NULL,NULL,NULL,3,1,''),(36,'2022-03-21 14:48:19',0,294,2,'Venda',0,NULL,NULL,NULL,'65',NULL,NULL,1,1,1,NULL,NULL,NULL,0.0000,0.0000,0.0000,NULL,NULL,NULL,NULL,NULL,NULL,NULL,NULL,NULL,NULL,'25220333903812000104650020000002941360254105',NULL,'CONCLUIDO',NULL,'ENVIO_ERRO',NULL,NULL,NULL,3,1,''),(37,'2022-03-21 14:51:56',0,295,2,'Venda',0,NULL,NULL,NULL,'65',NULL,NULL,1,1,1,NULL,NULL,NULL,0.0000,0.0000,0.0000,NULL,NULL,NULL,NULL,NULL,NULL,NULL,NULL,NULL,NULL,'25220333903812000104650020000002951221655450',NULL,'CONCLUIDO',NULL,'ENVIO_ERRO',NULL,NULL,NULL,3,1,''),(38,'2022-03-21 14:56:18',0,296,2,'Venda',0,NULL,NULL,NULL,'65',NULL,NULL,1,1,1,NULL,NULL,NULL,0.0000,0.0000,0.0000,NULL,NULL,NULL,NULL,NULL,NULL,NULL,NULL,NULL,NULL,'25220333903812000104650020000002961824131329',NULL,'CONCLUIDO',NULL,'ENVIO_ERRO',NULL,NULL,NULL,3,1,''),(39,'2022-03-21 14:59:52',0,298,2,'Venda',0,NULL,NULL,NULL,'65',NULL,NULL,1,1,1,NULL,NULL,NULL,0.0000,0.0000,0.0000,NULL,NULL,NULL,NULL,NULL,NULL,NULL,NULL,NULL,NULL,'25220333903812000104650020000002981587153353',NULL,'CONCLUIDO',NULL,'XML_GERADA',NULL,NULL,NULL,3,1,''),(40,'2022-03-21 15:03:11',0,299,2,'Venda',0,NULL,NULL,NULL,'65',NULL,NULL,1,1,1,NULL,NULL,NULL,0.0000,0.0000,0.0000,NULL,NULL,NULL,NULL,NULL,NULL,NULL,NULL,NULL,NULL,'25220333903812000104650020000002991471111279',NULL,'CONCLUIDO',NULL,'XML_GERADA',NULL,NULL,NULL,3,1,''),(41,'2022-03-21 15:07:37',0,300,2,'Venda',0,NULL,NULL,NULL,'65',NULL,NULL,1,1,1,NULL,NULL,NULL,0.0000,0.0000,0.0000,NULL,NULL,NULL,NULL,NULL,NULL,NULL,NULL,NULL,NULL,'25220333903812000104650020000003001620593914',NULL,'CONCLUIDO',NULL,'XML_GERADA',NULL,NULL,NULL,3,1,''),(42,'2022-03-21 15:10:02',0,301,2,'Venda',0,NULL,NULL,NULL,'65',NULL,NULL,1,1,1,NULL,NULL,NULL,0.0000,0.0000,0.0000,NULL,NULL,NULL,NULL,NULL,NULL,NULL,NULL,NULL,NULL,'25220333903812000104650020000003011004079914',NULL,'CONCLUIDO',NULL,'XML_GERADA',NULL,NULL,NULL,3,1,''),(43,'2022-03-21 15:10:45',0,302,2,'Venda',0,NULL,NULL,NULL,'65',NULL,NULL,1,1,1,NULL,NULL,NULL,0.0000,0.0000,0.0000,NULL,NULL,NULL,NULL,NULL,NULL,NULL,NULL,NULL,NULL,'25220333903812000104650020000003021774857096',NULL,'CONCLUIDO',NULL,'XML_GERADA',NULL,NULL,NULL,3,1,''),(44,'2022-03-21 15:14:16',0,303,2,'Venda',0,NULL,NULL,NULL,'65',NULL,NULL,1,1,1,NULL,NULL,NULL,0.0000,0.0000,0.0000,NULL,NULL,NULL,NULL,NULL,NULL,NULL,NULL,NULL,NULL,'25220333903812000104650020000003031013332524',NULL,'CONCLUIDO',NULL,'XML_GERADA',NULL,NULL,NULL,3,1,''),(45,'2022-03-21 15:15:44',0,304,2,'Venda',0,NULL,NULL,NULL,'65',NULL,NULL,1,1,1,NULL,NULL,NULL,0.0000,0.0000,0.0000,NULL,NULL,NULL,NULL,NULL,NULL,NULL,NULL,NULL,NULL,'25220333903812000104650020000003041922526321',NULL,'CONCLUIDO',NULL,'XML_GERADA',NULL,NULL,NULL,3,1,''),(46,'2022-03-21 15:30:39',0,305,2,'Venda',0,NULL,NULL,NULL,'65',NULL,NULL,1,1,1,NULL,NULL,NULL,0.0000,0.0000,0.0000,NULL,NULL,NULL,NULL,NULL,NULL,NULL,NULL,NULL,NULL,'25220333903812000104650020000003051733967336',NULL,'CONCLUIDO',NULL,'ENVIO_ERRO',NULL,NULL,NULL,3,1,''),(47,'2022-03-21 15:33:19',0,306,2,'Venda',0,NULL,NULL,NULL,'65',NULL,NULL,1,1,1,NULL,NULL,NULL,0.0000,0.0000,0.0000,NULL,NULL,NULL,NULL,NULL,NULL,NULL,NULL,NULL,NULL,'25220333903812000104650020000003061602689950',NULL,'CONCLUIDO',NULL,'ENVIO_ERRO',NULL,NULL,NULL,3,1,''),(48,'2022-03-21 15:34:26',0,307,2,'Venda',0,NULL,NULL,NULL,'65',NULL,NULL,1,1,1,NULL,NULL,NULL,0.0000,0.0000,0.0000,NULL,NULL,NULL,NULL,NULL,NULL,NULL,NULL,NULL,NULL,'25220333903812000104650020000003071831421936',NULL,'CONCLUIDO',NULL,'ENVIO_ERRO',NULL,NULL,NULL,3,1,''),(49,'2022-03-21 15:40:30',0,308,2,'Venda',0,NULL,NULL,NULL,'65',NULL,NULL,1,1,1,NULL,NULL,NULL,0.0000,0.0000,0.0000,NULL,NULL,NULL,NULL,NULL,NULL,NULL,NULL,NULL,NULL,'25220333903812000104650020000003081290824495',NULL,'CONCLUIDO',NULL,'XML_GERADA',NULL,NULL,NULL,3,1,''),(50,'2022-03-21 15:42:16',0,314,2,'Venda',0,NULL,NULL,NULL,'65',NULL,NULL,1,1,1,NULL,NULL,NULL,0.0000,0.0000,0.0000,NULL,NULL,NULL,NULL,NULL,NULL,NULL,NULL,NULL,NULL,'25220333903812000104650020000003141494010876',NULL,'CONCLUIDO','325220080376519','ENVIO_ERRO',NULL,'2022-03-24 10:57:39',NULL,3,1,''),(51,'2022-03-22 10:18:27',0,0,2,'Venda',0,NULL,NULL,NULL,'65',NULL,NULL,1,1,1,NULL,NULL,NULL,0.0000,0.0000,0.0000,NULL,NULL,NULL,NULL,NULL,NULL,NULL,NULL,NULL,NULL,NULL,NULL,'CONCLUIDO',NULL,'CONCLUIDO',NULL,NULL,NULL,3,1,NULL),(52,'2022-03-22 10:57:25',0,0,2,'Venda',0,NULL,NULL,NULL,'65',NULL,NULL,1,1,1,NULL,NULL,NULL,0.0000,0.0000,0.0000,NULL,NULL,NULL,NULL,NULL,NULL,NULL,NULL,NULL,NULL,NULL,NULL,'CONCLUIDO',NULL,'CONCLUIDO',NULL,NULL,NULL,3,1,NULL),(53,'2022-03-22 10:58:58',0,0,2,'Venda',0,NULL,NULL,NULL,'65',NULL,NULL,1,1,1,NULL,NULL,NULL,0.0000,0.0000,0.0000,NULL,NULL,NULL,NULL,NULL,NULL,NULL,NULL,NULL,NULL,NULL,NULL,'CONCLUIDO',NULL,'CONCLUIDO',NULL,NULL,NULL,3,1,NULL),(54,'2022-03-22 10:59:08',0,0,2,'Venda',0,NULL,NULL,NULL,'65',NULL,NULL,1,1,1,NULL,NULL,NULL,0.0000,0.0000,0.0000,NULL,NULL,NULL,NULL,NULL,NULL,NULL,NULL,NULL,NULL,NULL,NULL,'CONCLUIDO',NULL,'CONCLUIDO',NULL,NULL,NULL,3,1,NULL),(55,'2022-03-22 11:02:44',0,0,2,'Venda',0,NULL,NULL,NULL,'65',NULL,NULL,1,1,1,NULL,NULL,NULL,0.0000,0.0000,0.0000,NULL,NULL,NULL,NULL,NULL,NULL,NULL,NULL,NULL,NULL,NULL,NULL,'CONCLUIDO',NULL,NULL,NULL,NULL,NULL,3,1,NULL),(56,'2022-03-22 11:04:46',0,310,2,'Venda',0,NULL,NULL,NULL,'65',NULL,NULL,1,1,1,NULL,NULL,NULL,0.0000,0.0000,0.0000,NULL,NULL,NULL,NULL,NULL,NULL,NULL,NULL,NULL,NULL,'25220333903812000104650020000003101617429749',NULL,'CONCLUIDO',NULL,'ENVIO_ERRO',NULL,NULL,NULL,3,1,''),(57,'2022-03-22 11:05:11',0,311,2,'Venda',0,NULL,NULL,NULL,'65',NULL,NULL,1,1,1,NULL,NULL,NULL,0.0000,0.0000,0.0000,NULL,NULL,NULL,NULL,NULL,NULL,NULL,NULL,NULL,NULL,'25220333903812000104650020000003111466733000',NULL,'CONCLUIDO',NULL,'ENVIO_ERRO',NULL,NULL,NULL,3,1,''),(58,'2022-03-22 15:57:00',0,316,2,'Venda',0,NULL,NULL,NULL,'65',NULL,NULL,1,1,1,NULL,NULL,NULL,0.0000,0.0000,0.0000,NULL,NULL,NULL,NULL,NULL,NULL,NULL,NULL,NULL,NULL,'25220333903812000104650020000003161598799578',NULL,'CANCELADO','325220082791587','',NULL,'2022-03-24 16:54:12',NULL,3,1,''),(59,'2022-03-22 15:57:00',0,315,2,'Venda',0,NULL,NULL,NULL,'65',NULL,NULL,1,1,1,NULL,NULL,NULL,0.0000,0.0000,0.0000,NULL,NULL,NULL,NULL,NULL,NULL,NULL,NULL,NULL,NULL,'25220333903812000104650020000003151354166129',NULL,'CANCELADO','325220082723842','',NULL,'2022-03-24 16:05:08',NULL,3,1,''),(60,'2022-03-24 16:53:54',0,317,2,'Venda',0,NULL,NULL,NULL,'65',NULL,NULL,1,1,1,NULL,NULL,NULL,0.0000,0.0000,0.0000,NULL,NULL,NULL,NULL,NULL,NULL,NULL,NULL,NULL,NULL,'25220333903812000104650020000003171166438120',NULL,'CONCLUIDO',NULL,'XML_GERADA',NULL,NULL,NULL,3,1,''),(61,'2022-03-25 09:05:59',0,318,2,'Venda',0,NULL,NULL,NULL,'65',NULL,NULL,1,1,1,NULL,NULL,NULL,0.0000,0.0000,0.0000,NULL,NULL,NULL,NULL,NULL,NULL,NULL,NULL,NULL,NULL,'25220333903812000104650020000003181491210113',NULL,'CONCLUIDO',NULL,'XML_GERADA',NULL,NULL,NULL,3,1,''),(62,'2022-03-25 09:25:17',0,319,2,'Venda',0,NULL,NULL,NULL,'65',NULL,NULL,1,1,1,NULL,NULL,NULL,0.0000,0.0000,0.0000,NULL,NULL,NULL,NULL,NULL,NULL,NULL,NULL,NULL,NULL,'25220333903812000104650020000003191789644082',NULL,'CONCLUIDO',NULL,'XML_GERADA',NULL,NULL,NULL,3,1,''),(63,'2022-03-25 09:27:45',0,321,2,'Venda',0,NULL,NULL,NULL,'65',NULL,NULL,1,1,1,NULL,NULL,NULL,0.0000,0.0000,0.0000,NULL,NULL,NULL,NULL,NULL,NULL,NULL,NULL,NULL,NULL,'25220333903812000104650020000003211656335915',NULL,'CONCLUIDO',NULL,'ENVIO_ERRO',NULL,NULL,'2022-03-25 00:00:00',3,1,''),(64,'2022-03-25 09:32:59',0,323,2,'Venda',0,NULL,NULL,NULL,'65',NULL,NULL,1,1,1,NULL,NULL,NULL,0.0000,0.0000,0.0000,NULL,NULL,NULL,NULL,NULL,NULL,NULL,NULL,NULL,NULL,'25220333903812000104650020000003231438308929',NULL,'CONCLUIDO',NULL,'ENVIO_ERRO',NULL,NULL,'2022-03-25 09:33:45',3,1,''),(65,'2022-03-25 09:37:15',0,324,2,'Venda',0,NULL,NULL,NULL,'65',NULL,NULL,1,1,1,NULL,NULL,NULL,0.0000,0.0000,0.0000,NULL,NULL,NULL,NULL,NULL,NULL,NULL,NULL,NULL,NULL,'25220333903812000104650020000003241231998788',NULL,'CONCLUIDO',NULL,'ENVIO_ERRO',NULL,NULL,'2022-03-25 09:38:04',3,1,''),(66,'2022-03-25 09:39:13',0,325,2,'Venda',0,NULL,NULL,NULL,'65',NULL,NULL,1,1,1,NULL,NULL,NULL,0.0000,0.0000,0.0000,NULL,NULL,NULL,NULL,NULL,NULL,NULL,NULL,NULL,NULL,'25220333903812000104650020000003251074752504',NULL,'CONCLUIDO',NULL,'ENVIO_ERRO',NULL,NULL,'2022-03-25 10:00:37',3,1,''),(68,'2022-03-25 10:01:13',0,326,2,'Venda',0,NULL,NULL,NULL,'65',NULL,NULL,1,1,1,NULL,NULL,NULL,0.0000,0.0000,0.0000,NULL,NULL,NULL,NULL,NULL,NULL,NULL,NULL,NULL,NULL,'25220333903812000104650020000003261059631871',NULL,'CANCELADO','325220083318507','',NULL,'2022-03-25 10:18:16','2022-03-25 10:12:21',3,1,''),(69,'2022-03-25 10:15:17',0,327,2,'Venda',0,NULL,NULL,NULL,'65',NULL,NULL,1,1,1,NULL,NULL,NULL,0.0000,0.0000,0.0000,NULL,NULL,NULL,NULL,NULL,NULL,NULL,NULL,NULL,NULL,'25220333903812000104650020000003271651602757',NULL,'CANCELADO','325220083342653','',NULL,'2022-03-25 10:32:31','2022-03-25 10:28:59',3,1,''),(70,'2022-03-25 10:31:20',0,328,2,'Venda',0,NULL,NULL,NULL,'65',NULL,NULL,1,1,1,NULL,NULL,NULL,0.0000,0.0000,0.0000,NULL,NULL,NULL,NULL,NULL,NULL,NULL,NULL,NULL,NULL,'25220333903812000104650020000003281669617745',NULL,'CANCELADO','325220083356233','CANCELADO',NULL,'2022-03-25 10:40:11','2022-03-25 10:38:17',3,1,''),(71,'2022-03-25 10:39:00',0,329,2,'Venda',0,NULL,NULL,NULL,'65',NULL,NULL,1,1,1,NULL,NULL,NULL,0.0000,0.0000,0.0000,NULL,NULL,NULL,NULL,NULL,NULL,NULL,NULL,NULL,NULL,'25220333903812000104650020000003291721613234',NULL,'CONCLUIDO',NULL,'ENVIO_ERRO',NULL,NULL,'2022-03-25 10:47:09',3,1,''),(73,'2022-03-25 11:05:31',0,331,2,'Venda',0,NULL,NULL,NULL,'65',NULL,NULL,1,1,1,NULL,NULL,NULL,0.0000,0.0000,0.0000,NULL,NULL,NULL,NULL,NULL,NULL,NULL,NULL,NULL,NULL,'25220333903812000104650020000003311262405783',NULL,'CANCELADO','325220083399647','CANCELADO',NULL,'2022-03-25 11:09:55','2022-03-25 11:07:33',3,1,''),(74,'2022-03-25 11:08:22',0,333,2,'Venda',0,'',NULL,'3','65','08335347425',NULL,1,1,1,NULL,NULL,NULL,0.0000,0.0000,0.0000,'RUA TRÊS CORVOS','33','SEM NADA','CENTRO','2508901',NULL,NULL,NULL,NULL,NULL,'25220333903812000104650020000003331880889199',NULL,'CONCLUIDO',NULL,'ENVIO_ERRO',NULL,NULL,'2022-03-25 14:47:22',3,1,''),(75,'2022-03-25 11:08:22',0,332,2,'Venda',0,NULL,NULL,NULL,'65',NULL,NULL,1,1,1,NULL,NULL,NULL,0.0000,0.0000,0.0000,NULL,NULL,NULL,NULL,NULL,NULL,NULL,NULL,NULL,NULL,'25220333903812000104650020000003321469585737',NULL,'CANCELADO','325220083624471','CANCELADO',NULL,'2022-03-25 14:14:04','2022-03-25 14:11:08',3,1,''),(76,'2022-03-25 14:52:00',0,335,2,'Venda',0,'',NULL,'','65','01644382813',NULL,1,1,1,NULL,NULL,NULL,0.0000,0.0000,0.0000,'','','','','',NULL,NULL,NULL,NULL,NULL,'25220333903812000104650020000003351120815069',NULL,'CONCLUIDO','','ENVIO_ERRO',NULL,NULL,'2022-03-25 16:34:52',3,1,''),(77,'2022-03-25 14:52:00',0,334,2,'Venda',0,'SAMUEL ANTONIO DE LIMA',NULL,'3','65','08335347425',NULL,1,1,1,NULL,NULL,NULL,0.0000,0.0000,0.0000,'RUA TRÊS CORVOS','33','SEM NADA','CENTRO','2508901',NULL,NULL,NULL,NULL,NULL,'25220333903812000104650020000003341056625007',NULL,'CONCLUIDO',NULL,'ENVIO_ERRO',NULL,NULL,'2022-03-25 16:20:30',3,1,''),(78,'2022-03-25 16:35:35',0,336,2,'Venda',0,'calos santana',NULL,'','65','08232375512',NULL,1,1,1,NULL,NULL,NULL,0.0000,0.0000,0.0000,'','','','','',NULL,NULL,NULL,NULL,NULL,'25220333903812000104650020000003361158434868',NULL,'CONCLUIDO','','ENVIO_ERRO',NULL,NULL,'2022-03-25 16:36:30',3,1,''),(79,'2022-03-25 16:39:52',0,337,2,'Venda',0,'ATHUR CAICó',NULL,'','65','03345896623',NULL,1,1,1,NULL,NULL,NULL,0.0000,0.0000,0.0000,'','','','','',NULL,NULL,NULL,NULL,NULL,'25220333903812000104650020000003371025978619',NULL,'CONCLUIDO','','ENVIO_ERRO',NULL,NULL,'2022-03-25 16:40:51',3,1,''),(80,'2022-03-25 16:42:51',0,338,2,'Venda',0,'SAMUEL ANTONIO DE LIMA',NULL,'3','65','08335347425',NULL,1,1,1,NULL,NULL,NULL,0.0000,0.0000,0.0000,'RUA TRÊS CORVOS','33','SEM NADA','CENTRO','2508901',NULL,'PB',NULL,NULL,NULL,'25220333903812000104650020000003381397020597',NULL,'CONCLUIDO',NULL,'ENVIO_ERRO',NULL,NULL,'2022-03-25 16:45:57',3,1,''),(81,'2022-03-25 16:49:22',0,339,2,'Venda',0,'CALOS JUNIOR',NULL,'','65','08635327206',NULL,1,1,1,NULL,NULL,NULL,0.0000,0.0000,0.0000,'','','','','',NULL,NULL,NULL,NULL,NULL,'25220333903812000104650020000003391550630667',NULL,'CONCLUIDO',NULL,'ENVIO_ERRO',NULL,NULL,'2022-03-28 08:53:11',3,1,''),(82,'2022-03-28 08:55:42',0,339,2,'Venda',0,'OLAVO TEXEIRA',NULL,'','65','08235366905',NULL,1,1,1,NULL,NULL,NULL,0.0000,0.0000,0.0000,'','','','','',NULL,NULL,NULL,NULL,NULL,'25220333903812000104650020000003391952596501',NULL,'CONCLUIDO','','ENVIO_ERRO',NULL,NULL,'2022-03-28 08:56:48',3,1,''),(83,'2022-03-28 09:04:20',0,339,2,'Venda',0,'JOSE MARCOS',NULL,'','65','08535327045',NULL,1,1,1,NULL,NULL,NULL,0.0000,0.0000,0.0000,'','','','','',NULL,NULL,NULL,NULL,NULL,'25220333903812000104650020000003391507463746',NULL,'CONCLUIDO','','ENVIO_ERRO',NULL,NULL,'2022-03-28 09:05:39',3,1,''),(84,'2022-03-28 09:06:42',0,339,2,'Venda',0,'SAMUEL ANTONIO DE LIMA',NULL,'3','65','08335347425',NULL,1,1,1,NULL,NULL,NULL,0.0000,0.0000,0.0000,'RUA TRÊS CORVOS','33','SEM NADA','CENTRO','2508901',NULL,'PB',NULL,NULL,NULL,'25220333903812000104650020000003391038171047',NULL,'CONCLUIDO',NULL,'ENVIO_ERRO',NULL,NULL,'2022-03-28 09:18:11',3,1,''),(85,'2022-03-28 09:28:21',0,339,2,'Venda',0,'SAMUEL ANTONIO DE LIMA',NULL,'3','65','08335347425',NULL,1,1,1,NULL,NULL,NULL,0.0000,0.0000,0.0000,'RUA TRÊS CORVOS','33','SEM NADA','CENTRO','2508901','Mamanguape','PB',NULL,NULL,NULL,'25220333903812000104650020000003391492796219',NULL,'CONCLUIDO',NULL,'ENVIO_ERRO',NULL,NULL,'2022-03-28 09:28:46',3,1,''),(86,'2022-03-28 09:34:11',0,339,2,'Venda',0,'SAMUEL ANTONIO DE LIMA',NULL,'3','65','08335347425',NULL,1,1,1,NULL,NULL,NULL,0.0000,0.0000,0.0000,'RUA TRÊS CORVOS','33','SEM NADA','CENTRO','2508901','Mamanguape','PB',NULL,NULL,NULL,'25220333903812000104650020000003391280157123',NULL,'CONCLUIDO','','ENVIO_ERRO',NULL,NULL,'2022-03-28 09:45:50',3,1,''),(87,'2022-03-28 09:46:26',0,339,2,'Venda',0,'G2 SOFT COMERCIO LTDA',NULL,'10','65','14272237000136',NULL,1,1,1,NULL,NULL,NULL,0.0000,0.0000,0.0000,'R PRESIDENTE KENNEDY','122','','CENTRO','2508901','MAMANGUAPE','PB',NULL,NULL,NULL,'25220333903812000104650020000003391376812980',NULL,'CONCLUIDO','','ENVIO_ERRO',NULL,NULL,'2022-03-28 09:49:49',3,1,''),(88,'2022-03-28 09:50:08',0,339,2,'Venda',0,'SALES ALMEIDA',NULL,'','65','86252525506',NULL,1,1,1,NULL,NULL,NULL,0.0000,0.0000,0.0000,'','','','','',NULL,NULL,NULL,NULL,NULL,'25220333903812000104650020000003391827117644',NULL,'CONCLUIDO','','ENVIO_ERRO',NULL,NULL,'2022-03-28 09:51:18',3,1,''),(89,'2022-03-28 09:57:55',0,339,2,'Venda',0,'SAMUEL ANTONIO DE LIMA',NULL,'3','65','08335347425',NULL,1,1,1,NULL,NULL,NULL,0.0000,0.0000,0.0000,'RUA TRÊS CORVOS','33','SEM NADA','CENTRO','2508901','MAMANGUAPE','PB',NULL,NULL,NULL,'25220333903812000104650020000003391226126843',NULL,'CANCELADO','325220086228099','CANCELADO',NULL,'2022-03-28 10:08:21','2022-03-28 10:05:30',3,1,''),(90,'2022-03-28 10:10:47',0,339,2,'Venda',0,'SAMUEL ANTONIO DE LIMA',NULL,'3','65','08335347425',NULL,1,1,1,NULL,NULL,NULL,0.0000,0.0000,0.0000,'RUA TRÊS CORVOS','33','SEM NADA','CENTRO','2508901','MAMANGUAPE','PB',NULL,NULL,NULL,'25220333903812000104650020000003391493085146',NULL,'CONCLUIDO','','ENVIO_ERRO',NULL,NULL,'2022-03-28 10:29:05',3,1,''),(91,'2022-03-28 10:35:32',0,339,2,'Venda',0,'SAMUEL ANTONIO DE LIMA',NULL,'3','65','08335347425',NULL,1,1,1,NULL,NULL,NULL,0.0000,0.0000,0.0000,'RUA TRÊS CORVOS','33','SEM NADA','CENTRO','2508901','MAMANGUAPE','PB',NULL,NULL,NULL,'25220333903812000104650020000003391977613035',NULL,'CONCLUIDO','','ENVIO_ERRO',NULL,NULL,'2022-03-28 10:36:15',3,1,''),(92,'2022-03-28 10:46:03',0,339,2,'Venda',0,'SAMUEL ANTONIO DE LIMA',NULL,'3','65','08335347425',NULL,1,1,1,NULL,NULL,NULL,0.0000,0.0000,0.0000,'RUA TRÊS CORVOS','33','SEM NADA','CENTRO','2508901','MAMANGUAPE','PB',NULL,NULL,NULL,'25220333903812000104650020000003391413485711',NULL,'CONCLUIDO','','ENVIO_ERRO',NULL,NULL,'2022-03-28 10:46:24',3,1,''),(93,'2022-03-28 10:53:03',0,339,2,'Venda',0,'SAMUEL ANTONIO DE LIMA',NULL,'3','65','08335347425',NULL,1,1,1,NULL,NULL,NULL,0.0000,0.0000,0.0000,'RUA TRÊS CORVOS','33','SEM NADA','CENTRO','2508901','MAMANGUAPE','PB',NULL,NULL,NULL,'25220333903812000104650020000003391420661554',NULL,'CONCLUIDO',NULL,'XML_GERADA',NULL,NULL,NULL,3,1,''),(94,'2022-03-28 10:56:27',0,339,2,'Venda',0,'SAMUEL ANTONIO DE LIMA',NULL,'3','65','08335347425',NULL,1,1,1,NULL,NULL,NULL,0.0000,0.0000,0.0000,'RUA TRÊS CORVOS','33','SEM NADA','CENTRO','2508901','MAMANGUAPE','PB',NULL,NULL,NULL,'25220333903812000104650020000003391791230470',NULL,'CONCLUIDO',NULL,'XML_GERADA',NULL,NULL,NULL,3,1,''),(95,'2022-03-28 10:57:27',0,339,2,'Venda',0,'SAMUEL ANTONIO DE LIMA',NULL,'3','65','08335347425',NULL,1,1,1,NULL,NULL,NULL,0.0000,0.0000,0.0000,'RUA TRÊS CORVOS','33','SEM NADA','CENTRO','2508901','MAMANGUAPE','PB',NULL,NULL,NULL,'25220333903812000104650020000003391998080052',NULL,'CONCLUIDO','','ENVIO_ERRO',NULL,NULL,'2022-03-28 10:58:24',3,1,''),(96,'2022-03-28 11:02:15',0,339,2,'Venda',0,'SAMUEL ANTONIO DE LIMA',NULL,'3','65','08335347425',NULL,1,1,1,NULL,NULL,NULL,0.0000,0.0000,0.0000,'RUA TRÊS CORVOS','33','SEM NADA','CENTRO','2508901','MAMANGUAPE','PB',NULL,NULL,NULL,'25220333903812000104650020000003391322277156',NULL,'CONCLUIDO','','ENVIO_ERRO',NULL,NULL,'2022-03-28 11:02:32',3,1,''),(97,'2022-03-28 11:13:01',0,339,2,'Venda',0,'SAMUEL ANTONIO DE LIMA',NULL,'3','65','08335347425',NULL,1,1,1,NULL,NULL,NULL,0.0000,0.0000,0.0000,'RUA TRÊS CORVOS','33','SEM NADA','CENTRO','2508901','MAMANGUAPE','PB',NULL,NULL,NULL,'25220333903812000104650020000003391251272831',NULL,'CONCLUIDO','','ENVIO_ERRO',NULL,NULL,'2022-03-28 11:13:30',3,1,''),(98,'2022-03-28 11:17:28',0,340,2,'Venda',0,'SAMUEL ANTONIO DE LIMA',NULL,'3','65','08335347425',NULL,1,1,1,NULL,NULL,NULL,0.0000,0.0000,0.0000,'RUA TRÊS CORVOS','33','SEM NADA','CENTRO','2508901','MAMANGUAPE','PB',NULL,NULL,NULL,'25220333903812000104650020000003401233924823',NULL,'CANCELADO','325220086336187','CANCELADO',NULL,'2022-03-28 11:24:54','2022-03-28 11:23:00',3,1,''),(99,'2022-03-28 13:00:34',0,341,2,'Venda',0,NULL,NULL,NULL,'65',NULL,NULL,1,1,1,NULL,NULL,NULL,0.0000,0.0000,0.0000,NULL,NULL,NULL,NULL,NULL,NULL,NULL,NULL,NULL,NULL,'25220333903812000104650020000003411206666875',NULL,'CANCELADO','325220086447094','CANCELADO',NULL,'2022-03-28 13:04:15','2022-03-28 13:01:20',3,1,''),(100,'2022-03-28 14:18:09',0,342,2,'Venda',0,NULL,NULL,NULL,'65',NULL,NULL,1,1,1,NULL,NULL,NULL,0.0000,0.0000,0.0000,NULL,NULL,NULL,NULL,NULL,NULL,NULL,NULL,NULL,NULL,'25220333903812000104650020000003421567252950',NULL,'CANCELADO','325220086571891','CANCELADO',NULL,'2022-03-28 15:03:06','2022-03-28 15:01:15',3,1,''),(101,'2022-03-28 15:23:53',0,343,2,'Venda',0,NULL,NULL,NULL,'65',NULL,NULL,1,1,1,NULL,NULL,NULL,0.0000,0.0000,0.0000,NULL,NULL,NULL,NULL,NULL,NULL,NULL,NULL,NULL,NULL,'25220333903812000104650020000003431088679225',NULL,'CANCELADO','325220086599808','CANCELADO',NULL,'2022-03-28 15:27:56',NULL,3,1,''),(102,'2022-03-28 15:33:43',0,344,2,'Venda',0,NULL,NULL,NULL,'65',NULL,NULL,1,1,1,NULL,NULL,NULL,0.0000,0.0000,0.0000,NULL,NULL,NULL,NULL,NULL,NULL,NULL,NULL,NULL,NULL,'25220333903812000104650020000003441922835958',NULL,'CANCELADO','325220086611870','CANCELADO',NULL,'2022-03-28 15:39:31',NULL,3,1,''),(103,'2022-03-28 15:40:34',0,345,2,'Venda',0,NULL,NULL,NULL,'65',NULL,NULL,1,1,1,NULL,NULL,NULL,0.0000,0.0000,0.0000,NULL,NULL,NULL,NULL,NULL,NULL,NULL,NULL,NULL,NULL,'25220333903812000104650020000003451962149416',NULL,'CANCELADO','325220086621101','CANCELADO',NULL,'2022-03-28 15:43:09','2022-03-28 15:41:15',3,1,''),(104,'2022-03-28 15:46:03',0,346,2,'Venda',0,'JOSE CARLOS',NULL,'','65','08335347405',NULL,1,1,1,NULL,NULL,NULL,0.0000,0.0000,0.0000,'','','','','',NULL,NULL,NULL,NULL,NULL,'25220333903812000104650020000003461629664481',NULL,'CONCLUIDO','','ENVIO_ERRO',NULL,NULL,'2022-03-28 16:06:15',3,1,''),(105,'2022-03-28 16:31:42',0,347,2,'Venda',0,'ALLAN CARLOS',NULL,'','65','08835644723',NULL,1,1,1,NULL,NULL,NULL,0.0000,0.0000,0.0000,'','','','','',NULL,NULL,NULL,NULL,NULL,'25220333903812000104650020000003471504245251',NULL,'CONCLUIDO','','ENVIO_ERRO','Rejeicao: CPF do destinatario invalido',NULL,'2022-03-28 16:36:24',3,1,''),(106,'2022-03-28 16:46:25',0,348,2,'Venda',0,'JOSE CARLOS SANTOS',NULL,'','65','09845523666',NULL,1,1,1,NULL,NULL,NULL,0.0000,0.0000,0.0000,'','','','','',NULL,NULL,NULL,NULL,NULL,'25220333903812000104650020000003481948370153',NULL,'CONCLUIDO','','ENVIO_ERRO','Rejeicao: CPF do destinatario invalido',NULL,'2022-03-28 16:49:09',3,1,''),(107,'2022-03-28 16:49:50',0,349,2,'Venda',0,'FRANCISCO SOUZA DE QUEIROZ AZEVEDO NUNIS',NULL,'9','65','52621613135',NULL,1,1,1,NULL,NULL,NULL,0.0000,0.0000,0.0000,'SDADSDASDS','s/n','DASDADSD','516515615616515161','5486516','DSDADSDASD','PE',NULL,NULL,NULL,'25220333903812000104650020000003491222338044',NULL,'CONCLUIDO','','ENVIO_ERRO','217 - Rejeicao: NF-e nao consta na base de dados da SEFAZ',NULL,'2022-03-28 16:50:38',3,1,''),(108,'2022-03-28 16:51:14',0,350,2,'Venda',0,'JOSE ELETROS E ELETRONICOS',NULL,'9','65','14023369854',NULL,1,1,1,NULL,NULL,NULL,0.0000,0.0000,0.0000,'RUA 17 ','s/n','','CENTRO','2407807','MONTE ALEGRE','RN',NULL,NULL,NULL,'25220333903812000104650020000003501432512769',NULL,'CONCLUIDO','','ENVIO_ERRO','Rejeicao: CPF do destinatario invalido',NULL,'2022-03-28 16:56:01',3,1,''),(109,'2022-03-28 17:31:16',0,351,2,'Venda',0,NULL,NULL,NULL,'65',NULL,NULL,1,1,1,NULL,NULL,NULL,0.0000,0.0000,0.0000,NULL,NULL,NULL,NULL,NULL,NULL,NULL,NULL,NULL,NULL,'25220333903812000104650020000003511643559487',NULL,'CANCELADO','325220087194264','ENVIO_ERRO','101 - Cancelamento de NF-e homologado','2022-03-29 09:29:31','2022-03-29 09:21:26',3,1,''),(110,'2022-03-29 10:02:29',0,352,2,'Venda',0,NULL,NULL,NULL,'65',NULL,NULL,1,1,1,NULL,NULL,NULL,0.0000,0.0000,0.0000,NULL,NULL,NULL,NULL,NULL,NULL,NULL,NULL,NULL,NULL,'25220333903812000104650020000003521459921770',NULL,'CANCELADO','325220087248214','INUTILIZADO','241 - Rejeicao: Um numero da faixa ja foi utilizado','2022-03-29 10:05:54','2022-03-29 10:02:50',3,1,''),(111,'2022-03-29 10:36:17',0,353,2,'Venda',0,NULL,NULL,NULL,'65',NULL,NULL,1,1,1,NULL,NULL,NULL,0.0000,0.0000,0.0000,NULL,NULL,NULL,NULL,NULL,NULL,NULL,NULL,NULL,NULL,'25220333903812000104650020000003531630738080',NULL,'CONCLUIDO','','ENVIO_ERRO','Rejeicao: NFC-e com Data-Hora de emissao atrasada',NULL,'2022-04-04 15:00:00',3,1,''),(112,'2022-03-31 15:26:45',0,354,2,'Venda',0,NULL,NULL,NULL,'65',NULL,NULL,1,1,1,NULL,NULL,NULL,0.0000,0.0000,0.0000,NULL,NULL,NULL,NULL,NULL,NULL,NULL,NULL,NULL,NULL,'25220433903812000104650020000003541512191481',NULL,'CANCELADO','325220094727860','CANCELADO','Autorizado o uso da NF-e','2022-04-05 11:19:56','2022-04-05 11:08:43',3,1,''),(114,'2022-04-04 17:36:36',0,355,2,'Venda',0,NULL,NULL,NULL,'65',NULL,NULL,1,1,1,NULL,NULL,NULL,0.0000,0.0000,0.0000,NULL,NULL,NULL,NULL,NULL,NULL,NULL,NULL,NULL,NULL,'25220433903812000104650020000003551885279900',NULL,'CANCELADO','325220094901874','CANCELADO','Autorizado o uso da NF-e','2022-04-05 13:39:49','2022-04-05 13:37:29',3,1,''),(115,'2022-04-05 13:46:18',0,356,2,'Venda',0,NULL,NULL,NULL,'65',NULL,NULL,1,1,1,NULL,NULL,NULL,0.0000,0.0000,0.0000,NULL,NULL,NULL,NULL,NULL,NULL,NULL,NULL,NULL,NULL,'25220433903812000104650020000003561647837147',NULL,'CANCELADO','325220094913402','CANCELADO','Autorizado o uso da NF-e','2022-04-05 13:53:26','2022-04-05 13:48:38',3,1,''),(116,'2022-04-05 13:53:33',0,357,2,'Venda',0,NULL,NULL,NULL,'65',NULL,NULL,1,1,1,NULL,NULL,NULL,0.0000,0.0000,0.0000,NULL,NULL,NULL,NULL,NULL,NULL,NULL,NULL,NULL,NULL,'25220433903812000104650020000003571067486176','','CANCELADO','325220094920367','CANCELADO','100 - Autorizado o uso da NF-e','2022-04-05 13:59:18','2022-04-05 13:55:24',3,1,''),(117,'2022-04-05 14:03:34',0,358,2,'Venda',0,NULL,NULL,NULL,'65',NULL,NULL,1,1,1,NULL,NULL,NULL,0.0000,0.0000,0.0000,NULL,NULL,NULL,NULL,NULL,NULL,NULL,NULL,NULL,NULL,'25220433903812000104650020000003581039452294',NULL,'CANCELADO','325220094931529','CANCELADO','Autorizado o uso da NF-e','2022-04-05 14:07:57','2022-04-05 14:06:02',3,1,''),(118,'2022-04-05 14:07:17',0,359,2,'Venda',0,NULL,NULL,NULL,'65',NULL,NULL,1,1,1,NULL,NULL,NULL,0.0000,0.0000,0.0000,NULL,NULL,NULL,NULL,NULL,NULL,NULL,NULL,NULL,NULL,'25220433903812000104650020000003591733604971',NULL,'CANCELADO','325220094946837','CANCELADO','Autorizado o uso da NF-e','2022-04-05 14:22:42','2022-04-05 14:20:29',3,1,''),(119,'2022-04-05 14:22:04',0,360,2,'Venda',0,NULL,NULL,NULL,'65',NULL,NULL,1,1,1,NULL,NULL,NULL,0.0000,0.0000,0.0000,NULL,NULL,NULL,NULL,NULL,NULL,NULL,NULL,NULL,NULL,'25220433903812000104650020000003601902938627',NULL,'CANCELADO','325220094955506','CANCELADO','Autorizado o uso da NF-e','2022-04-05 14:30:08','2022-04-05 14:28:10',3,1,''),(120,'2022-04-05 14:28:41',0,361,2,'Venda',0,NULL,NULL,NULL,'65',NULL,NULL,1,1,1,NULL,NULL,NULL,0.0000,0.0000,0.0000,NULL,NULL,NULL,NULL,NULL,NULL,NULL,NULL,NULL,NULL,'25220433903812000104650020000003611408162670',NULL,'CANCELADO','325220094983772','CANCELADO','135 - Evento registrado e vinculado a NF-e','2022-04-05 14:55:06','2022-04-05 14:53:00',3,1,''),(121,'2022-04-05 14:54:34',0,362,2,'Venda',0,NULL,NULL,NULL,'65',NULL,NULL,1,1,1,NULL,NULL,NULL,0.0000,0.0000,0.0000,NULL,NULL,NULL,NULL,NULL,NULL,NULL,NULL,NULL,NULL,'25220433903812000104650020000003621982054644',NULL,'CANCELADO','325220094988527','CANCELADO','135 - cancelado Evento registrado e vinculado a NF-e','2022-04-05 14:59:32','2022-04-05 14:57:05',3,1,''),(122,'2022-04-05 14:59:05',0,363,2,'Venda',0,NULL,NULL,NULL,'65',NULL,NULL,1,1,1,NULL,NULL,NULL,0.0000,0.0000,0.0000,NULL,NULL,NULL,NULL,NULL,NULL,NULL,NULL,NULL,NULL,'25220433903812000104650020000003631743507050',NULL,'CANCELADO','325220095019557','CANCELADO','135 - Cancelado Evento registrado e vinculado a NF-e','2022-04-05 15:22:44','2022-04-05 15:20:33',3,1,''),(123,'2022-04-05 15:21:16',0,364,2,'Venda',0,NULL,NULL,NULL,'65',NULL,NULL,1,1,1,NULL,NULL,NULL,0.0000,0.0000,0.0000,NULL,NULL,NULL,NULL,NULL,NULL,NULL,NULL,NULL,NULL,'25220433903812000104650020000003641281522930',NULL,'CANCELADO','325220095058929','CANCELADO','135 - Cancelado Evento registrado e vinculado a NF-e','2022-04-05 15:51:32','2022-04-05 15:48:16',3,1,''),(124,'2022-04-05 15:48:41',0,365,2,'Venda',0,NULL,NULL,NULL,'65',NULL,NULL,1,1,1,NULL,NULL,NULL,0.0000,0.0000,0.0000,NULL,NULL,NULL,NULL,NULL,NULL,NULL,NULL,NULL,NULL,'25220433903812000104650020000003651638155259','','CANCELADO','325220096035540','CANCELADO','XML criado com sucesso.','2022-04-06 14:45:27','2022-04-06 14:38:41',3,1,''),(125,'2022-04-06 15:18:12',0,366,2,'Venda',0,NULL,NULL,NULL,'65',NULL,NULL,1,1,1,NULL,NULL,NULL,0.0000,0.0000,0.0000,NULL,NULL,NULL,NULL,NULL,NULL,NULL,NULL,NULL,NULL,'25220433903812000104650020000003661878173933','','CANCELADO','325220096164386','CANCELADO','XML criado com sucesso.','2022-04-06 16:13:01','2022-04-06 16:11:06',3,1,''),(126,'2022-04-06 15:22:02',0,367,2,'Venda',0,NULL,NULL,NULL,'65',NULL,NULL,1,1,1,NULL,NULL,NULL,0.0000,0.0000,0.0000,NULL,NULL,NULL,NULL,NULL,NULL,NULL,NULL,NULL,NULL,'25220433903812000104650020000003671207604423',NULL,'CANCELADO','325220096185756','CANCELADO','135 - Cancelado Evento registrado e vinculado a NF-e','2022-04-06 16:28:48','2022-04-06 16:25:05',3,1,''),(127,'2022-04-06 16:28:25',0,368,2,'Venda',0,NULL,NULL,NULL,'65',NULL,NULL,1,1,1,NULL,NULL,NULL,0.0000,0.0000,0.0000,NULL,NULL,NULL,NULL,NULL,NULL,NULL,NULL,NULL,NULL,'25220433903812000104650020000003681778065904','','CANCELADO','325220096710717','CANCELADO','135 - Cancelado Evento registrado e vinculado a NF-e','2022-04-07 09:17:43','2022-04-07 09:15:34',3,1,''),(128,'2022-04-07 09:02:31',0,369,2,'Venda',0,NULL,NULL,NULL,'65',NULL,NULL,1,1,1,NULL,NULL,NULL,0.0000,0.0000,0.0000,NULL,NULL,NULL,NULL,NULL,NULL,NULL,NULL,NULL,NULL,'25220433903812000104650020000003691689592787',NULL,'CANCELADO','325220096752378','CANCELADO','135 - Cancelado Evento registrado e vinculado a NF-e','2022-04-07 09:49:39','2022-04-07 09:46:55',3,1,''),(129,'2022-04-07 09:59:28',0,370,2,'Venda',0,NULL,NULL,NULL,'65',NULL,NULL,1,1,1,NULL,NULL,NULL,0.0000,0.0000,0.0000,NULL,NULL,NULL,NULL,NULL,NULL,NULL,NULL,NULL,NULL,'25220433903812000104650020000003701467488577',NULL,'CANCELADO','325220096786910','CANCELADO','135 - Cancelado Evento registrado e vinculado a NF-e','2022-04-07 10:14:29','2022-04-07 10:12:08',3,1,''),(130,'2022-04-07 10:23:45',0,371,2,'Venda',0,NULL,NULL,NULL,'65',NULL,NULL,1,1,1,NULL,NULL,NULL,0.0000,0.0000,0.0000,NULL,NULL,NULL,NULL,NULL,NULL,NULL,NULL,NULL,NULL,'25220433903812000104650020000003711104743881','','CANCELADO','325220097041954','CANCELADO','135 - Cancelado Evento registrado e vinculado a NF-e','2022-04-07 13:32:35','2022-04-07 13:30:54',3,1,''),(131,'2022-04-07 10:41:18',0,372,2,'Venda',0,NULL,NULL,NULL,'65',NULL,NULL,1,1,1,NULL,NULL,NULL,0.0000,0.0000,0.0000,NULL,NULL,NULL,NULL,NULL,NULL,NULL,NULL,NULL,NULL,'25220433903812000104650020000003721148463270','','CONCLUIDO','','ENVIO_ERRO','Protocolo não encontrado, a nota não foi enviado para ao Sefaz!',NULL,'2022-04-07 14:10:14',3,1,''),(132,'2022-04-07 14:11:39',0,373,2,'Venda',0,NULL,NULL,NULL,'65',NULL,NULL,1,1,1,NULL,NULL,NULL,0.0000,0.0000,0.0000,NULL,NULL,NULL,NULL,NULL,NULL,NULL,NULL,NULL,NULL,'25220433903812000104650020000003731613913062','','CONCLUIDO','','ENVIO_ERRO','462 - Rejeicao: Codigo identificador do CSC no QR-Code nao cadastrado na SEFAZ',NULL,'2022-04-07 14:11:47',3,1,''),(133,'2022-04-07 14:13:12',0,374,2,'Venda',0,NULL,NULL,NULL,'65',NULL,NULL,1,1,1,NULL,NULL,NULL,0.0000,0.0000,0.0000,NULL,NULL,NULL,NULL,NULL,NULL,NULL,NULL,NULL,NULL,'25220433903812000104650020000003741726822698','','CONCLUIDO','','ENVIO_ERRO','462 - Rejeicao: Codigo identificador do CSC no QR-Code nao cadastrado na SEFAZ',NULL,'2022-04-07 14:15:07',3,1,''),(134,'2022-04-07 14:15:14',0,375,2,'Venda',0,NULL,NULL,NULL,'65',NULL,NULL,1,1,1,NULL,NULL,NULL,0.0000,0.0000,0.0000,NULL,NULL,NULL,NULL,NULL,NULL,NULL,NULL,NULL,NULL,'25220433903812000104650020000003751211282330','','CANCELADO','325220097126898','CANCELADO','135 - Cancelado Evento registrado e vinculado a NF-e','2022-04-07 14:48:17','2022-04-07 14:46:05',3,1,''),(135,'2022-04-07 14:18:53',0,377,2,'Venda',0,NULL,NULL,NULL,'65',NULL,NULL,1,1,1,NULL,NULL,NULL,0.0000,0.0000,0.0000,NULL,NULL,NULL,NULL,NULL,NULL,NULL,NULL,NULL,NULL,'25220433903812000104650020000003771608308481',NULL,'CANCELADO','325220097154265','ENVIADO','135 - Cancelado Evento registrado e vinculado a NF-e','2022-04-07 15:10:16','2022-04-07 15:08:11',3,1,''),(136,'2022-04-07 14:18:53',0,376,2,'Venda',0,NULL,NULL,NULL,'65',NULL,NULL,1,1,1,NULL,NULL,NULL,0.0000,0.0000,0.0000,NULL,NULL,NULL,NULL,NULL,NULL,NULL,NULL,NULL,NULL,'25220433903812000104650020000003761038041809',NULL,'CANCELADO','325220097141093','ENVIADO','135 - Cancelado Evento registrado e vinculado a NF-e','2022-04-07 15:01:42','2022-04-07 14:57:44',3,1,''),(137,'2022-04-07 15:41:55',0,378,2,'Venda',0,NULL,NULL,NULL,'65',NULL,NULL,1,1,1,NULL,NULL,NULL,0.0000,0.0000,0.0000,NULL,NULL,NULL,NULL,NULL,NULL,NULL,NULL,NULL,NULL,'25220433903812000104650020000003781500853419',NULL,'CANCELADO','325220097208623','ENVIADO','135 - Cancelado Evento registrado e vinculado a NF-e','2022-04-07 15:51:34','2022-04-07 15:48:31',3,1,''),(138,'2022-04-07 15:48:40',0,379,2,'Venda',0,NULL,NULL,NULL,'65',NULL,NULL,1,1,1,NULL,NULL,NULL,0.0000,0.0000,0.0000,NULL,NULL,NULL,NULL,NULL,NULL,NULL,NULL,NULL,NULL,'25220433903812000104650020000003791867359133',NULL,'CANCELADO','325220097224761','CANCELADO','101 - Cancelamento de NF-e homologado','2022-04-07 16:01:15','2022-04-07 15:59:12',3,1,''),(139,'2022-04-07 15:59:19',0,380,2,'Venda',0,NULL,NULL,NULL,'65',NULL,NULL,1,1,1,NULL,NULL,NULL,0.0000,0.0000,0.0000,NULL,NULL,NULL,NULL,NULL,NULL,NULL,NULL,NULL,NULL,'25220433903812000104650020000003801253173334',NULL,'CANCELADO','325220097236920','CANCELADO','135 - Cancelado Evento registrado e vinculado a NF-e','2022-04-07 16:08:53','2022-04-09 09:00:15',3,1,''),(140,'2022-04-07 16:07:28',0,381,2,'Venda',0,NULL,NULL,NULL,'65',NULL,NULL,1,1,1,NULL,NULL,NULL,0.0000,0.0000,0.0000,NULL,NULL,NULL,NULL,NULL,NULL,NULL,NULL,NULL,NULL,'25220433903812000104650020000003811668136400','','CANCELADO','','INUTILIZADO','102 - Inutilizacao de numero homologado',NULL,'2022-04-08 08:55:31',3,1,''),(141,'2022-04-08 08:55:43',0,383,2,'Venda',0,NULL,NULL,NULL,'65',NULL,NULL,1,1,1,NULL,NULL,NULL,0.0000,0.0000,0.0000,NULL,NULL,NULL,NULL,NULL,NULL,NULL,NULL,NULL,NULL,'25220433903812000104650020000003831319574449','','CONCLUIDO','','ENVIO_ERRO','XML não encontrado - É necessário \"Recriar XML\" ',NULL,'2022-04-20 10:05:35',3,1,''),(142,'2022-04-08 08:55:43',0,382,2,'Venda',0,NULL,NULL,NULL,'65',NULL,NULL,1,1,1,NULL,NULL,NULL,0.0000,0.0000,0.0000,NULL,NULL,NULL,NULL,NULL,NULL,NULL,NULL,NULL,NULL,'25220433903812000104650020000003821747211185','','CANCELADO','','INUTILIZADO','102 - Inutilizacao de numero homologado',NULL,'2022-04-08 09:04:27',3,1,''),(143,'2022-04-09 09:04:57',0,384,2,'Venda',0,NULL,NULL,NULL,'65',NULL,NULL,1,1,1,NULL,NULL,NULL,0.0000,0.0000,0.0000,NULL,NULL,NULL,NULL,NULL,NULL,NULL,NULL,NULL,NULL,'25220433903812000104650020000003841549578303','','CONCLUIDO','','ENVIO_ERRO','704 - Rejeicao: NFC-e com Data-Hora de emissao atrasada',NULL,'2022-04-11 09:25:55',3,1,''),(144,'2022-04-09 11:23:54',0,0,2,'Venda',0,NULL,NULL,NULL,'65',NULL,NULL,1,1,1,NULL,NULL,NULL,0.0000,0.0000,0.0000,NULL,NULL,NULL,NULL,NULL,NULL,NULL,NULL,NULL,NULL,NULL,NULL,'CONCLUIDO',NULL,NULL,NULL,NULL,NULL,3,1,NULL),(145,'2022-04-09 11:37:35',0,384,2,'Venda',0,'G2 SOFT COMERCIO LTDA',NULL,'10','65','14272237000136',NULL,1,1,1,NULL,NULL,NULL,0.0000,0.0000,0.0000,'R PRESIDENTE KENNEDY','122','','CENTRO','2508901','MAMANGUAPE','PB',NULL,NULL,NULL,'25220433903812000104650020000003841732339959','','CONCLUIDO','','ENVIO_ERRO','XML criado com sucesso.',NULL,'2022-04-13 11:26:20',3,1,''),(146,'2022-04-11 09:59:55',0,0,2,'Venda',0,NULL,NULL,NULL,'65',NULL,NULL,1,1,1,NULL,NULL,NULL,0.0000,0.0000,0.0000,NULL,NULL,NULL,NULL,NULL,NULL,NULL,NULL,NULL,NULL,NULL,NULL,'CONCLUIDO',NULL,NULL,NULL,NULL,NULL,3,1,NULL),(147,'2022-04-12 11:09:55',0,389,2,'Venda',0,'G2 SOFT',NULL,'10','65','14272237000136',NULL,1,1,1,NULL,NULL,NULL,0.0000,0.0000,0.0000,'R PRESIDENTE KENNEDY','122','','CENTRO','2508901','MAMANGUAPE','PB',NULL,NULL,NULL,'25220533903812000104650020000003891668813381','','CONCLUIDO','','ENVIO_ERRO','462 - Rejeicao: Codigo identificador do CSC no QR-Code nao cadastrado na SEFAZ',NULL,'2022-05-18 10:25:23',3,1,''),(148,'2022-04-12 15:08:11',0,0,2,'Venda',0,NULL,NULL,NULL,'65',NULL,NULL,1,1,1,NULL,NULL,NULL,0.0000,0.0000,0.0000,NULL,NULL,NULL,NULL,NULL,NULL,NULL,NULL,NULL,NULL,NULL,NULL,'CANCELADO',NULL,NULL,NULL,NULL,NULL,3,1,NULL),(149,'2022-04-12 15:46:13',0,0,2,'Venda',0,NULL,NULL,NULL,'65',NULL,NULL,1,1,1,NULL,NULL,NULL,0.0000,0.0000,0.0000,NULL,NULL,NULL,NULL,NULL,NULL,NULL,NULL,NULL,NULL,NULL,NULL,'CANCELADO',NULL,NULL,NULL,NULL,NULL,3,1,NULL),(150,'2022-04-13 09:51:49',0,0,2,'Venda',0,NULL,NULL,NULL,'65',NULL,NULL,1,1,1,NULL,NULL,NULL,0.0000,0.0000,0.0000,NULL,NULL,NULL,NULL,NULL,NULL,NULL,NULL,NULL,NULL,NULL,NULL,'CANCELADO',NULL,NULL,NULL,NULL,NULL,3,1,NULL),(151,'2022-04-13 09:52:25',0,386,2,'Venda',0,NULL,NULL,NULL,'65',NULL,NULL,1,1,1,NULL,NULL,NULL,0.0000,0.0000,0.0000,NULL,NULL,NULL,NULL,NULL,NULL,NULL,NULL,NULL,NULL,'25220433903812000104650020000003861468561421',NULL,'CANCELADO','325220103341505','CANCELADO','135 - Cancelado Evento registrado e vinculado a NF-e','2022-04-13 13:51:39','2022-04-13 13:49:30',3,1,''),(152,'2022-04-13 09:52:25',0,385,2,'Venda',0,NULL,NULL,NULL,'65',NULL,NULL,1,1,1,NULL,NULL,NULL,0.0000,0.0000,0.0000,NULL,NULL,NULL,NULL,NULL,NULL,NULL,NULL,NULL,NULL,'25220433903812000104650020000003851430962570','','CONCLUIDO','','ENVIO_ERRO','462 - Rejeicao: Codigo identificador do CSC no QR-Code nao cadastrado na SEFAZ',NULL,'2022-04-13 16:45:29',3,1,''),(153,'2022-04-13 13:55:33',0,387,2,'Venda',0,NULL,NULL,NULL,'65',NULL,NULL,1,1,1,NULL,NULL,NULL,0.0000,0.0000,0.0000,NULL,NULL,NULL,NULL,NULL,NULL,NULL,NULL,NULL,NULL,'25220433903812000104650020000003871074149880',NULL,'CANCELADO','325220103352240','CANCELADO','135 - Cancelado Evento registrado e vinculado a NF-e','2022-04-13 14:00:28','2022-04-13 13:58:39',3,1,''),(154,'2022-04-13 13:56:04',0,386,2,'Venda',0,NULL,NULL,NULL,'65',NULL,NULL,1,1,1,NULL,NULL,NULL,0.0000,0.0000,0.0000,NULL,NULL,NULL,NULL,NULL,NULL,NULL,NULL,NULL,NULL,'25220433903812000104650020000003861528187695','','CONCLUIDO','','ENVIO_ERRO','462 - Rejeicao: Codigo identificador do CSC no QR-Code nao cadastrado na SEFAZ',NULL,'2022-04-22 14:42:52',3,1,''),(155,'2022-04-19 17:00:41',0,387,2,'Venda',0,NULL,NULL,NULL,'65',NULL,NULL,1,1,1,NULL,NULL,NULL,0.0000,0.0000,0.0000,NULL,NULL,NULL,NULL,NULL,NULL,NULL,NULL,NULL,NULL,'25220433903812000104650020000003871144813015','','CONCLUIDO','','ENVIO_ERRO','462 - Rejeicao: Codigo identificador do CSC no QR-Code nao cadastrado na SEFAZ',NULL,'2022-04-22 16:30:49',3,1,''),(156,'2022-04-22 16:29:49',0,388,2,'Venda',0,'',NULL,'3','65','08335347425',NULL,1,1,1,NULL,NULL,NULL,0.0000,0.0000,0.0000,'RUA TRÊS CORVOS','33','SEM NADA','CENTRO','2508901','MAMANGUAPE','PB',NULL,NULL,NULL,'25220433903812000104650020000003881583958910','','CONCLUIDO','','ENVIO_ERRO','462 - Rejeicao: Codigo identificador do CSC no QR-Code nao cadastrado na SEFAZ',NULL,'2022-04-22 16:32:06',3,1,''),(157,'2022-04-22 16:31:40',0,0,2,'Venda',0,NULL,NULL,NULL,'65',NULL,NULL,1,1,1,NULL,NULL,NULL,0.0000,0.0000,0.0000,NULL,NULL,NULL,NULL,NULL,NULL,NULL,NULL,NULL,NULL,NULL,NULL,'CANCELADO',NULL,NULL,NULL,NULL,NULL,3,1,NULL),(158,'2022-05-17 15:12:40',0,0,2,'Venda',0,NULL,NULL,NULL,'65',NULL,NULL,1,1,1,NULL,NULL,NULL,0.0000,0.0000,0.0000,NULL,NULL,NULL,NULL,NULL,NULL,NULL,NULL,NULL,NULL,NULL,NULL,'CANCELADO',NULL,NULL,NULL,NULL,NULL,3,1,NULL),(159,'2022-07-13 16:44:33',0,0,8,'Venda',0,NULL,NULL,NULL,'65',NULL,NULL,1,1,1,NULL,NULL,NULL,0.0000,0.0000,0.0000,NULL,NULL,NULL,NULL,NULL,NULL,NULL,NULL,NULL,NULL,NULL,NULL,'CANCELADO',NULL,NULL,NULL,NULL,NULL,0,2,NULL),(160,'2022-07-13 16:46:50',0,0,8,'Venda',0,NULL,NULL,NULL,'65',NULL,NULL,1,1,1,NULL,NULL,NULL,0.0000,0.0000,0.0000,NULL,NULL,NULL,NULL,NULL,NULL,NULL,NULL,NULL,NULL,NULL,NULL,'CANCELADO',NULL,NULL,NULL,NULL,NULL,0,2,NULL),(161,'2022-07-13 17:35:25',0,0,8,'Venda',0,NULL,NULL,NULL,'65',NULL,NULL,1,1,1,NULL,NULL,NULL,0.0000,0.0000,0.0000,NULL,NULL,NULL,NULL,NULL,NULL,NULL,NULL,NULL,NULL,NULL,NULL,'CANCELADO',NULL,NULL,NULL,NULL,NULL,0,2,NULL),(162,'2022-07-14 11:00:21',0,0,8,'Venda',0,NULL,NULL,NULL,'65',NULL,NULL,1,1,1,NULL,NULL,NULL,0.0000,0.0000,0.0000,NULL,NULL,NULL,NULL,NULL,NULL,NULL,NULL,NULL,NULL,NULL,NULL,'CANCELADO',NULL,NULL,NULL,NULL,NULL,0,2,NULL),(163,'2022-07-15 11:29:34',0,0,8,'Venda',0,NULL,NULL,NULL,'65',NULL,NULL,1,1,1,NULL,NULL,NULL,0.0000,0.0000,0.0000,NULL,NULL,NULL,NULL,NULL,NULL,NULL,NULL,NULL,NULL,NULL,NULL,'CANCELADO',NULL,NULL,NULL,NULL,NULL,0,2,NULL),(164,'2022-07-15 13:44:52',0,0,8,'Venda',0,NULL,NULL,NULL,'65',NULL,NULL,1,1,1,NULL,NULL,NULL,0.0000,0.0000,0.0000,NULL,NULL,NULL,NULL,NULL,NULL,NULL,NULL,NULL,NULL,NULL,NULL,'CANCELADO',NULL,NULL,NULL,NULL,NULL,0,2,NULL),(165,'2022-07-15 16:45:37',0,0,8,'Venda',0,NULL,NULL,NULL,'65',NULL,NULL,1,1,1,NULL,NULL,NULL,0.0000,0.0000,0.0000,NULL,NULL,NULL,NULL,NULL,NULL,NULL,NULL,NULL,NULL,NULL,NULL,'CANCELADO',NULL,NULL,NULL,NULL,NULL,0,2,NULL),(166,'2022-07-15 17:53:19',0,0,8,'Venda',0,NULL,NULL,NULL,'65',NULL,NULL,1,1,1,NULL,NULL,NULL,0.0000,0.0000,0.0000,NULL,NULL,NULL,NULL,NULL,NULL,NULL,NULL,NULL,NULL,NULL,NULL,'CANCELADO',NULL,NULL,NULL,NULL,NULL,0,2,NULL),(167,'2022-07-16 10:11:23',0,0,8,'Venda',0,NULL,NULL,NULL,'65',NULL,NULL,1,1,1,NULL,NULL,NULL,0.0000,0.0000,0.0000,NULL,NULL,NULL,NULL,NULL,NULL,NULL,NULL,NULL,NULL,NULL,NULL,'PENDENTE',NULL,NULL,NULL,NULL,NULL,0,2,NULL),(168,'2022-07-20 08:26:29',0,0,3,'Venda',0,NULL,NULL,NULL,'65',NULL,NULL,1,1,1,NULL,NULL,NULL,0.0000,0.0000,0.0000,NULL,NULL,NULL,NULL,NULL,NULL,NULL,NULL,NULL,NULL,NULL,NULL,'CANCELADO',NULL,NULL,NULL,NULL,NULL,2,3,NULL),(169,'2022-07-20 08:27:26',0,0,3,'Venda',0,NULL,NULL,NULL,'65',NULL,NULL,1,1,1,NULL,NULL,NULL,0.0000,0.0000,0.0000,NULL,NULL,NULL,NULL,NULL,NULL,NULL,NULL,NULL,NULL,NULL,NULL,'CANCELADO',NULL,NULL,NULL,NULL,NULL,2,4,NULL),(170,'2022-07-20 08:55:04',0,0,3,'Venda',0,NULL,NULL,NULL,'65',NULL,NULL,1,1,1,NULL,NULL,NULL,0.0000,0.0000,0.0000,NULL,NULL,NULL,NULL,NULL,NULL,NULL,NULL,NULL,NULL,NULL,NULL,'CANCELADO',NULL,NULL,NULL,NULL,NULL,2,5,NULL),(171,'2022-07-20 08:55:47',0,0,3,'Venda',0,NULL,NULL,NULL,'65',NULL,NULL,1,1,1,NULL,NULL,NULL,0.0000,0.0000,0.0000,NULL,NULL,NULL,NULL,NULL,NULL,NULL,NULL,NULL,NULL,NULL,NULL,'CANCELADO',NULL,NULL,NULL,NULL,NULL,2,6,NULL),(172,'2022-07-20 09:17:54',0,0,3,'Venda',0,NULL,NULL,NULL,'65',NULL,NULL,1,1,1,NULL,NULL,NULL,0.0000,0.0000,0.0000,NULL,NULL,NULL,NULL,NULL,NULL,NULL,NULL,NULL,NULL,NULL,NULL,'CANCELADO',NULL,NULL,NULL,NULL,NULL,2,7,NULL),(173,'2022-07-27 10:55:40',0,0,3,'Venda',0,NULL,NULL,NULL,'65',NULL,NULL,1,1,1,NULL,NULL,NULL,0.0000,0.0000,0.0000,NULL,NULL,NULL,NULL,NULL,NULL,NULL,NULL,NULL,NULL,NULL,NULL,'PENDENTE',NULL,NULL,NULL,NULL,NULL,2,7,NULL),(174,'2022-07-27 10:56:51',0,0,99,'Venda',0,NULL,NULL,NULL,'65',NULL,NULL,1,1,1,NULL,NULL,NULL,0.0000,0.0000,0.0000,NULL,NULL,NULL,NULL,NULL,NULL,NULL,NULL,NULL,NULL,NULL,NULL,'PENDENTE',NULL,NULL,NULL,NULL,NULL,2,7,NULL),(175,'2022-09-13 21:04:30',0,0,5,'Venda',0,NULL,NULL,NULL,'65',NULL,NULL,1,1,1,NULL,NULL,NULL,0.0000,0.0000,0.0000,NULL,NULL,NULL,NULL,NULL,NULL,NULL,NULL,NULL,NULL,NULL,NULL,'CANCELADO',NULL,NULL,NULL,NULL,NULL,11,13,NULL),(176,'2022-09-13 21:08:08',0,0,5,'Venda',0,NULL,NULL,NULL,'65',NULL,NULL,1,1,1,NULL,NULL,NULL,0.0000,0.0000,0.0000,NULL,NULL,NULL,NULL,NULL,NULL,NULL,NULL,NULL,NULL,NULL,NULL,'CONCLUIDO',NULL,NULL,NULL,NULL,NULL,11,13,NULL),(177,'2022-09-14 10:13:36',0,0,5,'Venda',0,NULL,NULL,NULL,'65',NULL,NULL,1,1,1,NULL,NULL,NULL,0.0000,0.0000,0.0000,NULL,NULL,NULL,NULL,NULL,NULL,NULL,NULL,NULL,NULL,NULL,NULL,'CONCLUIDO',NULL,NULL,NULL,NULL,NULL,11,15,NULL),(178,'2022-09-14 10:26:57',0,0,5,'Venda',0,NULL,NULL,NULL,'65',NULL,NULL,1,1,1,NULL,NULL,NULL,0.0000,0.0000,0.0000,NULL,NULL,NULL,NULL,NULL,NULL,NULL,NULL,NULL,NULL,NULL,NULL,'PENDENTE',NULL,NULL,NULL,NULL,NULL,11,15,NULL),(179,'2022-09-19 11:04:36',0,0,2,'Venda',0,NULL,NULL,NULL,'65',NULL,NULL,1,1,1,NULL,NULL,NULL,0.0000,0.0000,0.0000,NULL,NULL,NULL,NULL,NULL,NULL,NULL,NULL,NULL,NULL,NULL,NULL,'CANCELADO',NULL,NULL,NULL,NULL,NULL,11,19,NULL),(180,'2022-09-19 11:05:32',0,0,2,'Venda',0,NULL,NULL,NULL,'65',NULL,NULL,1,1,1,NULL,NULL,NULL,0.0000,0.0000,0.0000,NULL,NULL,NULL,NULL,NULL,NULL,NULL,NULL,NULL,NULL,NULL,NULL,'CANCELADO',NULL,NULL,NULL,NULL,NULL,11,19,NULL),(181,'2022-09-19 11:22:18',0,0,2,'Venda',0,NULL,NULL,NULL,'65',NULL,NULL,1,1,1,NULL,NULL,NULL,0.0000,0.0000,0.0000,NULL,NULL,NULL,NULL,NULL,NULL,NULL,NULL,NULL,NULL,NULL,NULL,'CANCELADO',NULL,NULL,NULL,NULL,NULL,11,19,NULL),(182,'2022-09-19 11:25:57',0,0,2,'Venda',0,NULL,NULL,NULL,'65',NULL,NULL,1,1,1,NULL,NULL,NULL,0.0000,0.0000,0.0000,NULL,NULL,NULL,NULL,NULL,NULL,NULL,NULL,NULL,NULL,NULL,NULL,'PENDENTE',NULL,NULL,NULL,NULL,NULL,11,19,NULL),(183,'2022-09-19 11:25:58',0,0,2,'Venda',0,NULL,NULL,NULL,'65',NULL,NULL,1,1,1,NULL,NULL,NULL,0.0000,0.0000,0.0000,NULL,NULL,NULL,NULL,NULL,NULL,NULL,NULL,NULL,NULL,NULL,NULL,'CANCELADO',NULL,NULL,NULL,NULL,NULL,11,19,NULL),(184,'2022-09-20 12:58:53',0,0,40,'Venda',0,'VAI NãO',NULL,'','65','81516515616515',NULL,1,1,1,NULL,NULL,NULL,0.0000,0.0000,0.0000,'','','','','',NULL,NULL,NULL,NULL,NULL,NULL,NULL,'CANCELADO',NULL,NULL,NULL,NULL,NULL,10,20,NULL),(185,'2022-09-20 15:00:17',0,0,40,'Venda',0,'NAO NAO',NULL,'','65','55165151651651',NULL,1,1,1,NULL,NULL,NULL,0.0000,0.0000,0.0000,'','','','','',NULL,NULL,NULL,NULL,NULL,NULL,NULL,'CANCELADO',NULL,NULL,NULL,NULL,NULL,10,20,NULL),(186,'2022-09-20 15:02:18',0,0,40,'Venda',0,'CLIENTE',NULL,'1','65','00000000000',NULL,1,1,1,NULL,NULL,NULL,0.0000,0.0000,0.0000,'00','','','00','0000000','00','PB',NULL,NULL,NULL,NULL,NULL,'CANCELADO',NULL,NULL,NULL,NULL,NULL,10,20,NULL),(187,'2022-09-20 16:01:43',0,0,40,'Venda',0,'DANIEL ANTONIO DE LIMA',NULL,'2','65','11041912455',NULL,1,1,1,NULL,NULL,NULL,0.0000,0.0000,0.0000,'DFS','45fsd','545SDF5','55SSD5F5','5455454','545D5SF5','AC',NULL,NULL,NULL,NULL,NULL,'CANCELADO',NULL,NULL,NULL,NULL,NULL,10,20,NULL),(188,'2022-09-21 09:44:39',0,0,40,'Venda',0,NULL,NULL,NULL,'65',NULL,NULL,1,1,1,NULL,NULL,NULL,0.0000,0.0000,0.0000,NULL,NULL,NULL,NULL,NULL,NULL,NULL,NULL,NULL,NULL,NULL,NULL,'CANCELADO',NULL,NULL,NULL,NULL,NULL,10,20,NULL),(189,'2022-09-21 11:24:16',0,0,40,'Venda',0,NULL,NULL,NULL,'65',NULL,NULL,1,1,1,NULL,NULL,NULL,0.0000,0.0000,0.0000,NULL,NULL,NULL,NULL,NULL,NULL,NULL,NULL,NULL,NULL,NULL,NULL,'CANCELADO',NULL,NULL,NULL,NULL,NULL,10,20,NULL),(190,'2022-09-21 15:31:36',0,0,40,'Venda',0,NULL,NULL,NULL,'65',NULL,NULL,1,1,1,NULL,NULL,NULL,0.0000,0.0000,0.0000,NULL,NULL,NULL,NULL,NULL,NULL,NULL,NULL,NULL,NULL,NULL,NULL,'CANCELADO',NULL,NULL,NULL,NULL,NULL,10,20,NULL),(191,'2022-09-21 15:33:01',0,0,40,'Venda',0,NULL,NULL,NULL,'65',NULL,NULL,1,1,1,NULL,NULL,NULL,0.0000,0.0000,0.0000,NULL,NULL,NULL,NULL,NULL,NULL,NULL,NULL,NULL,NULL,NULL,NULL,'CANCELADO',NULL,NULL,NULL,NULL,NULL,10,20,NULL),(192,'2022-09-21 15:35:34',0,0,40,'Venda',0,NULL,NULL,NULL,'65',NULL,NULL,1,1,1,NULL,NULL,NULL,0.0000,0.0000,0.0000,NULL,NULL,NULL,NULL,NULL,NULL,NULL,NULL,NULL,NULL,NULL,NULL,'CANCELADO',NULL,NULL,NULL,NULL,NULL,10,20,NULL),(193,'2022-09-21 15:46:13',0,0,40,'Venda',0,NULL,NULL,NULL,'65',NULL,NULL,1,1,1,NULL,NULL,NULL,0.0000,0.0000,0.0000,NULL,NULL,NULL,NULL,NULL,NULL,NULL,NULL,NULL,NULL,NULL,NULL,'CANCELADO',NULL,NULL,NULL,NULL,NULL,10,20,NULL),(194,'2022-09-21 15:50:28',0,0,40,'Venda',0,NULL,NULL,NULL,'65',NULL,NULL,1,1,1,NULL,NULL,NULL,0.0000,0.0000,0.0000,NULL,NULL,NULL,NULL,NULL,NULL,NULL,NULL,NULL,NULL,NULL,NULL,'CANCELADO',NULL,NULL,NULL,NULL,NULL,10,20,NULL),(195,'2022-09-21 16:06:21',0,0,40,'Venda',0,NULL,NULL,NULL,'65',NULL,NULL,1,1,1,NULL,NULL,NULL,0.0000,0.0000,0.0000,NULL,NULL,NULL,NULL,NULL,NULL,NULL,NULL,NULL,NULL,NULL,NULL,'CANCELADO',NULL,NULL,NULL,NULL,NULL,10,20,NULL),(196,'2022-09-21 16:13:06',0,0,40,'Venda',0,NULL,NULL,NULL,'65',NULL,NULL,1,1,1,NULL,NULL,NULL,0.0000,0.0000,0.0000,NULL,NULL,NULL,NULL,NULL,NULL,NULL,NULL,NULL,NULL,NULL,NULL,'CONCLUIDO',NULL,NULL,NULL,NULL,NULL,10,20,NULL),(197,'2022-09-21 16:39:02',0,0,40,'Venda',0,NULL,NULL,NULL,'65',NULL,NULL,1,1,1,NULL,NULL,NULL,0.0000,0.0000,0.0000,NULL,NULL,NULL,NULL,NULL,NULL,NULL,NULL,NULL,NULL,NULL,NULL,'CONCLUIDO',NULL,NULL,NULL,NULL,NULL,10,20,NULL),(198,'2022-09-21 16:40:57',0,0,40,'Venda',0,NULL,NULL,NULL,'65',NULL,NULL,1,1,1,NULL,NULL,NULL,0.0000,0.0000,0.0000,NULL,NULL,NULL,NULL,NULL,NULL,NULL,NULL,NULL,NULL,NULL,NULL,'CONCLUIDO',NULL,NULL,NULL,NULL,NULL,10,20,NULL),(199,'2022-09-21 16:46:36',0,0,40,'Venda',0,NULL,NULL,NULL,'65',NULL,NULL,1,1,1,NULL,NULL,NULL,0.0000,0.0000,0.0000,NULL,NULL,NULL,NULL,NULL,NULL,NULL,NULL,NULL,NULL,NULL,NULL,'CONCLUIDO',NULL,NULL,NULL,NULL,NULL,10,20,NULL),(200,'2022-09-21 16:49:08',0,0,40,'Venda',0,'DANIEL ANTONIO DE LIMA',NULL,'2','65','11041912455',NULL,1,1,1,NULL,NULL,NULL,0.0000,0.0000,0.0000,'DFS','45fsd','545SDF5','55SSD5F5','5455454','545D5SF5','AC',NULL,NULL,NULL,NULL,NULL,'CANCELADO',NULL,NULL,NULL,NULL,NULL,10,20,NULL),(201,'2022-09-22 15:50:01',0,0,40,'Venda',0,NULL,NULL,NULL,'65',NULL,NULL,1,1,1,NULL,NULL,NULL,0.0000,0.0000,0.0000,NULL,NULL,NULL,NULL,NULL,NULL,NULL,NULL,NULL,NULL,NULL,NULL,'CANCELADO',NULL,NULL,NULL,NULL,NULL,10,20,NULL),(202,'2022-09-22 16:03:18',0,0,40,'Venda',0,NULL,NULL,NULL,'65',NULL,NULL,1,1,1,NULL,NULL,NULL,0.0000,0.0000,0.0000,NULL,NULL,NULL,NULL,NULL,NULL,NULL,NULL,NULL,NULL,NULL,NULL,'CANCELADO',NULL,NULL,NULL,NULL,NULL,10,20,NULL),(203,'2022-09-22 16:27:26',0,0,7,'Venda',0,NULL,NULL,NULL,'65',NULL,NULL,1,1,1,NULL,NULL,NULL,0.0000,0.0000,0.0000,NULL,NULL,NULL,NULL,NULL,NULL,NULL,NULL,NULL,NULL,NULL,NULL,'CANCELADO',NULL,NULL,NULL,NULL,NULL,14,21,NULL),(204,'2022-09-22 16:31:19',0,0,7,'Venda',0,NULL,NULL,NULL,'65',NULL,NULL,1,1,1,NULL,NULL,NULL,0.0000,0.0000,0.0000,NULL,NULL,NULL,NULL,NULL,NULL,NULL,NULL,NULL,NULL,NULL,NULL,'CANCELADO',NULL,NULL,NULL,NULL,NULL,14,21,NULL),(205,'2022-09-22 17:14:53',0,0,7,'Venda',0,NULL,NULL,NULL,'65',NULL,NULL,1,1,1,NULL,NULL,NULL,0.0000,0.0000,0.0000,NULL,NULL,NULL,NULL,NULL,NULL,NULL,NULL,NULL,NULL,NULL,NULL,'CANCELADO',NULL,NULL,NULL,NULL,NULL,14,21,NULL),(206,'2022-09-22 17:17:15',0,0,40,'Venda',0,NULL,NULL,NULL,'65',NULL,NULL,1,1,1,NULL,NULL,NULL,0.0000,0.0000,0.0000,NULL,NULL,NULL,NULL,NULL,NULL,NULL,NULL,NULL,NULL,NULL,NULL,'CANCELADO',NULL,NULL,NULL,NULL,NULL,10,20,NULL),(207,'2022-09-23 08:57:35',0,0,7,'Venda',0,NULL,NULL,NULL,'65',NULL,NULL,1,1,1,NULL,NULL,NULL,0.0000,0.0000,0.0000,NULL,NULL,NULL,NULL,NULL,NULL,NULL,NULL,NULL,NULL,NULL,NULL,'CANCELADO',NULL,NULL,NULL,NULL,NULL,14,21,NULL),(208,'2022-09-23 09:26:12',0,0,7,'Venda',0,NULL,NULL,NULL,'65',NULL,NULL,1,1,1,NULL,NULL,NULL,0.0000,0.0000,0.0000,NULL,NULL,NULL,NULL,NULL,NULL,NULL,NULL,NULL,NULL,NULL,NULL,'CANCELADO',NULL,NULL,NULL,NULL,NULL,14,21,NULL),(209,'2022-09-23 10:29:50',0,0,40,'Venda',0,NULL,NULL,NULL,'65',NULL,NULL,1,1,1,NULL,NULL,NULL,0.0000,0.0000,0.0000,NULL,NULL,NULL,NULL,NULL,NULL,NULL,NULL,NULL,NULL,NULL,NULL,'CANCELADO',NULL,NULL,NULL,NULL,NULL,10,20,NULL),(210,'2022-09-23 11:07:53',0,0,40,'Venda',0,NULL,NULL,NULL,'65',NULL,NULL,1,1,1,NULL,NULL,NULL,0.0000,0.0000,0.0000,NULL,NULL,NULL,NULL,NULL,NULL,NULL,NULL,NULL,NULL,NULL,NULL,'CANCELADO',NULL,NULL,NULL,NULL,NULL,10,20,NULL),(211,'2022-09-26 10:21:09',0,0,7,'Venda',0,NULL,NULL,NULL,'65',NULL,NULL,1,1,1,NULL,NULL,NULL,0.0000,0.0000,0.0000,NULL,NULL,NULL,NULL,NULL,NULL,NULL,NULL,NULL,NULL,NULL,NULL,'CANCELADO',NULL,NULL,NULL,NULL,NULL,14,21,NULL),(212,'2022-09-26 10:23:26',0,0,7,'Venda',0,'DANIEL ANTONIO DE LIMA',NULL,'2','65','11041912455',NULL,1,1,1,NULL,NULL,NULL,0.0000,0.0000,0.0000,'DFS','45fsd','545SDF5','55SSD5F5','5455454','545D5SF5','AC',NULL,NULL,NULL,NULL,NULL,'CANCELADO',NULL,NULL,NULL,NULL,NULL,14,21,NULL),(213,'2022-09-26 11:06:48',0,0,40,'Venda',0,NULL,NULL,NULL,'65',NULL,NULL,1,1,1,NULL,NULL,NULL,0.0000,0.0000,0.0000,NULL,NULL,NULL,NULL,NULL,NULL,NULL,NULL,NULL,NULL,NULL,NULL,'CANCELADO',NULL,NULL,NULL,NULL,NULL,10,20,NULL),(214,'2022-09-26 11:15:00',0,0,40,'Venda',0,NULL,NULL,NULL,'65',NULL,NULL,1,1,1,NULL,NULL,NULL,0.0000,0.0000,0.0000,NULL,NULL,NULL,NULL,NULL,NULL,NULL,NULL,NULL,NULL,NULL,NULL,'CANCELADO',NULL,NULL,NULL,NULL,NULL,10,20,NULL),(215,'2022-09-26 11:15:10',0,0,40,'Venda',0,NULL,NULL,NULL,'65',NULL,NULL,1,1,1,NULL,NULL,NULL,0.0000,0.0000,0.0000,NULL,NULL,NULL,NULL,NULL,NULL,NULL,NULL,NULL,NULL,NULL,NULL,'CANCELADO',NULL,NULL,NULL,NULL,NULL,10,20,NULL),(216,'2022-09-26 11:26:40',0,0,40,'Venda',0,NULL,NULL,NULL,'65',NULL,NULL,1,1,1,NULL,NULL,NULL,0.0000,0.0000,0.0000,NULL,NULL,NULL,NULL,NULL,NULL,NULL,NULL,NULL,NULL,NULL,NULL,'CANCELADO',NULL,NULL,NULL,NULL,NULL,10,20,NULL),(217,'2022-09-26 11:26:48',0,0,40,'Venda',0,NULL,NULL,NULL,'65',NULL,NULL,1,1,1,NULL,NULL,NULL,0.0000,0.0000,0.0000,NULL,NULL,NULL,NULL,NULL,NULL,NULL,NULL,NULL,NULL,NULL,NULL,'CANCELADO',NULL,NULL,NULL,NULL,NULL,10,20,NULL),(218,'2022-09-26 16:43:55',0,0,40,'Venda',0,NULL,NULL,NULL,'65',NULL,NULL,1,1,1,NULL,NULL,NULL,0.0000,0.0000,0.0000,NULL,NULL,NULL,NULL,NULL,NULL,NULL,NULL,NULL,NULL,NULL,NULL,'CANCELADO',NULL,NULL,NULL,NULL,NULL,10,20,NULL),(219,'2022-09-26 16:44:03',0,0,40,'Venda',0,NULL,NULL,NULL,'65',NULL,NULL,1,1,1,NULL,NULL,NULL,0.0000,0.0000,0.0000,NULL,NULL,NULL,NULL,NULL,NULL,NULL,NULL,NULL,NULL,NULL,NULL,'CANCELADO',NULL,NULL,NULL,NULL,NULL,10,20,NULL),(220,'2022-09-27 09:53:40',0,0,40,'Venda',0,NULL,NULL,NULL,'65',NULL,NULL,1,1,1,NULL,NULL,NULL,0.0000,0.0000,0.0000,NULL,NULL,NULL,NULL,NULL,NULL,NULL,NULL,NULL,NULL,NULL,NULL,'CANCELADO',NULL,NULL,NULL,NULL,NULL,10,20,NULL),(221,'2022-09-27 09:56:11',0,0,40,'Venda',0,NULL,NULL,NULL,'65',NULL,NULL,1,1,1,NULL,NULL,NULL,0.0000,0.0000,0.0000,NULL,NULL,NULL,NULL,NULL,NULL,NULL,NULL,NULL,NULL,NULL,NULL,'CANCELADO',NULL,NULL,NULL,NULL,NULL,10,20,NULL),(222,'2022-09-27 09:56:49',0,0,40,'Venda',0,NULL,NULL,NULL,'65',NULL,NULL,1,1,1,NULL,NULL,NULL,0.0000,0.0000,0.0000,NULL,NULL,NULL,NULL,NULL,NULL,NULL,NULL,NULL,NULL,NULL,NULL,'CANCELADO',NULL,NULL,NULL,NULL,NULL,10,20,NULL),(223,'2022-09-27 10:33:15',0,0,40,'Venda',0,NULL,NULL,NULL,'65',NULL,NULL,1,1,1,NULL,NULL,NULL,0.0000,0.0000,0.0000,NULL,NULL,NULL,NULL,NULL,NULL,NULL,NULL,NULL,NULL,NULL,NULL,'CONCLUIDO',NULL,NULL,NULL,NULL,NULL,10,20,NULL),(224,'2022-09-27 14:42:38',0,0,7,'Venda',0,NULL,NULL,NULL,'65',NULL,NULL,1,1,1,NULL,NULL,NULL,0.0000,0.0000,0.0000,NULL,NULL,NULL,NULL,NULL,NULL,NULL,NULL,NULL,NULL,NULL,NULL,'CANCELADO',NULL,NULL,NULL,NULL,NULL,14,21,NULL),(225,'2022-09-30 09:56:03',0,0,7,'Venda',0,NULL,NULL,NULL,'65',NULL,NULL,1,1,1,NULL,NULL,NULL,0.0000,0.0000,0.0000,NULL,NULL,NULL,NULL,NULL,NULL,NULL,NULL,NULL,NULL,NULL,NULL,'CONCLUIDO',NULL,NULL,NULL,NULL,NULL,14,21,NULL),(226,'2022-09-30 09:56:32',0,0,40,'Venda',0,NULL,NULL,NULL,'65',NULL,NULL,1,1,1,NULL,NULL,NULL,0.0000,0.0000,0.0000,NULL,NULL,NULL,NULL,NULL,NULL,NULL,NULL,NULL,NULL,NULL,NULL,'CONCLUIDO',NULL,NULL,NULL,NULL,NULL,10,20,NULL),(227,'2022-09-30 09:56:49',0,0,40,'Venda',0,NULL,NULL,NULL,'65',NULL,NULL,1,1,1,NULL,NULL,NULL,0.0000,0.0000,0.0000,NULL,NULL,NULL,NULL,NULL,NULL,NULL,NULL,NULL,NULL,NULL,NULL,'CONCLUIDO',NULL,NULL,NULL,NULL,NULL,10,20,NULL),(228,'2022-09-30 09:57:04',0,0,40,'Venda',0,NULL,NULL,NULL,'65',NULL,NULL,1,1,1,NULL,NULL,NULL,0.0000,0.0000,0.0000,NULL,NULL,NULL,NULL,NULL,NULL,NULL,NULL,NULL,NULL,NULL,NULL,'CANCELADO',NULL,NULL,NULL,NULL,NULL,10,20,NULL),(229,'2022-09-30 11:10:07',0,0,40,'Venda',0,NULL,NULL,NULL,'65',NULL,NULL,1,1,1,NULL,NULL,NULL,0.0000,0.0000,0.0000,NULL,NULL,NULL,NULL,NULL,NULL,NULL,NULL,NULL,NULL,NULL,NULL,'CANCELADO',NULL,NULL,NULL,NULL,NULL,10,20,NULL),(230,'2022-10-05 09:52:26',0,0,7,'Venda',0,NULL,NULL,NULL,'65',NULL,NULL,1,1,1,NULL,NULL,NULL,0.0000,0.0000,0.0000,NULL,NULL,NULL,NULL,NULL,NULL,NULL,NULL,NULL,NULL,NULL,NULL,'CONCLUIDO',NULL,NULL,NULL,NULL,NULL,14,21,NULL),(231,'2022-10-05 11:21:47',0,0,40,'Venda',0,NULL,NULL,NULL,'65',NULL,NULL,1,1,1,NULL,NULL,NULL,0.0000,0.0000,0.0000,NULL,NULL,NULL,NULL,NULL,NULL,NULL,NULL,NULL,NULL,NULL,NULL,'CANCELADO',NULL,NULL,NULL,NULL,NULL,10,20,NULL),(232,'2022-10-05 11:22:16',0,0,40,'Venda',0,NULL,NULL,NULL,'65',NULL,NULL,1,1,1,NULL,NULL,NULL,0.0000,0.0000,0.0000,NULL,NULL,NULL,NULL,NULL,NULL,NULL,NULL,NULL,NULL,NULL,NULL,'CONCLUIDO',NULL,NULL,NULL,NULL,NULL,10,20,NULL),(233,'2022-10-13 09:12:49',0,0,40,'Venda',0,NULL,NULL,NULL,'65',NULL,NULL,1,1,1,NULL,NULL,NULL,0.0000,0.0000,0.0000,NULL,NULL,NULL,NULL,NULL,NULL,NULL,NULL,NULL,NULL,NULL,NULL,'CANCELADO',NULL,NULL,NULL,NULL,NULL,10,20,NULL),(234,'2022-10-13 09:22:58',0,0,7,'Venda',0,NULL,NULL,NULL,'65',NULL,NULL,1,1,1,NULL,NULL,NULL,0.0000,0.0000,0.0000,NULL,NULL,NULL,NULL,NULL,NULL,NULL,NULL,NULL,NULL,NULL,NULL,'CONCLUIDO',NULL,NULL,NULL,NULL,NULL,14,21,NULL),(235,'2022-10-13 09:23:14',0,0,7,'Venda',0,NULL,NULL,NULL,'65',NULL,NULL,1,1,1,NULL,NULL,NULL,0.0000,0.0000,0.0000,NULL,NULL,NULL,NULL,NULL,NULL,NULL,NULL,NULL,NULL,NULL,NULL,'CONCLUIDO',NULL,NULL,NULL,NULL,NULL,14,21,NULL),(236,'2022-10-13 09:23:32',0,0,7,'Venda',0,NULL,NULL,NULL,'65',NULL,NULL,1,1,1,NULL,NULL,NULL,0.0000,0.0000,0.0000,NULL,NULL,NULL,NULL,NULL,NULL,NULL,NULL,NULL,NULL,NULL,NULL,'CANCELADO',NULL,NULL,NULL,NULL,NULL,14,21,NULL),(237,'2022-10-13 09:25:16',0,0,7,'Venda',0,NULL,NULL,NULL,'65',NULL,NULL,1,1,1,NULL,NULL,NULL,0.0000,0.0000,0.0000,NULL,NULL,NULL,NULL,NULL,NULL,NULL,NULL,NULL,NULL,NULL,NULL,'CANCELADO',NULL,NULL,NULL,NULL,NULL,14,21,NULL),(238,'2022-10-13 16:29:04',0,0,7,'Venda',0,NULL,NULL,NULL,'65',NULL,NULL,1,1,1,NULL,NULL,NULL,0.0000,0.0000,0.0000,NULL,NULL,NULL,NULL,NULL,NULL,NULL,NULL,NULL,NULL,NULL,NULL,'CANCELADO',NULL,NULL,NULL,NULL,NULL,14,21,NULL),(239,'2022-10-13 16:31:23',0,0,40,'Venda',0,NULL,NULL,NULL,'65',NULL,NULL,1,1,1,NULL,NULL,NULL,0.0000,0.0000,0.0000,NULL,NULL,NULL,NULL,NULL,NULL,NULL,NULL,NULL,NULL,NULL,NULL,'CANCELADO',NULL,NULL,NULL,NULL,NULL,10,20,NULL),(240,'2022-10-13 16:31:25',0,0,7,'Venda',0,NULL,NULL,NULL,'65',NULL,NULL,1,1,1,NULL,NULL,NULL,0.0000,0.0000,0.0000,NULL,NULL,NULL,NULL,NULL,NULL,NULL,NULL,NULL,NULL,NULL,NULL,'CANCELADO',NULL,NULL,NULL,NULL,NULL,14,21,NULL),(241,'2022-10-13 16:40:54',0,0,7,'Venda',0,NULL,NULL,NULL,'65',NULL,NULL,1,1,1,NULL,NULL,NULL,0.0000,0.0000,0.0000,NULL,NULL,NULL,NULL,NULL,NULL,NULL,NULL,NULL,NULL,NULL,NULL,'CANCELADO',NULL,NULL,NULL,NULL,NULL,14,21,NULL),(242,'2022-10-14 09:29:37',0,0,7,'Venda',0,NULL,NULL,NULL,'65',NULL,NULL,1,1,1,NULL,NULL,NULL,0.0000,0.0000,0.0000,NULL,NULL,NULL,NULL,NULL,NULL,NULL,NULL,NULL,NULL,NULL,NULL,'CANCELADO',NULL,NULL,NULL,NULL,NULL,14,21,NULL),(243,'2022-10-14 09:31:14',0,0,7,'Venda',0,NULL,NULL,NULL,'65',NULL,NULL,1,1,1,NULL,NULL,NULL,0.0000,0.0000,0.0000,NULL,NULL,NULL,NULL,NULL,NULL,NULL,NULL,NULL,NULL,NULL,NULL,'CONCLUIDO',NULL,NULL,NULL,NULL,NULL,14,21,NULL),(244,'2022-10-14 09:50:26',0,0,40,'Venda',0,NULL,NULL,NULL,'65',NULL,NULL,1,1,1,NULL,NULL,NULL,0.0000,0.0000,0.0000,NULL,NULL,NULL,NULL,NULL,NULL,NULL,NULL,NULL,NULL,NULL,NULL,'CONCLUIDO',NULL,NULL,NULL,NULL,NULL,10,20,NULL),(245,'2022-10-14 10:27:30',0,0,7,'Venda',0,NULL,NULL,NULL,'65',NULL,NULL,1,1,1,NULL,NULL,NULL,0.0000,0.0000,0.0000,NULL,NULL,NULL,NULL,NULL,NULL,NULL,NULL,NULL,NULL,NULL,NULL,'CANCELADO',NULL,NULL,NULL,NULL,NULL,14,21,NULL),(246,'2022-10-14 10:30:03',0,0,7,'Venda',0,NULL,NULL,NULL,'65',NULL,NULL,1,1,1,NULL,NULL,NULL,0.0000,0.0000,0.0000,NULL,NULL,NULL,NULL,NULL,NULL,NULL,NULL,NULL,NULL,NULL,NULL,'CONCLUIDO',NULL,NULL,NULL,NULL,NULL,14,21,NULL),(247,'2022-10-14 10:36:06',0,0,40,'Venda',0,NULL,NULL,NULL,'65',NULL,NULL,1,1,1,NULL,NULL,NULL,0.0000,0.0000,0.0000,NULL,NULL,NULL,NULL,NULL,NULL,NULL,NULL,NULL,NULL,NULL,NULL,'CANCELADO',NULL,NULL,NULL,NULL,NULL,10,20,NULL),(248,'2022-10-14 10:42:03',0,0,7,'Venda',0,NULL,NULL,NULL,'65',NULL,NULL,1,1,1,NULL,NULL,NULL,0.0000,0.0000,0.0000,NULL,NULL,NULL,NULL,NULL,NULL,NULL,NULL,NULL,NULL,NULL,NULL,'CONCLUIDO',NULL,NULL,NULL,NULL,NULL,14,21,NULL),(249,'2022-10-14 10:42:03',0,0,7,'Venda',0,NULL,NULL,NULL,'65',NULL,NULL,1,1,1,NULL,NULL,NULL,0.0000,0.0000,0.0000,NULL,NULL,NULL,NULL,NULL,NULL,NULL,NULL,NULL,NULL,NULL,NULL,'CONCLUIDO',NULL,NULL,NULL,NULL,NULL,14,21,NULL),(250,'2022-10-14 10:44:45',0,0,7,'Venda',0,NULL,NULL,NULL,'65',NULL,NULL,1,1,1,NULL,NULL,NULL,0.0000,0.0000,0.0000,NULL,NULL,NULL,NULL,NULL,NULL,NULL,NULL,NULL,NULL,NULL,NULL,'CONCLUIDO',NULL,NULL,NULL,NULL,NULL,14,21,NULL),(251,'2022-10-14 10:45:37',0,0,7,'Venda',0,NULL,NULL,NULL,'65',NULL,NULL,1,1,1,NULL,NULL,NULL,0.0000,0.0000,0.0000,NULL,NULL,NULL,NULL,NULL,NULL,NULL,NULL,NULL,NULL,NULL,NULL,'CONCLUIDO',NULL,NULL,NULL,NULL,NULL,14,21,NULL),(252,'2022-10-14 10:50:56',0,0,7,'Venda',0,NULL,NULL,NULL,'65',NULL,NULL,1,1,1,NULL,NULL,NULL,0.0000,0.0000,0.0000,NULL,NULL,NULL,NULL,NULL,NULL,NULL,NULL,NULL,NULL,NULL,NULL,'PENDENTE',NULL,NULL,NULL,NULL,NULL,14,21,NULL),(253,'2022-10-14 11:10:30',0,0,40,'Venda',0,NULL,NULL,NULL,'65',NULL,NULL,1,1,1,NULL,NULL,NULL,0.0000,0.0000,0.0000,NULL,NULL,NULL,NULL,NULL,NULL,NULL,NULL,NULL,NULL,NULL,NULL,'PENDENTE',NULL,NULL,NULL,NULL,NULL,10,20,NULL);

--
-- Table structure for table `venda_pdv_pagamento`
--

CREATE TABLE `venda_pdv_pagamento` (
  `codigo` int(11) NOT NULL AUTO_INCREMENT,
  `parcela` int(11) DEFAULT NULL,
  `formapag` varchar(11) DEFAULT NULL,
  `datavencimento` varchar(10) DEFAULT NULL,
  `valor` decimal(15,2) DEFAULT NULL,
  `troco` decimal(15,2) DEFAULT NULL,
  `venda` int(11) DEFAULT NULL,
  `codigo_externo` int(11) DEFAULT NULL,
  `status` varchar(50) DEFAULT NULL,
  `lancamento` datetime NOT NULL,
  PRIMARY KEY (`codigo`) USING BTREE
) ENGINE=InnoDB AUTO_INCREMENT=152 DEFAULT CHARSET=latin1;

--
-- Dumping data for table `venda_pdv_pagamento`
--

INSERT INTO `venda_pdv_pagamento` VALUES (1,1,'D','',10.00,0.00,196,0,'CANCELADO','0000-00-00 00:00:00'),(2,1,'D','',-6.00,0.00,196,0,'CANCELADO','0000-00-00 00:00:00'),(3,1,'D','',2402.00,0.00,196,0,'PAGO','0000-00-00 00:00:00'),(4,1,'D','',1699.90,0.00,197,0,'PAGO','0000-00-00 00:00:00'),(5,1,'D','',603.50,0.00,198,0,'PAGO','0000-00-00 00:00:00'),(6,1,'D','',6341.64,0.00,199,0,'PAGO','0000-00-00 00:00:00'),(7,1,'D','',207197.97,0.00,200,0,'CANCELADO','0000-00-00 00:00:00'),(8,1,'D','',200.00,0.00,200,0,'CANCELADO','0000-00-00 00:00:00'),(9,1,'D','',5.00,0.00,203,0,'PAGO','0000-00-00 00:00:00'),(10,1,'D','',25.00,0.00,203,0,'PAGO','0000-00-00 00:00:00'),(11,1,'D','',10.00,0.00,204,0,'CANCELADO','0000-00-00 00:00:00'),(12,1,'D','',317.00,0.00,204,0,'CANCELADO','0000-00-00 00:00:00'),(13,1,'D','',307.00,0.00,204,0,'CANCELADO','0000-00-00 00:00:00'),(14,1,'D','',0.00,0.00,204,0,'CANCELADO','0000-00-00 00:00:00'),(15,1,'D','',-627.66,0.00,204,0,'CANCELADO','0000-00-00 00:00:00'),(16,1,'D','',1699.90,0.00,204,0,'PAGO','0000-00-00 00:00:00'),(17,1,'D','',10.00,0.00,205,0,'PAGO','0000-00-00 00:00:00'),(18,1,'D','',10.00,0.00,205,0,'PAGO','0000-00-00 00:00:00'),(19,1,'D','',583.50,0.00,205,0,'PAGO','0000-00-00 00:00:00'),(20,1,'D','',5.00,0.00,207,0,'PAGO','0000-00-00 00:00:00'),(21,1,'D','',50.00,0.00,207,0,'PAGO','0000-00-00 00:00:00'),(22,1,'D','',600.00,0.00,210,0,'PAGO','0000-00-00 00:00:00'),(23,1,'D','',6048.96,0.00,208,0,'CANCELADO','0000-00-00 00:00:00'),(24,1,'D','',10.00,0.00,208,0,'CANCELADO','0000-00-00 00:00:00'),(25,1,'D','',10.00,0.00,208,0,'CANCELADO','0000-00-00 00:00:00'),(26,1,'D','',0.00,0.00,208,0,'CANCELADO','0000-00-00 00:00:00'),(27,1,'D','',0.00,0.00,208,0,'CANCELADO','0000-00-00 00:00:00'),(28,1,'D','',0.00,0.00,208,0,'CANCELADO','0000-00-00 00:00:00'),(29,1,'D','',0.00,0.00,208,0,'CANCELADO','0000-00-00 00:00:00'),(30,1,'D','',-8.00,0.00,208,0,'CANCELADO','0000-00-00 00:00:00'),(31,1,'D','',8.00,0.00,208,0,'CANCELADO','0000-00-00 00:00:00'),(32,1,'D','',-18.00,0.00,208,0,'CANCELADO','0000-00-00 00:00:00'),(33,1,'D','',150.00,0.00,208,0,'CANCELADO','0000-00-00 00:00:00'),(34,1,'D','',-150.00,0.00,208,0,'CANCELADO','0000-00-00 00:00:00'),(35,1,'D','',0.00,0.00,208,0,'CANCELADO','0000-00-00 00:00:00'),(36,1,'D','',1.00,0.00,208,0,'CANCELADO','0000-00-00 00:00:00'),(37,1,'D','',100.00,0.00,208,0,'PAGO','0000-00-00 00:00:00'),(38,1,'D','',10.00,0.00,212,0,'PAGO','0000-00-00 00:00:00'),(39,1,'D','',10.00,0.00,212,0,'PAGO','0000-00-00 00:00:00'),(40,1,'D','',2382.00,0.00,212,0,'PAGO','0000-00-00 00:00:00'),(41,1,'D','',603.50,0.00,219,0,'CANCELADO','0000-00-00 00:00:00'),(42,1,'D','',100.00,0.00,219,0,'PAGO','0000-00-00 00:00:00'),(43,1,'D','',503.50,0.00,219,0,'PAGO','0000-00-00 00:00:00'),(44,1,'D','',2402.00,0.00,220,0,'PAGO','0000-00-00 00:00:00'),(45,1,'D','',7297.02,0.00,221,0,'PAGO','0000-00-00 00:00:00'),(46,1,'D','',603.50,0.00,222,0,'PAGO','0000-00-00 00:00:00'),(47,1,'D','',50.00,0.00,223,0,'PAGO','0000-00-00 00:00:00'),(48,1,'D','',300.00,0.00,223,0,'PAGO','0000-00-00 00:00:00'),(49,1,'D','',157.00,0.00,223,0,'PAGO','0000-00-00 00:00:00'),(50,1,'D','',-314.00,0.00,223,0,'PAGO','0000-00-00 00:00:00'),(51,1,'D','',410.50,0.00,223,0,'PAGO','0000-00-00 00:00:00'),(52,1,'D','',100.00,0.00,224,0,'PAGO','0000-00-00 00:00:00'),(53,1,'D','',100.00,0.00,224,0,'PAGO','0000-00-00 00:00:00'),(54,1,'D','',0.00,0.00,224,0,'PAGO','0000-00-00 00:00:00'),(55,1,'D','',1689.52,0.00,224,0,'PAGO','0000-00-00 00:00:00'),(56,1,'D','',2499.37,0.00,226,0,'PAGO','0000-00-00 00:00:00'),(57,1,'D','',603.50,0.00,227,0,'PAGO','0000-00-00 00:00:00'),(58,1,'P','',0.50,0.00,228,0,'CANCELADO','0000-00-00 00:00:00'),(59,1,'P','',0.50,0.00,228,77,'CANCELADO','0000-00-00 00:00:00'),(60,1,'D','',50.00,0.00,229,0,'CANCELADO','0000-00-00 00:00:00'),(61,1,'P','',0.50,0.00,229,78,'CANCELADO','0000-00-00 00:00:00'),(62,1,'D','',2939.74,0.00,225,0,'PAGO','0000-00-00 00:00:00'),(63,1,'D','',603.50,0.00,232,0,'PAGO','0000-00-00 00:00:00'),(64,1,'DESC','',1.00,0.00,233,0,'CANCELADO','0000-00-00 00:00:00'),(65,1,'ACRES','',52.00,0.00,233,0,'CANCELADO','0000-00-00 00:00:00'),(66,1,'DESC','',56.20,0.00,233,0,'CANCELADO','0000-00-00 00:00:00'),(67,1,'ACRES','',525.63,0.00,233,0,'CANCELADO','0000-00-00 00:00:00'),(68,1,'DESC','',4998.74,0.00,230,0,'CANCELADO','0000-00-00 00:00:00'),(69,1,'DESC','',2499.37,0.00,234,0,'CANCELADO','0000-00-00 00:00:00'),(70,1,'DESC','',1699.90,0.00,235,0,'CANCELADO','0000-00-00 00:00:00'),(71,1,'D','',120.00,0.00,236,0,'PAGO','0000-00-00 00:00:00'),(72,1,'D','',150.00,0.00,236,0,'PAGO','0000-00-00 00:00:00'),(73,1,'ACRES','',-230.00,0.00,236,0,'CANCELADO','0000-00-00 00:00:00'),(74,1,'D','',200.00,0.00,237,0,'PAGO','0000-00-00 00:00:00'),(75,1,'ACRES','',-160.00,0.00,237,0,'CANCELADO','0000-00-00 00:00:00'),(76,1,'D','',5.00,0.00,233,0,'CANCELADO','0000-00-00 00:00:00'),(77,1,'DESC','',5.00,0.00,233,0,'CANCELADO','0000-00-00 00:00:00'),(78,1,'ACRES','',5.00,0.00,233,0,'CANCELADO','0000-00-00 00:00:00'),(79,1,'DESC','',1894.41,0.00,233,0,'CANCELADO','0000-00-00 00:00:00'),(80,1,'DESC','',5.00,0.00,233,0,'CANCELADO','0000-00-00 00:00:00'),(81,1,'DESC','',5.00,0.00,233,0,'CANCELADO','0000-00-00 00:00:00'),(82,1,NULL,NULL,0.00,0.00,237,0,'PAGO','2022-10-13 16:08:22'),(83,1,NULL,NULL,0.00,0.00,237,0,'PAGO','2022-10-13 16:08:24'),(84,1,NULL,NULL,0.00,0.00,237,0,'PAGO','2022-10-13 16:08:31'),(85,1,NULL,NULL,0.00,0.00,237,0,'PAGO','2022-10-13 16:08:35'),(86,1,NULL,NULL,0.00,0.00,237,0,'PAGO','2022-10-13 16:08:36'),(87,1,NULL,NULL,0.00,0.00,237,0,'PAGO','2022-10-13 16:09:47'),(88,1,NULL,NULL,0.00,0.00,237,0,'PAGO','2022-10-13 16:09:58'),(89,1,NULL,NULL,0.00,0.00,237,0,'PAGO','2022-10-13 16:11:02'),(90,1,NULL,NULL,0.00,0.00,237,0,'PAGO','2022-10-13 16:14:37'),(91,1,'DESC',NULL,20.00,0.00,237,0,'PAGO','2022-10-13 16:42:10'),(92,1,NULL,NULL,0.00,0.00,237,0,'PAGO','2022-10-13 16:14:55'),(93,1,NULL,NULL,0.00,0.00,237,0,'PAGO','2022-10-13 16:20:27'),(94,1,'DESC',NULL,0.00,0.00,237,0,'PAGO','2022-10-13 16:24:30'),(95,1,'DESC',NULL,0.00,0.00,237,0,'PAGO','2022-10-13 16:27:36'),(96,1,'DESC',NULL,0.00,0.00,237,0,'PAGO','2022-10-13 16:28:21'),(97,1,'DESC',NULL,0.00,0.00,237,0,'PAGO','2022-10-13 16:28:31'),(98,1,'DESC',NULL,0.00,0.00,237,0,'PAGO','2022-10-13 16:28:32'),(99,1,'DESC',NULL,0.00,0.00,237,0,'PAGO','2022-10-13 16:28:33'),(100,1,'DESC',NULL,0.00,0.00,238,0,'PAGO','2022-10-13 16:29:14'),(101,1,'DESC',NULL,0.00,0.00,238,0,'PAGO','2022-10-13 16:29:25'),(102,1,'DESC','',0.00,0.00,233,0,'CANCELADO','2022-10-13 16:29:41'),(103,1,'DESC','',0.00,0.00,233,0,'CANCELADO','2022-10-13 16:29:48'),(104,1,'DESC',NULL,0.00,0.00,237,0,'PAGO','2022-10-13 16:30:36'),(105,1,'DESC','',0.00,0.00,233,0,'CANCELADO','2022-10-13 16:30:40'),(106,1,'DESC','',0.00,0.00,233,0,'CANCELADO','2022-10-13 16:31:01'),(107,1,'DESC',NULL,0.00,0.00,238,0,'PAGO','2022-10-13 16:31:11'),(108,1,'DESC',NULL,0.00,0.00,238,0,'PAGO','2022-10-13 16:31:14'),(109,1,'DESC',NULL,0.00,0.00,238,0,'PAGO','2022-10-13 16:31:20'),(110,1,'DESC',NULL,103.00,0.00,239,0,'PAGO','2022-10-14 09:45:21'),(111,1,'DESC',NULL,0.00,0.00,240,0,'PAGO','2022-10-13 16:34:24'),(112,1,'DESC',NULL,50000.00,0.00,241,0,'PAGO','2022-10-14 09:29:27'),(113,1,'ACRES',NULL,20.00,0.00,241,0,'PAGO','2022-10-14 09:29:08'),(114,1,'ACRES',NULL,50.00,0.00,239,0,'PAGO','2022-10-13 17:38:06'),(115,1,'ACRES',NULL,20.00,0.00,242,0,'PAGO','2022-10-14 09:30:51'),(116,1,'DESC',NULL,2000.00,0.00,242,0,'PAGO','2022-10-14 09:30:56'),(117,1,'ACRES',NULL,0.00,0.00,243,0,'PAGO','2022-10-14 09:55:14'),(118,1,'DESC',NULL,522.22,0.00,244,0,'PAGO','2022-10-14 10:02:47'),(119,1,'ACRES',NULL,0.00,0.00,244,0,'PAGO','2022-10-14 10:02:58'),(120,1,'DESC',NULL,5000.00,0.00,243,0,'PAGO','2022-10-14 10:25:34'),(121,1,'D',NULL,20.00,0.00,0,0,'PAGO','2022-10-14 10:14:17'),(122,1,'D',NULL,20.00,0.00,0,0,'PAGO','2022-10-14 10:14:24'),(123,1,'D',NULL,20.00,0.00,243,0,'PAGO','2022-10-14 10:15:05'),(124,1,'D',NULL,20.00,0.00,243,0,'PAGO','2022-10-14 10:16:22'),(125,1,'D',NULL,-498150.48,0.00,243,0,'PAGO','2022-10-14 10:23:19'),(126,1,'D',NULL,100.00,-428.00,244,0,'PAGO','2022-10-14 10:24:51'),(127,1,'D',NULL,495000.00,5000.00,243,0,'PAGO','2022-10-14 10:26:25'),(128,1,'D',NULL,0.00,500000.00,243,0,'PAGO','2022-10-14 10:26:29'),(129,1,'D',NULL,0.00,500000.00,243,0,'PAGO','2022-10-14 10:26:32'),(130,1,'DESC',NULL,20.00,0.00,245,0,'PAGO','2022-10-14 10:27:54'),(131,1,'ACRES',NULL,30.00,0.00,245,0,'PAGO','2022-10-14 10:27:58'),(132,1,'D',NULL,3559.59,1440.41,245,0,'PAGO','2022-10-14 10:28:14'),(133,1,'D',NULL,428.00,-378.00,244,0,'PAGO','2022-10-14 10:35:32'),(134,1,'DESC',NULL,3.50,0.00,247,0,'PAGO','2022-10-14 10:36:29'),(135,1,'ACRES',NULL,100.00,0.00,247,0,'PAGO','2022-10-14 10:36:34'),(136,1,'D',NULL,700.00,0.00,247,0,'PAGO','2022-10-14 10:36:39'),(137,1,'D',NULL,0.00,500000.00,243,0,'PAGO','2022-10-14 10:41:21'),(138,1,'D',NULL,1050.22,-900.22,246,0,'PAGO','2022-10-14 10:41:57'),(139,1,'D',NULL,2499.37,-2484.37,249,0,'PAGO','2022-10-14 10:42:17'),(140,1,'D',NULL,2499.37,-2484.37,248,0,'PAGO','2022-10-14 10:44:03'),(141,1,'D',NULL,4998.74,-4848.74,250,0,'PAGO','2022-10-14 10:45:24'),(142,1,'D',NULL,3549.59,-3534.59,251,0,'PAGO','2022-10-14 10:45:57'),(143,1,'D',NULL,15.00,0.00,252,0,'PAGO','2022-10-14 10:51:16'),(144,1,'D',NULL,15.00,0.00,252,0,'PAGO','2022-10-14 10:51:26'),(145,1,'DESC',NULL,20.00,0.00,252,0,'PAGO','2022-10-14 10:51:38'),(146,1,'ACRES',NULL,30.00,0.00,252,0,'PAGO','2022-10-14 10:51:42'),(147,1,'D',NULL,4368.89,0.00,252,0,'PAGO','2022-10-14 10:52:25'),(148,1,'D',NULL,0.00,500000.00,243,0,'PAGO','2022-10-14 10:58:37'),(149,1,'DESC',NULL,3.50,0.00,253,0,'PAGO','2022-10-14 11:10:45'),(150,1,'ACRES',NULL,100.00,0.00,253,0,'PAGO','2022-10-14 11:10:51'),(151,1,'D',NULL,700.00,300.00,253,0,'PAGO','2022-10-14 11:10:57');

--
-- Table structure for table `venda_pdv_produto`
--

CREATE TABLE `venda_pdv_produto` (
  `codigo` int(11) NOT NULL AUTO_INCREMENT,
  `venda_pdv` int(11) DEFAULT NULL,
  `produto` int(11) DEFAULT NULL,
  `valorproduto` decimal(15,2) DEFAULT NULL,
  `desconto` decimal(15,2) DEFAULT NULL,
  `acrescimo` decimal(15,2) DEFAULT NULL,
  `qtd` int(11) DEFAULT NULL,
  `xProd` varchar(120) DEFAULT NULL,
  `uCom` varchar(10) DEFAULT NULL,
  `orig` int(11) DEFAULT NULL,
  `descricao` varchar(60) DEFAULT NULL,
  `estoque_codigo` int(11) DEFAULT NULL,
  `estoque_nome` varchar(50) DEFAULT NULL,
  `estoque_barra` varchar(50) DEFAULT NULL,
  `estoque_cnpj` varchar(45) NOT NULL,
  PRIMARY KEY (`codigo`)
) ENGINE=InnoDB AUTO_INCREMENT=140 DEFAULT CHARSET=latin1;

--
-- Dumping data for table `venda_pdv_produto`
--

INSERT INTO `venda_pdv_produto` VALUES (1,184,28,1699.90,0.00,0.00,1,'RACK STATUS ALEMANHA 1730 - PILHAO','',NULL,NULL,7,'INPORTAÇÃO',NULL,'33903812000104'),(2,185,28,1699.90,0.00,0.00,1,'RACK STATUS ALEMANHA 1730 - PILHAO','',NULL,NULL,7,'INPORTAÇÃO',NULL,'33903812000104'),(3,185,28,1699.90,0.00,0.00,1,'RACK STATUS ALEMANHA 1730 - PILHAO','',NULL,NULL,7,'INPORTAÇÃO',NULL,'33903812000104'),(4,186,28,1699.90,252.00,0.00,1,'RACK STATUS ALEMANHA 1730 - PILHAO','',NULL,NULL,7,'INPORTAÇÃO',NULL,'33903812000104'),(5,187,28,1699.90,0.00,0.00,1,'RACK STATUS ALEMANHA 1730 - PILHAO','',NULL,NULL,7,'INPORTAÇÃO',NULL,'33903812000104'),(6,187,28,1699.90,0.00,0.00,1,'RACK STATUS ALEMANHA 1730 - PILHAO','',NULL,NULL,7,'INPORTAÇÃO',NULL,'33903812000104'),(7,187,28,1699.90,0.00,0.00,1,'RACK STATUS ALEMANHA 1730 - PILHAO','',NULL,NULL,7,'INPORTAÇÃO',NULL,'33903812000104'),(9,188,26,2402.00,0.00,0.00,-1,'POLTRONA MEDALHAO - COR CANELA','',NULL,NULL,5,'INPORTAÇÃO',NULL,'33903812000104'),(10,188,22,150.00,0.00,0.00,20,'CADEIRA VALENCIA - COR OREGON - TECIDO 303','',NULL,NULL,1,'MATRIZ',NULL,'33903812000287'),(11,189,26,2402.00,0.00,0.00,-1,'POLTRONA MEDALHAO - COR CANELA','',NULL,NULL,5,'INPORTAÇÃO',NULL,'33903812000104'),(12,190,26,2402.00,0.00,0.00,-1,'POLTRONA MEDALHAO - COR CANELA','',NULL,NULL,5,'INPORTAÇÃO',NULL,'33903812000104'),(13,191,26,2402.00,0.00,0.00,1,'POLTRONA MEDALHAO - COR CANELA','',NULL,NULL,5,'INPORTAÇÃO',NULL,'33903812000104'),(14,191,26,2402.00,0.00,0.00,1,'POLTRONA MEDALHAO - COR CANELA','',NULL,NULL,5,'INPORTAÇÃO',NULL,'33903812000104'),(15,192,26,2402.00,0.00,0.00,1,'POLTRONA MEDALHAO - COR CANELA','',NULL,NULL,5,'INPORTAÇÃO',NULL,'33903812000104'),(16,192,26,2402.00,0.00,0.00,13,'POLTRONA MEDALHAO - COR CANELA','',NULL,NULL,5,'INPORTAÇÃO',NULL,'33903812000104'),(17,193,26,2402.00,0.00,0.00,1,'POLTRONA MEDALHAO - COR CANELA','',NULL,NULL,5,'INPORTAÇÃO',NULL,'33903812000104'),(18,193,22,150.00,0.00,0.00,1,'CADEIRA VALENCIA - COR OREGON - TECIDO 303','',NULL,NULL,1,'MATRIZ',NULL,'33903812000287'),(19,193,26,2402.00,0.00,0.00,17,'POLTRONA MEDALHAO - COR CANELA','',NULL,NULL,5,'INPORTAÇÃO',NULL,'33903812000104'),(21,194,28,1699.90,0.00,0.00,1,'RACK STATUS ALEMANHA 1730 - PILHAO','',NULL,NULL,7,'INPORTAÇÃO',NULL,'33903812000104'),(23,195,23,2499.37,0.00,0.00,1,'MESA 50 MM 180X90 FLORA PES TORNEADOS 720 - COR OREGON','',NULL,NULL,2,'INPORTAÇÃO',NULL,'33903812000104'),(24,195,26,2402.00,0.00,0.00,1,'POLTRONA MEDALHAO - COR CANELA','',NULL,NULL,5,'INPORTAÇÃO',NULL,'33903812000104'),(25,195,22,150.00,0.00,0.00,1,'CADEIRA VALENCIA - COR OREGON - TECIDO 303','',NULL,NULL,1,'MATRIZ',NULL,'33903812000287'),(26,195,24,1050.22,0.00,0.00,1,'BANCO 29 MM 162X35 CANELA/FLORA C/ PES TORNEADOS - COR OREGON','',NULL,NULL,3,'INPORTAÇÃO',NULL,'33903812000104'),(27,195,26,2402.00,0.00,0.00,1,'POLTRONA MEDALHAO - COR CANELA','',NULL,NULL,5,'INPORTAÇÃO',NULL,'33903812000104'),(28,195,28,1699.90,0.00,0.00,1,'RACK STATUS ALEMANHA 1730 - PILHAO','',NULL,NULL,7,'INPORTAÇÃO',NULL,'33903812000104'),(29,195,22,150.00,0.00,0.00,1,'CADEIRA VALENCIA - COR OREGON - TECIDO 303','',NULL,NULL,1,'MATRIZ',NULL,'33903812000287'),(30,195,26,2402.00,0.00,0.00,1,'POLTRONA MEDALHAO - COR CANELA','',NULL,NULL,5,'INPORTAÇÃO',NULL,'33903812000104'),(31,195,26,2402.00,0.00,0.00,1,'POLTRONA MEDALHAO - COR CANELA','',NULL,NULL,5,'INPORTAÇÃO',NULL,'33903812000104'),(32,196,26,2402.00,0.00,0.00,1,'POLTRONA MEDALHAO - COR CANELA','',NULL,NULL,5,'INPORTAÇÃO',NULL,'33903812000104'),(33,197,28,1699.90,0.00,0.00,1,'RACK STATUS ALEMANHA 1730 - PILHAO','',NULL,NULL,7,'INPORTAÇÃO',NULL,'33903812000104'),(34,198,22,603.50,0.00,0.00,1,'CADEIRA VALENCIA - COR OREGON - TECIDO 303','',NULL,NULL,1,'INPORTAÇÃO',NULL,'33903812000104'),(35,199,24,1050.22,0.00,0.00,1,'BANCO 29 MM 162X35 CANELA/FLORA C/ PES TORNEADOS - COR OREGON','',NULL,NULL,3,'INPORTAÇÃO',NULL,'33903812000104'),(36,199,26,2402.00,0.00,0.00,1,'POLTRONA MEDALHAO - COR CANELA','',NULL,NULL,5,'INPORTAÇÃO',NULL,'33903812000104'),(37,199,30,999.90,0.00,0.00,1,'APARADOR STATUS 100 X 400 COM 1 GAVETA - PINHAO','',NULL,NULL,9,'INPORTAÇÃO',NULL,'33903812000104'),(38,199,25,1889.52,0.00,0.00,1,'MESA REDONDA 90 TROIA - COR CANELA','',NULL,NULL,4,'INPORTAÇÃO',NULL,'33903812000104'),(39,200,23,2499.37,0.00,0.00,1,'MESA 50 MM 180X90 FLORA PES TORNEADOS 720 - COR OREGON','',NULL,NULL,2,'INPORTAÇÃO',NULL,'33903812000104'),(40,200,26,2402.00,0.00,0.00,1,'POLTRONA MEDALHAO - COR CANELA','',NULL,NULL,5,'INPORTAÇÃO',NULL,'33903812000104'),(41,200,31,1499.90,0.00,0.00,1,'ADEGA COUNTRY 790 - PINHAO','',NULL,NULL,10,'INPORTAÇÃO',NULL,'33903812000104'),(42,200,26,2402.00,0.00,0.00,1,'POLTRONA MEDALHAO - COR CANELA','',NULL,NULL,5,'INPORTAÇÃO',NULL,'33903812000104'),(43,200,30,999.90,0.00,0.00,1,'APARADOR STATUS 100 X 400 COM 1 GAVETA - PINHAO','',NULL,NULL,9,'INPORTAÇÃO',NULL,'33903812000104'),(44,200,26,2402.00,0.00,0.00,1,'POLTRONA MEDALHAO - COR CANELA','',NULL,NULL,5,'INPORTAÇÃO',NULL,'33903812000104'),(45,200,28,1699.90,0.00,0.00,1,'RACK STATUS ALEMANHA 1730 - PILHAO','',NULL,NULL,7,'INPORTAÇÃO',NULL,'33903812000104'),(46,200,31,1499.90,0.00,0.00,1,'ADEGA COUNTRY 790 - PINHAO','',NULL,NULL,10,'INPORTAÇÃO',NULL,'33903812000104'),(47,200,26,2402.00,0.00,0.00,1,'POLTRONA MEDALHAO - COR CANELA','',NULL,NULL,5,'INPORTAÇÃO',NULL,'33903812000104'),(48,200,26,2402.00,0.00,0.00,1,'POLTRONA MEDALHAO - COR CANELA','',NULL,NULL,5,'INPORTAÇÃO',NULL,'33903812000104'),(49,200,28,1699.90,0.00,0.00,10,'RACK STATUS ALEMANHA 1730 - PILHAO','',NULL,NULL,7,'INPORTAÇÃO',NULL,'33903812000104'),(50,200,28,1699.90,0.00,0.00,100,'RACK STATUS ALEMANHA 1730 - PILHAO','',NULL,NULL,7,'INPORTAÇÃO',NULL,'33903812000104'),(52,201,22,603.50,0.00,0.00,1,'CADEIRA VALENCIA - COR OREGON - TECIDO 303','',NULL,NULL,1,'INPORTAÇÃO',NULL,'33903812000104'),(53,201,32,4499.90,0.00,0.00,1,'GALIANO 2 MOD','',NULL,NULL,11,'INPORTAÇÃO',NULL,'33903812000104'),(54,201,66,749.99,0.00,0.00,1,'POLTRONA JOICE','',NULL,NULL,45,'INPORTAÇÃO',NULL,'33903812000104'),(55,201,32,4499.90,0.00,0.00,1,'GALIANO 2 MOD','',NULL,NULL,11,'INPORTAÇÃO',NULL,'33903812000104'),(56,201,32,4499.90,0.00,0.00,1,'GALIANO 2 MOD','',NULL,NULL,11,'INPORTAÇÃO',NULL,'33903812000104'),(57,202,32,4499.90,0.00,0.00,1,'GALIANO 2 MOD','',NULL,NULL,11,'INPORTAÇÃO',NULL,'33903812000104'),(58,203,24,1050.22,0.00,0.00,1,'BANCO 29 MM 162X35 CANELA/FLORA C/ PES TORNEADOS - COR OREGON','',NULL,NULL,3,'INPORTAÇÃO',NULL,'33903812000104'),(59,203,24,1050.22,0.00,0.00,1,'BANCO 29 MM 162X35 CANELA/FLORA C/ PES TORNEADOS - COR OREGON','',NULL,NULL,3,'INPORTAÇÃO',NULL,'33903812000104'),(60,204,28,1699.90,0.00,0.00,1,'RACK STATUS ALEMANHA 1730 - PILHAO','',NULL,NULL,7,'INPORTAÇÃO',NULL,'33903812000104'),(61,202,22,603.50,0.00,0.00,1,'CADEIRA VALENCIA - COR OREGON - TECIDO 303','',NULL,NULL,1,'INPORTAÇÃO',NULL,'33903812000104'),(62,202,32,4499.90,0.00,0.00,1,'GALIANO 2 MOD','',NULL,NULL,11,'INPORTAÇÃO',NULL,'33903812000104'),(63,202,51,599.90,0.00,0.00,1,'POLTRONA ANTONIA 290 LONA BEGE G-2 NOG ACET','',NULL,NULL,30,'INPORTAÇÃO',NULL,'33903812000104'),(64,205,22,603.50,0.00,0.00,1,'CADEIRA VALENCIA - COR OREGON - TECIDO 303','',NULL,NULL,1,'INPORTAÇÃO',NULL,'33903812000104'),(65,206,22,603.50,0.00,0.00,2000,'CADEIRA VALENCIA - COR OREGON - TECIDO 303','',NULL,NULL,1,'INPORTAÇÃO',NULL,'33903812000104'),(66,207,24,1050.22,0.00,0.00,1,'BANCO 29 MM 162X35 CANELA/FLORA C/ PES TORNEADOS - COR OREGON','',NULL,NULL,3,'INPORTAÇÃO',NULL,'33903812000104'),(67,206,22,603.50,0.00,0.00,1,'CADEIRA VALENCIA - COR OREGON - TECIDO 303','',NULL,NULL,1,'INPORTAÇÃO',NULL,'33903812000104'),(68,206,26,2402.00,0.00,0.00,1,'POLTRONA MEDALHAO - COR CANELA','',NULL,NULL,5,'INPORTAÇÃO',NULL,'33903812000104'),(69,209,22,603.50,0.00,0.00,9,'CADEIRA VALENCIA - COR OREGON - TECIDO 303','',NULL,NULL,1,'INPORTAÇÃO',NULL,'33903812000104'),(70,209,26,2402.00,0.00,0.00,12,'POLTRONA MEDALHAO - COR CANELA','',NULL,NULL,5,'INPORTAÇÃO',NULL,'33903812000104'),(75,208,23,2499.37,0.00,0.00,1,'MESA 50 MM 180X90 FLORA PES TORNEADOS 720 - COR OREGON','',NULL,NULL,2,'INPORTAÇÃO',NULL,'33903812000104'),(76,208,23,2499.37,0.00,0.00,1,'MESA 50 MM 180X90 FLORA PES TORNEADOS 720 - COR OREGON','',NULL,NULL,2,'INPORTAÇÃO',NULL,'33903812000104'),(77,208,24,1050.22,0.00,0.00,1,'BANCO 29 MM 162X35 CANELA/FLORA C/ PES TORNEADOS - COR OREGON','',NULL,NULL,3,'INPORTAÇÃO',NULL,'33903812000104'),(78,211,24,1050.22,0.00,0.00,1,'BANCO 29 MM 162X35 CANELA/FLORA C/ PES TORNEADOS - COR OREGON','',NULL,NULL,3,'INPORTAÇÃO',NULL,'33903812000104'),(79,212,26,2402.00,0.00,0.00,1,'POLTRONA MEDALHAO - COR CANELA','',NULL,NULL,5,'INPORTAÇÃO',NULL,'33903812000104'),(81,213,22,603.50,0.00,0.00,1,'CADEIRA VALENCIA - COR OREGON - TECIDO 303','',NULL,NULL,1,'INPORTAÇÃO',NULL,'33903812000104'),(82,214,22,603.50,0.00,0.00,1,'CADEIRA VALENCIA - COR OREGON - TECIDO 303','',NULL,NULL,1,'INPORTAÇÃO',NULL,'33903812000104'),(83,215,32,4499.90,0.00,0.00,1,'GALIANO 2 MOD','',NULL,NULL,11,'INPORTAÇÃO',NULL,'33903812000104'),(84,216,32,4499.90,0.00,0.00,1,'GALIANO 2 MOD','',NULL,NULL,11,'INPORTAÇÃO',NULL,'33903812000104'),(85,217,22,603.50,0.00,0.00,1,'CADEIRA VALENCIA - COR OREGON - TECIDO 303','',NULL,NULL,1,'INPORTAÇÃO',NULL,'33903812000104'),(86,218,25,1889.52,0.00,0.00,1,'MESA REDONDA 90 TROIA - COR CANELA','',NULL,NULL,4,'INPORTAÇÃO',NULL,'33903812000104'),(87,219,22,603.50,0.00,0.00,1,'CADEIRA VALENCIA - COR OREGON - TECIDO 303','',NULL,NULL,1,'INPORTAÇÃO',NULL,'33903812000104'),(88,220,26,2402.00,0.00,0.00,1,'POLTRONA MEDALHAO - COR CANELA','',NULL,NULL,5,'INPORTAÇÃO',NULL,'33903812000104'),(89,221,26,2402.00,0.00,0.00,1,'POLTRONA MEDALHAO - COR CANELA','',NULL,NULL,5,'INPORTAÇÃO',NULL,'33903812000104'),(90,221,26,2402.00,0.00,0.00,1,'POLTRONA MEDALHAO - COR CANELA','',NULL,NULL,5,'INPORTAÇÃO',NULL,'33903812000104'),(91,221,25,1889.52,0.00,0.00,1,'MESA REDONDA 90 TROIA - COR CANELA','',NULL,NULL,4,'INPORTAÇÃO',NULL,'33903812000104'),(92,221,22,603.50,0.00,0.00,1,'CADEIRA VALENCIA - COR OREGON - TECIDO 303','',NULL,NULL,1,'INPORTAÇÃO',NULL,'33903812000104'),(93,222,22,603.50,0.00,0.00,1,'CADEIRA VALENCIA - COR OREGON - TECIDO 303','',NULL,NULL,1,'INPORTAÇÃO',NULL,'33903812000104'),(94,223,22,603.50,0.00,0.00,1,'CADEIRA VALENCIA - COR OREGON - TECIDO 303','',NULL,NULL,1,'INPORTAÇÃO',NULL,'33903812000104'),(95,224,25,1889.52,0.00,0.00,1,'MESA REDONDA 90 TROIA - COR CANELA','',NULL,NULL,4,'INPORTAÇÃO',NULL,'33903812000104'),(96,226,23,2499.37,0.00,0.00,1,'MESA 50 MM 180X90 FLORA PES TORNEADOS 720 - COR OREGON','',NULL,NULL,2,'INPORTAÇÃO',NULL,'33903812000104'),(97,227,22,603.50,0.00,0.00,1,'CADEIRA VALENCIA - COR OREGON - TECIDO 303','',NULL,NULL,1,'INPORTAÇÃO',NULL,'33903812000104'),(99,228,22,603.50,0.00,0.00,1,'CADEIRA VALENCIA - COR OREGON - TECIDO 303','',NULL,NULL,1,'INPORTAÇÃO',NULL,'33903812000104'),(100,229,22,603.50,0.00,0.00,2,'CADEIRA VALENCIA - COR OREGON - TECIDO 303','',NULL,NULL,1,'INPORTAÇÃO',NULL,'33903812000104'),(101,225,24,1050.22,0.00,0.00,1,'BANCO 29 MM 162X35 CANELA/FLORA C/ PES TORNEADOS - COR OREGON','',NULL,NULL,3,'INPORTAÇÃO',NULL,'33903812000104'),(102,225,25,1889.52,0.00,0.00,1,'MESA REDONDA 90 TROIA - COR CANELA','',NULL,NULL,4,'INPORTAÇÃO',NULL,'33903812000104'),(104,231,22,603.50,0.00,0.00,1,'CADEIRA VALENCIA - COR OREGON - TECIDO 303','',NULL,NULL,1,'INPORTAÇÃO',NULL,'33903812000104'),(105,231,22,603.50,0.00,0.00,1,'CADEIRA VALENCIA - COR OREGON - TECIDO 303','',NULL,NULL,1,'INPORTAÇÃO',NULL,'33903812000104'),(106,231,22,603.50,0.00,0.00,1,'CADEIRA VALENCIA - COR OREGON - TECIDO 303','',NULL,NULL,1,'INPORTAÇÃO',NULL,'33903812000104'),(107,231,22,603.50,0.00,0.00,1,'CADEIRA VALENCIA - COR OREGON - TECIDO 303','',NULL,NULL,1,'INPORTAÇÃO',NULL,'33903812000104'),(108,231,22,603.50,0.00,0.00,1,'CADEIRA VALENCIA - COR OREGON - TECIDO 303','',NULL,NULL,1,'INPORTAÇÃO',NULL,'33903812000104'),(109,231,22,603.50,0.00,0.00,1,'CADEIRA VALENCIA - COR OREGON - TECIDO 303','',NULL,NULL,1,'INPORTAÇÃO',NULL,'33903812000104'),(110,231,22,603.50,0.00,0.00,1,'CADEIRA VALENCIA - COR OREGON - TECIDO 303','',NULL,NULL,1,'INPORTAÇÃO',NULL,'33903812000104'),(111,231,22,603.50,0.00,0.00,1,'CADEIRA VALENCIA - COR OREGON - TECIDO 303','',NULL,NULL,1,'INPORTAÇÃO',NULL,'33903812000104'),(112,232,22,603.50,0.00,0.00,1,'CADEIRA VALENCIA - COR OREGON - TECIDO 303','',NULL,NULL,1,'INPORTAÇÃO',NULL,'33903812000104'),(113,233,29,1899.41,0.00,0.00,1,'CRISTALEIRA COUNTRY C/GAV VIDRO LATERAL 1910X810 - PINHAO','',NULL,NULL,8,'INPORTAÇÃO',NULL,'33903812000104'),(114,230,23,2499.37,0.00,0.00,1,'MESA 50 MM 180X90 FLORA PES TORNEADOS 720 - COR OREGON','',NULL,NULL,2,'INPORTAÇÃO',NULL,'33903812000104'),(115,230,23,2499.37,0.00,0.00,1,'MESA 50 MM 180X90 FLORA PES TORNEADOS 720 - COR OREGON','',NULL,NULL,2,'INPORTAÇÃO',NULL,'33903812000104'),(116,234,23,2499.37,0.00,0.00,1,'MESA 50 MM 180X90 FLORA PES TORNEADOS 720 - COR OREGON','',NULL,NULL,2,'INPORTAÇÃO',NULL,'33903812000104'),(117,235,28,1699.90,0.00,0.00,1,'RACK STATUS ALEMANHA 1730 - PILHAO','',NULL,NULL,7,'INPORTAÇÃO',NULL,'33903812000104'),(118,236,24,1050.22,0.00,0.00,1,'BANCO 29 MM 162X35 CANELA/FLORA C/ PES TORNEADOS - COR OREGON','',NULL,NULL,3,'INPORTAÇÃO',NULL,'33903812000104'),(119,237,24,1050.22,0.00,0.00,1,'BANCO 29 MM 162X35 CANELA/FLORA C/ PES TORNEADOS - COR OREGON','',NULL,NULL,3,'INPORTAÇÃO',NULL,'33903812000104'),(120,238,24,1050.22,0.00,0.00,1,'BANCO 29 MM 162X35 CANELA/FLORA C/ PES TORNEADOS - COR OREGON','',NULL,NULL,3,'INPORTAÇÃO',NULL,'33903812000104'),(121,239,22,603.50,0.00,0.00,1,'CADEIRA VALENCIA - COR OREGON - TECIDO 303','',NULL,NULL,1,'INPORTAÇÃO',NULL,'33903812000104'),(122,240,24,1050.22,0.00,0.00,1,'BANCO 29 MM 162X35 CANELA/FLORA C/ PES TORNEADOS - COR OREGON','',NULL,NULL,3,'INPORTAÇÃO',NULL,'33903812000104'),(123,241,24,1050.22,0.00,0.00,1,'BANCO 29 MM 162X35 CANELA/FLORA C/ PES TORNEADOS - COR OREGON','',NULL,NULL,3,'INPORTAÇÃO',NULL,'33903812000104'),(124,242,26,2402.00,0.00,0.00,1,'POLTRONA MEDALHAO - COR CANELA','',NULL,NULL,5,'INPORTAÇÃO',NULL,'33903812000104'),(125,243,25,1889.52,0.00,0.00,1,'MESA REDONDA 90 TROIA - COR CANELA','',NULL,NULL,4,'INPORTAÇÃO',NULL,'33903812000104'),(126,244,24,1050.22,0.00,0.00,1,'BANCO 29 MM 162X35 CANELA/FLORA C/ PES TORNEADOS - COR OREGON','',NULL,NULL,3,'INPORTAÇÃO',NULL,'33903812000104'),(127,245,24,1050.22,0.00,0.00,1,'BANCO 29 MM 162X35 CANELA/FLORA C/ PES TORNEADOS - COR OREGON','',NULL,NULL,3,'INPORTAÇÃO',NULL,'33903812000104'),(128,245,23,2499.37,0.00,0.00,1,'MESA 50 MM 180X90 FLORA PES TORNEADOS 720 - COR OREGON','',NULL,NULL,2,'INPORTAÇÃO',NULL,'33903812000104'),(130,246,24,1050.22,0.00,0.00,1,'BANCO 29 MM 162X35 CANELA/FLORA C/ PES TORNEADOS - COR OREGON','',NULL,NULL,3,'INPORTAÇÃO',NULL,'33903812000104'),(131,249,23,2499.37,0.00,0.00,1,'MESA 50 MM 180X90 FLORA PES TORNEADOS 720 - COR OREGON','',NULL,NULL,2,'INPORTAÇÃO',NULL,'33903812000104'),(132,248,23,2499.37,0.00,0.00,1,'MESA 50 MM 180X90 FLORA PES TORNEADOS 720 - COR OREGON','',NULL,NULL,2,'INPORTAÇÃO',NULL,'33903812000104'),(133,250,23,2499.37,0.00,0.00,1,'MESA 50 MM 180X90 FLORA PES TORNEADOS 720 - COR OREGON','',NULL,NULL,2,'INPORTAÇÃO',NULL,'33903812000104'),(134,250,23,2499.37,0.00,0.00,1,'MESA 50 MM 180X90 FLORA PES TORNEADOS 720 - COR OREGON','',NULL,NULL,2,'INPORTAÇÃO',NULL,'33903812000104'),(135,251,24,1050.22,0.00,0.00,1,'BANCO 29 MM 162X35 CANELA/FLORA C/ PES TORNEADOS - COR OREGON','',NULL,NULL,3,'INPORTAÇÃO',NULL,'33903812000104'),(136,251,23,2499.37,0.00,0.00,1,'MESA 50 MM 180X90 FLORA PES TORNEADOS 720 - COR OREGON','',NULL,NULL,2,'INPORTAÇÃO',NULL,'33903812000104'),(137,252,23,2499.37,0.00,0.00,1,'MESA 50 MM 180X90 FLORA PES TORNEADOS 720 - COR OREGON','',NULL,NULL,2,'INPORTAÇÃO',NULL,'33903812000104'),(138,252,25,1889.52,0.00,0.00,1,'MESA REDONDA 90 TROIA - COR CANELA','',NULL,NULL,4,'INPORTAÇÃO',NULL,'33903812000104'),(139,253,22,603.50,0.00,0.00,1,'CADEIRA VALENCIA - COR OREGON - TECIDO 303','',NULL,NULL,1,'INPORTAÇÃO',NULL,'33903812000104');

--
-- Table structure for table `venda_pdv_produto_fiscal`
--

CREATE TABLE `venda_pdv_produto_fiscal` (
  `codigo` int(10) unsigned NOT NULL,
  `CFOP` varchar(45) COLLATE utf8mb4_unicode_ci DEFAULT NULL,
  `NCM` varchar(45) COLLATE utf8mb4_unicode_ci DEFAULT NULL,
  `CEST` varchar(45) COLLATE utf8mb4_unicode_ci DEFAULT NULL,
  `CST` varchar(45) COLLATE utf8mb4_unicode_ci DEFAULT NULL,
  `cfop_fora` varchar(50) COLLATE utf8mb4_unicode_ci DEFAULT NULL,
  `modBC` int(1) DEFAULT NULL,
  `vBC` decimal(20,6) DEFAULT NULL,
  `pRedBC` decimal(20,6) DEFAULT NULL,
  `pICMS` decimal(20,6) DEFAULT NULL,
  `vICMS` decimal(20,6) DEFAULT NULL,
  `pCredSN` decimal(20,6) DEFAULT NULL,
  `vCredICMSSN` decimal(20,6) DEFAULT NULL,
  `modBCST` decimal(20,6) DEFAULT NULL,
  `pMVAST` decimal(20,6) DEFAULT NULL,
  `pICMSST` decimal(20,6) DEFAULT NULL,
  `pRedBCST` decimal(20,6) DEFAULT NULL,
  `vICMSST` decimal(20,6) DEFAULT NULL,
  `vBCSTRet` decimal(20,6) DEFAULT NULL,
  `vBCPIS` decimal(20,6) DEFAULT NULL,
  `vPIS` decimal(20,6) DEFAULT NULL,
  `pPIS` decimal(15,4) DEFAULT NULL,
  `qBCProdPIS` decimal(20,6) DEFAULT NULL,
  `CSTPIS` varchar(50) COLLATE utf8mb4_unicode_ci DEFAULT NULL,
  `qBCProdCOFINS` decimal(20,6) DEFAULT NULL,
  `pCOFINS` decimal(20,6) DEFAULT NULL,
  `vCOFINS` decimal(20,6) DEFAULT NULL,
  `vBCST` decimal(20,6) DEFAULT NULL,
  `vICMSSTRet` decimal(20,6) DEFAULT NULL,
  `vAliqProdPIS` decimal(20,6) DEFAULT NULL,
  `vBCCOFINS` decimal(20,6) DEFAULT NULL,
  `vAliqProdCOFINS` decimal(20,6) DEFAULT NULL,
  `CSTCOFINS` varchar(50) COLLATE utf8mb4_unicode_ci DEFAULT NULL,
  PRIMARY KEY (`codigo`)
) ENGINE=InnoDB DEFAULT CHARSET=utf8mb4 COLLATE=utf8mb4_unicode_ci;

--
-- Dumping data for table `venda_pdv_produto_fiscal`
--


--
-- Table structure for table `vrs`
--

CREATE TABLE `vrs` (
  `versao` varchar(20) DEFAULT NULL
) ENGINE=InnoDB DEFAULT CHARSET=latin1 PACK_KEYS=0;

--
-- Dumping data for table `vrs`
--

INSERT INTO `vrs` VALUES ('1.0.0.0');

--
-- Table structure for table `zone`
--

CREATE TABLE `zone` (
  `id` int(11) NOT NULL AUTO_INCREMENT COMMENT 'ID',
  `id_state` int(11) NOT NULL COMMENT 'State',
  `title` varchar(80) NOT NULL COMMENT 'Title',
  `iso` varchar(80) NOT NULL COMMENT 'ISO Code',
  `iso_name` varchar(80) NOT NULL COMMENT 'ISO Name',
  `created_at` datetime DEFAULT NULL COMMENT 'Created At',
  `updated_at` datetime DEFAULT NULL COMMENT 'Updated At',
  `status` enum('0','1') NOT NULL DEFAULT '1' COMMENT 'Status',
  PRIMARY KEY (`id`),
  KEY `id_state_region` (`id_state`)
) ENGINE=InnoDB AUTO_INCREMENT=68 DEFAULT CHARSET=latin1;

--
-- Dumping data for table `zone`
--

INSERT INTO `zone` VALUES (1,1,'Acre','68','DDD',NULL,NULL,'1'),(2,2,'Alagoas','82','DDD',NULL,NULL,'1'),(3,3,'Região de Manaus','92','DDD',NULL,NULL,'1'),(4,3,'Leste do Amazonas','97','DDD',NULL,NULL,'1'),(5,4,'Amapá','96','DDD',NULL,NULL,'1'),(6,5,'Salvador','71','DDD',NULL,NULL,'1'),(7,5,'Sul da Bahia','73','DDD',NULL,NULL,'1'),(8,5,'Juazeiro, Jacobina e região','74','DDD',NULL,NULL,'1'),(9,5,'F. de Santana, Alagoinhas e região','75','DDD',NULL,NULL,'1'),(10,5,'V da Conquista, Barreiras e região','77','DDD',NULL,NULL,'1'),(11,6,'Fortaleza e região','85','DDD',NULL,NULL,'1'),(12,6,'Juazeiro do Norte, Sobral e região','88','DDD',NULL,NULL,'1'),(13,7,'Distrito Federal e região','61','DDD',NULL,NULL,'1'),(14,8,'Norte do Espírito Santo','27','DDD',NULL,NULL,'1'),(15,8,'Sul do Espírito Santo','28','DDD',NULL,NULL,'1'),(16,9,'Grande Goiânia e Anápolis','62','DDD',NULL,NULL,'1'),(17,9,'Rio Verde, Caldas Novas e região','64','DDD',NULL,NULL,'1'),(18,10,'Região de São Luís','98','DDD',NULL,NULL,'1'),(19,10,'Imperatriz, Caxias e região','99','DDD',NULL,NULL,'1'),(20,11,'Belo Horizonte e região','31','DDD',NULL,NULL,'1'),(21,11,'Juiz de Fora e região','32','DDD',NULL,NULL,'1'),(22,11,'Gov. Valadares, T. Otoni e região','33','DDD',NULL,NULL,'1'),(23,11,'Uberlândia, Uberaba e região','34','DDD',NULL,NULL,'1'),(24,11,'Poços de Caldas e Varginha','35','DDD',NULL,NULL,'1'),(25,11,'Divinópolis e região','37','DDD',NULL,NULL,'1'),(26,11,'Mtes Claros, Diamantina e região','38','DDD',NULL,NULL,'1'),(27,12,'Mato Grosso do Sul','67','DDD',NULL,NULL,'1'),(28,13,'Cuiabá e região','65','DDD',NULL,NULL,'1'),(29,13,'Rondonópolis, Sinop e região','66','DDD',NULL,NULL,'1'),(30,14,'Região de Belém','91','DDD',NULL,NULL,'1'),(31,14,'Região de Santarém','93','DDD',NULL,NULL,'1'),(32,14,'Região de Marabá','94','DDD',NULL,NULL,'1'),(33,15,'Paraíba','83','DDD',NULL,NULL,'1'),(34,16,'Grande Recife','81','DDD',NULL,NULL,'1'),(35,16,'Petrolina, Garanhuns e região','87','DDD',NULL,NULL,'1'),(36,17,'Teresina, Parnaíba e região','86','DDD',NULL,NULL,'1'),(37,17,'Picos, Floriano e região','89','DDD',NULL,NULL,'1'),(38,18,'Curitiba e região','41','DDD',NULL,NULL,'1'),(39,18,'Pta Grossa, Guarapuava e região','42','DDD',NULL,NULL,'1'),(40,18,'Londrina e região','43','DDD',NULL,NULL,'1'),(41,18,'Maringá e região','44','DDD',NULL,NULL,'1'),(42,18,'Foz do Iguaçu, Cascavel e região','45','DDD',NULL,NULL,'1'),(43,18,'F. Beltrão e Pato Branco e região','46','DDD',NULL,NULL,'1'),(44,19,'Rio de Janeiro e região','21','DDD',NULL,NULL,'1'),(45,19,'Norte do Estado e Região dos Lagos','22','DDD',NULL,NULL,'1'),(46,19,'Serra, Angra dos Reis e região','24','DDD',NULL,NULL,'1'),(47,20,'Rio Grande do Norte','84','DDD',NULL,NULL,'1'),(48,21,'Rondônia','69','DDD',NULL,NULL,'1'),(49,22,'Roraima','95','DDD',NULL,NULL,'1'),(50,23,'Porto Alegre e região','51','DDD',NULL,NULL,'1'),(51,23,'Pelotas, Bagé, Rio Gde e região','53','DDD',NULL,NULL,'1'),(52,23,'Caxias do Sul e região','54','DDD',NULL,NULL,'1'),(53,23,'Sta Maria, Cruz Alta e região','55','DDD',NULL,NULL,'1'),(54,24,'Norte de Santa Catarina','47','DDD',NULL,NULL,'1'),(55,24,'Florianópolis e região','48','DDD',NULL,NULL,'1'),(56,24,'Oeste de Santa Catarina','49','DDD',NULL,NULL,'1'),(57,25,'Sergipe','79','DDD',NULL,NULL,'1'),(58,26,'São Paulo e região','11','DDD',NULL,NULL,'1'),(59,26,'V. do Paraíba e Litoral Norte','12','DDD',NULL,NULL,'1'),(60,26,'Baixada Santista e Litoral Sul','13','DDD',NULL,NULL,'1'),(61,26,'Bauru, Marília e região','14','DDD',NULL,NULL,'1'),(62,26,'Sorocaba e região','15','DDD',NULL,NULL,'1'),(63,26,'Ribeirão Preto e região','16','DDD',NULL,NULL,'1'),(64,26,'S. José do Rio Preto e região','17','DDD',NULL,NULL,'1'),(65,26,'Presidente Prudente e região','18','DDD',NULL,NULL,'1'),(66,26,'Grande Campinas','19','DDD',NULL,NULL,'1'),(67,27,'Tocantins','63','DDD',NULL,NULL,'1');


